[INFO] cloning repository https://github.com/E-S-A-Group-Inc/starship-clone
[INFO] running `Command { std: "git" "-c" "credential.helper=" "-c" "credential.helper=/workspace/cargo-home/bin/git-credential-null" "clone" "--bare" "https://github.com/E-S-A-Group-Inc/starship-clone" "/workspace/cache/git-repos/https%3A%2F%2Fgithub.com%2FE-S-A-Group-Inc%2Fstarship-clone", kill_on_drop: false }`
[INFO] [stderr] Cloning into bare repository '/workspace/cache/git-repos/https%3A%2F%2Fgithub.com%2FE-S-A-Group-Inc%2Fstarship-clone'...
[INFO] running `Command { std: "git" "rev-parse" "HEAD", kill_on_drop: false }`
[INFO] [stdout] 54aa9cc9a476dd228f94b9b8fcf72f997a32cb11
[INFO] building E-S-A-Group-Inc/starship-clone against master#881c1ac408d93bb7adaa3a51dabab9266e82eee8 for issue-85264
[INFO] running `Command { std: "git" "clone" "/workspace/cache/git-repos/https%3A%2F%2Fgithub.com%2FE-S-A-Group-Inc%2Fstarship-clone" "/workspace/builds/worker-7/source", kill_on_drop: false }`
[INFO] [stderr] Cloning into '/workspace/builds/worker-7/source'...
[INFO] [stderr] done.
[INFO] validating manifest of git repo https://github.com/E-S-A-Group-Inc/starship-clone on toolchain 881c1ac408d93bb7adaa3a51dabab9266e82eee8
[INFO] running `Command { std: "/workspace/cargo-home/bin/cargo" "+881c1ac408d93bb7adaa3a51dabab9266e82eee8" "metadata" "--manifest-path" "Cargo.toml" "--no-deps", kill_on_drop: false }`
[INFO] started tweaking git repo https://github.com/E-S-A-Group-Inc/starship-clone
[INFO] finished tweaking git repo https://github.com/E-S-A-Group-Inc/starship-clone
[INFO] tweaked toml for git repo https://github.com/E-S-A-Group-Inc/starship-clone written to /workspace/builds/worker-7/source/Cargo.toml
[INFO] crate git repo https://github.com/E-S-A-Group-Inc/starship-clone already has a lockfile, it will not be regenerated
[INFO] running `Command { std: "/workspace/cargo-home/bin/cargo" "+881c1ac408d93bb7adaa3a51dabab9266e82eee8" "fetch" "--manifest-path" "Cargo.toml", kill_on_drop: false }`
[INFO] [stderr]     Blocking waiting for file lock on package cache
[INFO] [stderr]     Blocking waiting for file lock on package cache
[INFO] [stderr]  Downloading crates ...
[INFO] [stderr]   Downloaded proc-macro2 v1.0.4
[INFO] [stderr]   Downloaded backtrace v0.3.38
[INFO] [stderr]   Downloaded serde_json v1.0.41
[INFO] [stderr]   Downloaded gethostname v0.2.0
[INFO] [stderr]   Downloaded serde v1.0.101
[INFO] [stderr]   Downloaded bitflags v1.2.0
[INFO] [stderr]   Downloaded sysinfo v0.9.5
[INFO] [stderr]   Downloaded uom v0.23.1
[INFO] [stderr]   Downloaded toml v0.5.4
[INFO] [stderr]   Downloaded git2 v0.10.1
[INFO] [stderr]   Downloaded battery v0.7.4
[INFO] [stderr]   Downloaded blake2b_simd v0.5.8
[INFO] [stderr]   Downloaded libgit2-sys v0.9.1
[INFO] running `Command { std: "docker" "create" "-v" "/var/lib/crater-agent-workspace/builds/worker-7/target:/opt/rustwide/target:rw,Z" "-v" "/var/lib/crater-agent-workspace/builds/worker-7/source:/opt/rustwide/workdir:ro,Z" "-v" "/var/lib/crater-agent-workspace/cargo-home:/opt/rustwide/cargo-home:ro,Z" "-v" "/var/lib/crater-agent-workspace/rustup-home:/opt/rustwide/rustup-home:ro,Z" "-e" "SOURCE_DIR=/opt/rustwide/workdir" "-e" "CARGO_TARGET_DIR=/opt/rustwide/target" "-e" "CARGO_HOME=/opt/rustwide/cargo-home" "-e" "RUSTUP_HOME=/opt/rustwide/rustup-home" "-w" "/opt/rustwide/workdir" "-m" "1610612736" "--user" "0:0" "--network" "none" "ghcr.io/rust-lang/crates-build-env/linux@sha256:20528e8c29e4536546f0102ce88568b16ea7538393a33fcca951030f7af10457" "/opt/rustwide/cargo-home/bin/cargo" "+881c1ac408d93bb7adaa3a51dabab9266e82eee8" "metadata" "--no-deps" "--format-version=1", kill_on_drop: false }`
[INFO] [stdout] 1fc7f4c7f7d80651e3ec2b37474a9a41641fc3d5e875d2a9ae8e17358b642468
[INFO] [stderr] WARNING: Your kernel does not support swap limit capabilities or the cgroup is not mounted. Memory limited without swap.
[INFO] running `Command { std: "docker" "start" "-a" "1fc7f4c7f7d80651e3ec2b37474a9a41641fc3d5e875d2a9ae8e17358b642468", kill_on_drop: false }`
[INFO] running `Command { std: "docker" "inspect" "1fc7f4c7f7d80651e3ec2b37474a9a41641fc3d5e875d2a9ae8e17358b642468", kill_on_drop: false }`
[INFO] running `Command { std: "docker" "rm" "-f" "1fc7f4c7f7d80651e3ec2b37474a9a41641fc3d5e875d2a9ae8e17358b642468", kill_on_drop: false }`
[INFO] [stdout] 1fc7f4c7f7d80651e3ec2b37474a9a41641fc3d5e875d2a9ae8e17358b642468
[INFO] running `Command { std: "docker" "create" "-v" "/var/lib/crater-agent-workspace/builds/worker-7/target:/opt/rustwide/target:rw,Z" "-v" "/var/lib/crater-agent-workspace/builds/worker-7/source:/opt/rustwide/workdir:ro,Z" "-v" "/var/lib/crater-agent-workspace/cargo-home:/opt/rustwide/cargo-home:ro,Z" "-v" "/var/lib/crater-agent-workspace/rustup-home:/opt/rustwide/rustup-home:ro,Z" "-e" "SOURCE_DIR=/opt/rustwide/workdir" "-e" "CARGO_TARGET_DIR=/opt/rustwide/target" "-e" "CARGO_INCREMENTAL=0" "-e" "RUST_BACKTRACE=full" "-e" "RUSTFLAGS=--cap-lints=forbid" "-e" "CARGO_HOME=/opt/rustwide/cargo-home" "-e" "RUSTUP_HOME=/opt/rustwide/rustup-home" "-w" "/opt/rustwide/workdir" "-m" "1610612736" "--user" "0:0" "--network" "none" "ghcr.io/rust-lang/crates-build-env/linux@sha256:20528e8c29e4536546f0102ce88568b16ea7538393a33fcca951030f7af10457" "/opt/rustwide/cargo-home/bin/cargo" "+881c1ac408d93bb7adaa3a51dabab9266e82eee8" "build" "--frozen" "--message-format=json", kill_on_drop: false }`
[INFO] [stdout] ff69a32cab004367070f0035fc84e0b06cd14730bb63174e0db4688936c1c592
[INFO] [stderr] WARNING: Your kernel does not support swap limit capabilities or the cgroup is not mounted. Memory limited without swap.
[INFO] running `Command { std: "docker" "start" "-a" "ff69a32cab004367070f0035fc84e0b06cd14730bb63174e0db4688936c1c592", kill_on_drop: false }`
[INFO] [stderr]    Compiling libc v0.2.62
[INFO] [stderr]    Compiling log v0.4.8
[INFO] [stderr]    Compiling autocfg v0.1.6
[INFO] [stderr]    Compiling arrayvec v0.4.11
[INFO] [stderr]    Compiling pkg-config v0.3.16
[INFO] [stderr]    Compiling proc-macro2 v1.0.4
[INFO] [stderr]    Compiling scopeguard v1.0.0
[INFO] [stderr]    Compiling serde v1.0.101
[INFO] [stderr]    Compiling typenum v1.11.2
[INFO] [stderr]    Compiling rayon-core v1.6.0
[INFO] [stderr]    Compiling bitflags v1.2.0
[INFO] [stderr]    Compiling regex-syntax v0.6.12
[INFO] [stderr]    Compiling syn v1.0.5
[INFO] [stderr]    Compiling doc-comment v0.3.1
[INFO] [stderr]    Compiling either v1.5.3
[INFO] [stderr]    Compiling battery v0.7.4
[INFO] [stderr]    Compiling unicode-width v0.1.6
[INFO] [stderr]    Compiling sysinfo v0.9.5
[INFO] [stderr]    Compiling static_assertions v0.3.4
[INFO] [stderr]    Compiling termcolor v1.0.5
[INFO] [stderr]    Compiling linked-hash-map v0.5.2
[INFO] [stderr]    Compiling vec_map v0.8.1
[INFO] [stderr]    Compiling ansi_term v0.11.0
[INFO] [stderr]    Compiling strsim v0.8.0
[INFO] [stderr]    Compiling path-slash v0.1.1
[INFO] [stderr]    Compiling byte-unit v3.0.3
[INFO] [stderr]    Compiling ansi_term v0.12.1
[INFO] [stderr]    Compiling once_cell v1.2.0
[INFO] [stderr]    Compiling unicode-segmentation v1.3.0
[INFO] [stderr]    Compiling crossbeam-utils v0.6.6
[INFO] [stderr]    Compiling thread_local v0.3.6
[INFO] [stderr]    Compiling humantime v1.3.0
[INFO] [stderr]    Compiling nom v5.0.1
[INFO] [stderr]    Compiling idna v0.2.0
[INFO] [stderr]    Compiling memoffset v0.5.1
[INFO] [stderr]    Compiling lexical-core v0.4.6
[INFO] [stderr]    Compiling aho-corasick v0.7.6
[INFO] [stderr]    Compiling textwrap v0.11.0
[INFO] [stderr]    Compiling yaml-rust v0.4.3
[INFO] [stderr]    Compiling num-traits v0.2.8
[INFO] [stderr]    Compiling num-integer v0.1.41
[INFO] [stderr]    Compiling crossbeam-queue v0.1.2
[INFO] [stderr]    Compiling url v2.1.0
[INFO] [stderr]    Compiling crossbeam-epoch v0.7.2
[INFO] [stderr]    Compiling quote v1.0.2
[INFO] [stderr]    Compiling num_cpus v1.10.1
[INFO] [stderr]    Compiling jobserver v0.1.17
[INFO] [stderr]    Compiling atty v0.2.13
[INFO] [stderr]    Compiling time v0.1.42
[INFO] [stderr]    Compiling dirs-sys v0.3.4
[INFO] [stderr]    Compiling gethostname v0.2.0
[INFO] [stderr]    Compiling clap v2.33.0
[INFO] [stderr]    Compiling dirs v2.0.2
[INFO] [stderr]    Compiling cc v1.0.45
[INFO] [stderr]    Compiling regex v1.3.1
[INFO] [stderr]    Compiling crossbeam-deque v0.7.1
[INFO] [stdout] error[E0308]: mismatched types
[INFO] [stdout]    --> /opt/rustwide/cargo-home/registry/src/github.com-1ecc6299db9ec823/lexical-core-0.4.6/src/atof/algorithm/bigcomp.rs:243:55
[INFO] [stdout]     |
[INFO] [stdout] 243 |     let nlz = den.leading_zeros().wrapping_sub(wlz) & (u32::BITS - 1);
[INFO] [stdout]     |                                                       ^^^^^^^^^^^^^^^ expected `usize`, found `u32`
[INFO] [stdout] 
[INFO] [stdout] 
[INFO] [stderr]    Compiling uom v0.23.1
[INFO] [stdout] error[E0277]: no implementation for `usize & u32`
[INFO] [stdout]    --> /opt/rustwide/cargo-home/registry/src/github.com-1ecc6299db9ec823/lexical-core-0.4.6/src/atof/algorithm/bigcomp.rs:243:53
[INFO] [stdout]     |
[INFO] [stdout] 243 |     let nlz = den.leading_zeros().wrapping_sub(wlz) & (u32::BITS - 1);
[INFO] [stdout]     |                                                     ^ no implementation for `usize & u32`
[INFO] [stdout]     |
[INFO] [stdout]     = help: the trait `BitAnd<u32>` is not implemented for `usize`
[INFO] [stdout] 
[INFO] [stdout] 
[INFO] [stdout] error[E0308]: mismatched types
[INFO] [stdout]    --> /opt/rustwide/cargo-home/registry/src/github.com-1ecc6299db9ec823/lexical-core-0.4.6/src/atof/algorithm/bigcomp.rs:261:40
[INFO] [stdout]     |
[INFO] [stdout] 261 |         let (q, r) = shift.ceil_divmod(Limb::BITS);
[INFO] [stdout]     |                                        ^^^^^^^^^^ expected `usize`, found `u32`
[INFO] [stdout]     |
[INFO] [stdout] help: you can convert a `u32` to a `usize` and panic if the converted value doesn't fit
[INFO] [stdout]     |
[INFO] [stdout] 261 |         let (q, r) = shift.ceil_divmod(Limb::BITS.try_into().unwrap());
[INFO] [stdout]     |                                        ^^^^^^^^^^^^^^^^^^^^^^^^^^^^^^
[INFO] [stdout] 
[INFO] [stdout] 
[INFO] [stdout] error[E0308]: mismatched types
[INFO] [stdout]   --> /opt/rustwide/cargo-home/registry/src/github.com-1ecc6299db9ec823/lexical-core-0.4.6/src/atof/algorithm/bigint.rs:85:24
[INFO] [stdout]    |
[INFO] [stdout] 85 |     let bytes = bits / Limb::BITS;
[INFO] [stdout]    |                        ^^^^^^^^^^ expected `usize`, found `u32`
[INFO] [stdout] 
[INFO] [stdout] 
[INFO] [stdout] error[E0277]: cannot divide `usize` by `u32`
[INFO] [stdout]   --> /opt/rustwide/cargo-home/registry/src/github.com-1ecc6299db9ec823/lexical-core-0.4.6/src/atof/algorithm/bigint.rs:85:22
[INFO] [stdout]    |
[INFO] [stdout] 85 |     let bytes = bits / Limb::BITS;
[INFO] [stdout]    |                      ^ no implementation for `usize / u32`
[INFO] [stdout]    |
[INFO] [stdout]    = help: the trait `Div<u32>` is not implemented for `usize`
[INFO] [stdout] 
[INFO] [stdout] 
[INFO] [stderr]    Compiling env_logger v0.6.2
[INFO] [stdout] error[E0308]: mismatched types
[INFO] [stdout]     --> /opt/rustwide/cargo-home/registry/src/github.com-1ecc6299db9ec823/lexical-core-0.4.6/src/atof/algorithm/math.rs:1045:42
[INFO] [stdout]      |
[INFO] [stdout] 1045 |     let mut count = index.saturating_mul(Limb::BITS);
[INFO] [stdout]      |                                          ^^^^^^^^^^ expected `usize`, found `u32`
[INFO] [stdout]      |
[INFO] [stdout] help: you can convert a `u32` to a `usize` and panic if the converted value doesn't fit
[INFO] [stdout]      |
[INFO] [stdout] 1045 |     let mut count = index.saturating_mul(Limb::BITS.try_into().unwrap());
[INFO] [stdout]      |                                          ^^^^^^^^^^^^^^^^^^^^^^^^^^^^^^
[INFO] [stdout] 
[INFO] [stdout] 
[INFO] [stdout] error[E0308]: mismatched types
[INFO] [stdout]     --> /opt/rustwide/cargo-home/registry/src/github.com-1ecc6299db9ec823/lexical-core-0.4.6/src/atof/algorithm/math.rs:1060:28
[INFO] [stdout]      |
[INFO] [stdout] 1060 |     Limb::BITS.checked_mul(x.len())
[INFO] [stdout]      |                            ^^^^^^^ expected `u32`, found `usize`
[INFO] [stdout]      |
[INFO] [stdout] help: you can convert a `usize` to a `u32` and panic if the converted value doesn't fit
[INFO] [stdout]      |
[INFO] [stdout] 1060 |     Limb::BITS.checked_mul(x.len().try_into().unwrap())
[INFO] [stdout]      |                            ^^^^^^^^^^^^^^^^^^^^^^^^^^^
[INFO] [stdout] 
[INFO] [stdout] 
[INFO] [stdout] error[E0308]: mismatched types
[INFO] [stdout]     --> /opt/rustwide/cargo-home/registry/src/github.com-1ecc6299db9ec823/lexical-core-0.4.6/src/atof/algorithm/math.rs:1061:22
[INFO] [stdout]      |
[INFO] [stdout] 1061 |         .map(|v| v - nlz)
[INFO] [stdout]      |                      ^^^ expected `u32`, found `usize`
[INFO] [stdout] 
[INFO] [stdout] 
[INFO] [stdout] error[E0277]: cannot subtract `usize` from `u32`
[INFO] [stdout]     --> /opt/rustwide/cargo-home/registry/src/github.com-1ecc6299db9ec823/lexical-core-0.4.6/src/atof/algorithm/math.rs:1061:20
[INFO] [stdout]      |
[INFO] [stdout] 1061 |         .map(|v| v - nlz)
[INFO] [stdout]      |                    ^ no implementation for `u32 - usize`
[INFO] [stdout]      |
[INFO] [stdout]      = help: the trait `Sub<usize>` is not implemented for `u32`
[INFO] [stdout] 
[INFO] [stdout] 
[INFO] [stdout] error[E0308]: mismatched types
[INFO] [stdout]     --> /opt/rustwide/cargo-home/registry/src/github.com-1ecc6299db9ec823/lexical-core-0.4.6/src/atof/algorithm/math.rs:1062:20
[INFO] [stdout]      |
[INFO] [stdout] 1062 |         .unwrap_or(usize::max_value())
[INFO] [stdout]      |                    ^^^^^^^^^^^^^^^^^^ expected `u32`, found `usize`
[INFO] [stdout]      |
[INFO] [stdout] help: you can convert a `usize` to a `u32` and panic if the converted value doesn't fit
[INFO] [stdout]      |
[INFO] [stdout] 1062 |         .unwrap_or(usize::max_value().try_into().unwrap())
[INFO] [stdout]      |                    ^^^^^^^^^^^^^^^^^^^^^^^^^^^^^^^^^^^^^^
[INFO] [stdout] 
[INFO] [stdout] 
[INFO] [stdout] error[E0308]: mismatched types
[INFO] [stdout]     --> /opt/rustwide/cargo-home/registry/src/github.com-1ecc6299db9ec823/lexical-core-0.4.6/src/atof/algorithm/math.rs:1060:5
[INFO] [stdout]      |
[INFO] [stdout] 1056 |   pub fn bit_length(x: &[Limb]) -> usize {
[INFO] [stdout]      |                                    ----- expected `usize` because of return type
[INFO] [stdout] ...
[INFO] [stdout] 1060 | /     Limb::BITS.checked_mul(x.len())
[INFO] [stdout] 1061 | |         .map(|v| v - nlz)
[INFO] [stdout] 1062 | |         .unwrap_or(usize::max_value())
[INFO] [stdout]      | |______________________________________^ expected `usize`, found `u32`
[INFO] [stdout]      |
[INFO] [stdout] help: you can convert a `u32` to a `usize` and panic if the converted value doesn't fit
[INFO] [stdout]      |
[INFO] [stdout] 1060 |     Limb::BITS.checked_mul(x.len())
[INFO] [stdout] 1061 |         .map(|v| v - nlz)
[INFO] [stdout] 1062 |         .unwrap_or(usize::max_value()).try_into().unwrap()
[INFO] [stdout]      |
[INFO] [stdout] 
[INFO] [stdout] 
[INFO] [stdout] error[E0308]: mismatched types
[INFO] [stdout]     --> /opt/rustwide/cargo-home/registry/src/github.com-1ecc6299db9ec823/lexical-core-0.4.6/src/atof/algorithm/math.rs:1087:23
[INFO] [stdout]      |
[INFO] [stdout] 1087 |     debug_assert!(n < bits && n != 0);
[INFO] [stdout]      |                       ^^^^ expected `usize`, found `u32`
[INFO] [stdout]      |
[INFO] [stdout] help: you can convert a `u32` to a `usize` and panic if the converted value doesn't fit
[INFO] [stdout]      |
[INFO] [stdout] 1087 |     debug_assert!(n < bits.try_into().unwrap() && n != 0);
[INFO] [stdout]      |                       ^^^^^^^^^^^^^^^^^^^^^^^^
[INFO] [stdout] 
[INFO] [stdout] 
[INFO] [stdout] error[E0308]: mismatched types
[INFO] [stdout]     --> /opt/rustwide/cargo-home/registry/src/github.com-1ecc6299db9ec823/lexical-core-0.4.6/src/atof/algorithm/math.rs:1094:25
[INFO] [stdout]      |
[INFO] [stdout] 1094 |     let lshift = bits - n;
[INFO] [stdout]      |                         ^ expected `u32`, found `usize`
[INFO] [stdout] 
[INFO] [stdout] 
[INFO] [stdout] error[E0277]: cannot subtract `usize` from `u32`
[INFO] [stdout]     --> /opt/rustwide/cargo-home/registry/src/github.com-1ecc6299db9ec823/lexical-core-0.4.6/src/atof/algorithm/math.rs:1094:23
[INFO] [stdout]      |
[INFO] [stdout] 1094 |     let lshift = bits - n;
[INFO] [stdout]      |                       ^ no implementation for `u32 - usize`
[INFO] [stdout]      |
[INFO] [stdout]      = help: the trait `Sub<usize>` is not implemented for `u32`
[INFO] [stdout] 
[INFO] [stdout] 
[INFO] [stdout] error[E0308]: mismatched types
[INFO] [stdout]     --> /opt/rustwide/cargo-home/registry/src/github.com-1ecc6299db9ec823/lexical-core-0.4.6/src/atof/algorithm/math.rs:1135:19
[INFO] [stdout]      |
[INFO] [stdout] 1135 |     let rem = n % bits;
[INFO] [stdout]      |                   ^^^^ expected `usize`, found `u32`
[INFO] [stdout] 
[INFO] [stdout] 
[INFO] [stdout] error[E0277]: cannot mod `usize` by `u32`
[INFO] [stdout]     --> /opt/rustwide/cargo-home/registry/src/github.com-1ecc6299db9ec823/lexical-core-0.4.6/src/atof/algorithm/math.rs:1135:17
[INFO] [stdout]      |
[INFO] [stdout] 1135 |     let rem = n % bits;
[INFO] [stdout]      |                 ^ no implementation for `usize % u32`
[INFO] [stdout]      |
[INFO] [stdout]      = help: the trait `Rem<u32>` is not implemented for `usize`
[INFO] [stdout] 
[INFO] [stdout] 
[INFO] [stdout] error[E0308]: mismatched types
[INFO] [stdout]     --> /opt/rustwide/cargo-home/registry/src/github.com-1ecc6299db9ec823/lexical-core-0.4.6/src/atof/algorithm/math.rs:1136:19
[INFO] [stdout]      |
[INFO] [stdout] 1136 |     let div = n / bits;
[INFO] [stdout]      |                   ^^^^ expected `usize`, found `u32`
[INFO] [stdout] 
[INFO] [stdout] 
[INFO] [stdout] error[E0277]: cannot divide `usize` by `u32`
[INFO] [stdout]     --> /opt/rustwide/cargo-home/registry/src/github.com-1ecc6299db9ec823/lexical-core-0.4.6/src/atof/algorithm/math.rs:1136:17
[INFO] [stdout]      |
[INFO] [stdout] 1136 |     let div = n / bits;
[INFO] [stdout]      |                 ^ no implementation for `usize / u32`
[INFO] [stdout]      |
[INFO] [stdout]      = help: the trait `Div<u32>` is not implemented for `usize`
[INFO] [stdout] 
[INFO] [stdout] 
[INFO] [stdout] error[E0308]: mismatched types
[INFO] [stdout]     --> /opt/rustwide/cargo-home/registry/src/github.com-1ecc6299db9ec823/lexical-core-0.4.6/src/atof/algorithm/math.rs:1192:23
[INFO] [stdout]      |
[INFO] [stdout] 1192 |     debug_assert!(n < bits);
[INFO] [stdout]      |                       ^^^^ expected `usize`, found `u32`
[INFO] [stdout]      |
[INFO] [stdout] help: you can convert a `u32` to a `usize` and panic if the converted value doesn't fit
[INFO] [stdout]      |
[INFO] [stdout] 1192 |     debug_assert!(n < bits.try_into().unwrap());
[INFO] [stdout]      |                       ^^^^^^^^^^^^^^^^^^^^^^^^
[INFO] [stdout] 
[INFO] [stdout] 
[INFO] [stdout] error[E0308]: mismatched types
[INFO] [stdout]     --> /opt/rustwide/cargo-home/registry/src/github.com-1ecc6299db9ec823/lexical-core-0.4.6/src/atof/algorithm/math.rs:1202:25
[INFO] [stdout]      |
[INFO] [stdout] 1202 |     let rshift = bits - n;
[INFO] [stdout]      |                         ^ expected `u32`, found `usize`
[INFO] [stdout] 
[INFO] [stdout] 
[INFO] [stdout] error[E0277]: cannot subtract `usize` from `u32`
[INFO] [stdout]     --> /opt/rustwide/cargo-home/registry/src/github.com-1ecc6299db9ec823/lexical-core-0.4.6/src/atof/algorithm/math.rs:1202:23
[INFO] [stdout]      |
[INFO] [stdout] 1202 |     let rshift = bits - n;
[INFO] [stdout]      |                       ^ no implementation for `u32 - usize`
[INFO] [stdout]      |
[INFO] [stdout]      = help: the trait `Sub<usize>` is not implemented for `u32`
[INFO] [stdout] 
[INFO] [stdout] 
[INFO] [stdout] error[E0308]: mismatched types
[INFO] [stdout]     --> /opt/rustwide/cargo-home/registry/src/github.com-1ecc6299db9ec823/lexical-core-0.4.6/src/atof/algorithm/math.rs:1254:19
[INFO] [stdout]      |
[INFO] [stdout] 1254 |     let rem = n % bits;
[INFO] [stdout]      |                   ^^^^ expected `usize`, found `u32`
[INFO] [stdout] 
[INFO] [stdout] 
[INFO] [stdout] error[E0277]: cannot mod `usize` by `u32`
[INFO] [stdout]     --> /opt/rustwide/cargo-home/registry/src/github.com-1ecc6299db9ec823/lexical-core-0.4.6/src/atof/algorithm/math.rs:1254:17
[INFO] [stdout]      |
[INFO] [stdout] 1254 |     let rem = n % bits;
[INFO] [stdout]      |                 ^ no implementation for `usize % u32`
[INFO] [stdout]      |
[INFO] [stdout]      = help: the trait `Rem<u32>` is not implemented for `usize`
[INFO] [stdout] 
[INFO] [stdout] 
[INFO] [stdout] error[E0308]: mismatched types
[INFO] [stdout]     --> /opt/rustwide/cargo-home/registry/src/github.com-1ecc6299db9ec823/lexical-core-0.4.6/src/atof/algorithm/math.rs:1255:19
[INFO] [stdout]      |
[INFO] [stdout] 1255 |     let div = n / bits;
[INFO] [stdout]      |                   ^^^^ expected `usize`, found `u32`
[INFO] [stdout] 
[INFO] [stdout] 
[INFO] [stdout] error[E0277]: cannot divide `usize` by `u32`
[INFO] [stdout]     --> /opt/rustwide/cargo-home/registry/src/github.com-1ecc6299db9ec823/lexical-core-0.4.6/src/atof/algorithm/math.rs:1255:17
[INFO] [stdout]      |
[INFO] [stdout] 1255 |     let div = n / bits;
[INFO] [stdout]      |                 ^ no implementation for `usize / u32`
[INFO] [stdout]      |
[INFO] [stdout]      = help: the trait `Div<u32>` is not implemented for `usize`
[INFO] [stdout] 
[INFO] [stdout] 
[INFO] [stdout] error[E0308]: mismatched types
[INFO] [stdout]     --> /opt/rustwide/cargo-home/registry/src/github.com-1ecc6299db9ec823/lexical-core-0.4.6/src/atof/algorithm/math.rs:2066:27
[INFO] [stdout]      |
[INFO] [stdout] 2066 |     let rs = Limb::BITS - s;
[INFO] [stdout]      |                           ^ expected `u32`, found `usize`
[INFO] [stdout] 
[INFO] [stdout] 
[INFO] [stdout] error[E0277]: cannot subtract `usize` from `u32`
[INFO] [stdout]     --> /opt/rustwide/cargo-home/registry/src/github.com-1ecc6299db9ec823/lexical-core-0.4.6/src/atof/algorithm/math.rs:2066:25
[INFO] [stdout]      |
[INFO] [stdout] 2066 |     let rs = Limb::BITS - s;
[INFO] [stdout]      |                         ^ no implementation for `u32 - usize`
[INFO] [stdout]      |
[INFO] [stdout]      = help: the trait `Sub<usize>` is not implemented for `u32`
[INFO] [stdout] 
[INFO] [stdout] 
[INFO] [stdout] error: aborting due to 27 previous errors
[INFO] [stdout] 
[INFO] [stdout] 
[INFO] [stdout] Some errors have detailed explanations: E0277, E0308.
[INFO] [stdout] 
[INFO] [stdout] For more information about an error, try `rustc --explain E0277`.
[INFO] [stdout] 
[INFO] [stderr] error: could not compile `lexical-core`
[INFO] [stderr] 
[INFO] [stderr] To learn more, run the command again with --verbose.
[INFO] [stderr] warning: build failed, waiting for other jobs to finish...
[INFO] [stdout] error[E0277]: the trait bound `L: Integer` is not satisfied
[INFO] [stdout]    --> /opt/rustwide/cargo-home/registry/src/github.com-1ecc6299db9ec823/uom-0.23.1/src/si/mod.rs:133:21
[INFO] [stdout]     |
[INFO] [stdout] 133 |                   for Quantity<
[INFO] [stdout]     |  _____________________^
[INFO] [stdout] 134 | |                     Dimension<L = L, M = M, T = T, I = I, Th = Th, N = N, J = J, Kind = $b>,
[INFO] [stdout] 135 | |                     Ul,
[INFO] [stdout] 136 | |                     V,
[INFO] [stdout] 137 | |                 >
[INFO] [stdout]     | |_________________^ the trait `Integer` is not implemented for `L`
[INFO] [stdout] ...
[INFO] [stdout] 212 |       impl_from!(AngleKind, Kind);
[INFO] [stdout]     |       ---------------------------- in this macro invocation
[INFO] [stdout]     | 
[INFO] [stdout]    ::: /opt/rustwide/cargo-home/registry/src/github.com-1ecc6299db9ec823/uom-0.23.1/src/system.rs:236:20
[INFO] [stdout]     |
[INFO] [stdout] 236 |           pub struct Quantity<D, U, V>
[INFO] [stdout]     |                      -------- required by a bound in this
[INFO] [stdout] 237 |           where
[INFO] [stdout] 238 |               D: Dimension + ?Sized,
[INFO] [stdout]     |                  --------- required by this bound in `si::Quantity`
[INFO] [stdout]     |
[INFO] [stdout]     = note: this error originates in a macro (in Nightly builds, run with -Z macro-backtrace for more info)
[INFO] [stdout] help: consider further restricting type parameter `L`
[INFO] [stdout]     |
[INFO] [stdout] 141 |                 V: ::num_traits::Num + ::Conversion<V>, L: typenum::Integer
[INFO] [stdout]     |                                                       ^^^^^^^^^^^^^^^^^^^^^
[INFO] [stdout] 
[INFO] [stdout] 
[INFO] [stdout] error[E0277]: the trait bound `M: Integer` is not satisfied
[INFO] [stdout]    --> /opt/rustwide/cargo-home/registry/src/github.com-1ecc6299db9ec823/uom-0.23.1/src/si/mod.rs:133:21
[INFO] [stdout]     |
[INFO] [stdout] 133 |                   for Quantity<
[INFO] [stdout]     |  _____________________^
[INFO] [stdout] 134 | |                     Dimension<L = L, M = M, T = T, I = I, Th = Th, N = N, J = J, Kind = $b>,
[INFO] [stdout] 135 | |                     Ul,
[INFO] [stdout] 136 | |                     V,
[INFO] [stdout] 137 | |                 >
[INFO] [stdout]     | |_________________^ the trait `Integer` is not implemented for `M`
[INFO] [stdout] ...
[INFO] [stdout] 212 |       impl_from!(AngleKind, Kind);
[INFO] [stdout]     |       ---------------------------- in this macro invocation
[INFO] [stdout]     | 
[INFO] [stdout]    ::: /opt/rustwide/cargo-home/registry/src/github.com-1ecc6299db9ec823/uom-0.23.1/src/system.rs:236:20
[INFO] [stdout]     |
[INFO] [stdout] 236 |           pub struct Quantity<D, U, V>
[INFO] [stdout]     |                      -------- required by a bound in this
[INFO] [stdout] 237 |           where
[INFO] [stdout] 238 |               D: Dimension + ?Sized,
[INFO] [stdout]     |                  --------- required by this bound in `si::Quantity`
[INFO] [stdout]     |
[INFO] [stdout]     = note: this error originates in a macro (in Nightly builds, run with -Z macro-backtrace for more info)
[INFO] [stdout] help: consider further restricting type parameter `M`
[INFO] [stdout]     |
[INFO] [stdout] 141 |                 V: ::num_traits::Num + ::Conversion<V>, M: typenum::Integer
[INFO] [stdout]     |                                                       ^^^^^^^^^^^^^^^^^^^^^
[INFO] [stdout] 
[INFO] [stdout] 
[INFO] [stdout] error[E0277]: the trait bound `T: Integer` is not satisfied
[INFO] [stdout]    --> /opt/rustwide/cargo-home/registry/src/github.com-1ecc6299db9ec823/uom-0.23.1/src/si/mod.rs:133:21
[INFO] [stdout]     |
[INFO] [stdout] 133 |                   for Quantity<
[INFO] [stdout]     |  _____________________^
[INFO] [stdout] 134 | |                     Dimension<L = L, M = M, T = T, I = I, Th = Th, N = N, J = J, Kind = $b>,
[INFO] [stdout] 135 | |                     Ul,
[INFO] [stdout] 136 | |                     V,
[INFO] [stdout] 137 | |                 >
[INFO] [stdout]     | |_________________^ the trait `Integer` is not implemented for `T`
[INFO] [stdout] ...
[INFO] [stdout] 212 |       impl_from!(AngleKind, Kind);
[INFO] [stdout]     |       ---------------------------- in this macro invocation
[INFO] [stdout]     | 
[INFO] [stdout]    ::: /opt/rustwide/cargo-home/registry/src/github.com-1ecc6299db9ec823/uom-0.23.1/src/system.rs:236:20
[INFO] [stdout]     |
[INFO] [stdout] 236 |           pub struct Quantity<D, U, V>
[INFO] [stdout]     |                      -------- required by a bound in this
[INFO] [stdout] 237 |           where
[INFO] [stdout] 238 |               D: Dimension + ?Sized,
[INFO] [stdout]     |                  --------- required by this bound in `si::Quantity`
[INFO] [stdout]     |
[INFO] [stdout]     = note: this error originates in a macro (in Nightly builds, run with -Z macro-backtrace for more info)
[INFO] [stdout] help: consider further restricting type parameter `T`
[INFO] [stdout]     |
[INFO] [stdout] 141 |                 V: ::num_traits::Num + ::Conversion<V>, T: typenum::Integer
[INFO] [stdout]     |                                                       ^^^^^^^^^^^^^^^^^^^^^
[INFO] [stdout] 
[INFO] [stdout] 
[INFO] [stdout] error[E0277]: the trait bound `I: Integer` is not satisfied
[INFO] [stdout]    --> /opt/rustwide/cargo-home/registry/src/github.com-1ecc6299db9ec823/uom-0.23.1/src/si/mod.rs:133:21
[INFO] [stdout]     |
[INFO] [stdout] 133 |                   for Quantity<
[INFO] [stdout]     |  _____________________^
[INFO] [stdout] 134 | |                     Dimension<L = L, M = M, T = T, I = I, Th = Th, N = N, J = J, Kind = $b>,
[INFO] [stdout] 135 | |                     Ul,
[INFO] [stdout] 136 | |                     V,
[INFO] [stdout] 137 | |                 >
[INFO] [stdout]     | |_________________^ the trait `Integer` is not implemented for `I`
[INFO] [stdout] ...
[INFO] [stdout] 212 |       impl_from!(AngleKind, Kind);
[INFO] [stdout]     |       ---------------------------- in this macro invocation
[INFO] [stdout]     | 
[INFO] [stdout]    ::: /opt/rustwide/cargo-home/registry/src/github.com-1ecc6299db9ec823/uom-0.23.1/src/system.rs:236:20
[INFO] [stdout]     |
[INFO] [stdout] 236 |           pub struct Quantity<D, U, V>
[INFO] [stdout]     |                      -------- required by a bound in this
[INFO] [stdout] 237 |           where
[INFO] [stdout] 238 |               D: Dimension + ?Sized,
[INFO] [stdout]     |                  --------- required by this bound in `si::Quantity`
[INFO] [stdout]     |
[INFO] [stdout]     = note: this error originates in a macro (in Nightly builds, run with -Z macro-backtrace for more info)
[INFO] [stdout] help: consider further restricting type parameter `I`
[INFO] [stdout]     |
[INFO] [stdout] 141 |                 V: ::num_traits::Num + ::Conversion<V>, I: typenum::Integer
[INFO] [stdout]     |                                                       ^^^^^^^^^^^^^^^^^^^^^
[INFO] [stdout] 
[INFO] [stdout] 
[INFO] [stdout] error[E0277]: the trait bound `Th: Integer` is not satisfied
[INFO] [stdout]    --> /opt/rustwide/cargo-home/registry/src/github.com-1ecc6299db9ec823/uom-0.23.1/src/si/mod.rs:133:21
[INFO] [stdout]     |
[INFO] [stdout] 133 |                   for Quantity<
[INFO] [stdout]     |  _____________________^
[INFO] [stdout] 134 | |                     Dimension<L = L, M = M, T = T, I = I, Th = Th, N = N, J = J, Kind = $b>,
[INFO] [stdout] 135 | |                     Ul,
[INFO] [stdout] 136 | |                     V,
[INFO] [stdout] 137 | |                 >
[INFO] [stdout]     | |_________________^ the trait `Integer` is not implemented for `Th`
[INFO] [stdout] ...
[INFO] [stdout] 212 |       impl_from!(AngleKind, Kind);
[INFO] [stdout]     |       ---------------------------- in this macro invocation
[INFO] [stdout]     | 
[INFO] [stdout]    ::: /opt/rustwide/cargo-home/registry/src/github.com-1ecc6299db9ec823/uom-0.23.1/src/system.rs:236:20
[INFO] [stdout]     |
[INFO] [stdout] 236 |           pub struct Quantity<D, U, V>
[INFO] [stdout]     |                      -------- required by a bound in this
[INFO] [stdout] 237 |           where
[INFO] [stdout] 238 |               D: Dimension + ?Sized,
[INFO] [stdout]     |                  --------- required by this bound in `si::Quantity`
[INFO] [stdout]     |
[INFO] [stdout]     = note: this error originates in a macro (in Nightly builds, run with -Z macro-backtrace for more info)
[INFO] [stdout] help: consider further restricting type parameter `Th`
[INFO] [stdout]     |
[INFO] [stdout] 141 |                 V: ::num_traits::Num + ::Conversion<V>, Th: typenum::Integer
[INFO] [stdout]     |                                                       ^^^^^^^^^^^^^^^^^^^^^^
[INFO] [stdout] 
[INFO] [stdout] 
[INFO] [stdout] error[E0277]: the trait bound `N: Integer` is not satisfied
[INFO] [stdout]    --> /opt/rustwide/cargo-home/registry/src/github.com-1ecc6299db9ec823/uom-0.23.1/src/si/mod.rs:133:21
[INFO] [stdout]     |
[INFO] [stdout] 133 |                   for Quantity<
[INFO] [stdout]     |  _____________________^
[INFO] [stdout] 134 | |                     Dimension<L = L, M = M, T = T, I = I, Th = Th, N = N, J = J, Kind = $b>,
[INFO] [stdout] 135 | |                     Ul,
[INFO] [stdout] 136 | |                     V,
[INFO] [stdout] 137 | |                 >
[INFO] [stdout]     | |_________________^ the trait `Integer` is not implemented for `N`
[INFO] [stdout] ...
[INFO] [stdout] 212 |       impl_from!(AngleKind, Kind);
[INFO] [stdout]     |       ---------------------------- in this macro invocation
[INFO] [stdout]     | 
[INFO] [stdout]    ::: /opt/rustwide/cargo-home/registry/src/github.com-1ecc6299db9ec823/uom-0.23.1/src/system.rs:236:20
[INFO] [stdout]     |
[INFO] [stdout] 236 |           pub struct Quantity<D, U, V>
[INFO] [stdout]     |                      -------- required by a bound in this
[INFO] [stdout] 237 |           where
[INFO] [stdout] 238 |               D: Dimension + ?Sized,
[INFO] [stdout]     |                  --------- required by this bound in `si::Quantity`
[INFO] [stdout]     |
[INFO] [stdout]     = note: this error originates in a macro (in Nightly builds, run with -Z macro-backtrace for more info)
[INFO] [stdout] help: consider further restricting type parameter `N`
[INFO] [stdout]     |
[INFO] [stdout] 141 |                 V: ::num_traits::Num + ::Conversion<V>, N: typenum::Integer
[INFO] [stdout]     |                                                       ^^^^^^^^^^^^^^^^^^^^^
[INFO] [stdout] 
[INFO] [stdout] 
[INFO] [stdout] error[E0277]: the trait bound `J: Integer` is not satisfied
[INFO] [stdout]    --> /opt/rustwide/cargo-home/registry/src/github.com-1ecc6299db9ec823/uom-0.23.1/src/si/mod.rs:133:21
[INFO] [stdout]     |
[INFO] [stdout] 133 |                   for Quantity<
[INFO] [stdout]     |  _____________________^
[INFO] [stdout] 134 | |                     Dimension<L = L, M = M, T = T, I = I, Th = Th, N = N, J = J, Kind = $b>,
[INFO] [stdout] 135 | |                     Ul,
[INFO] [stdout] 136 | |                     V,
[INFO] [stdout] 137 | |                 >
[INFO] [stdout]     | |_________________^ the trait `Integer` is not implemented for `J`
[INFO] [stdout] ...
[INFO] [stdout] 212 |       impl_from!(AngleKind, Kind);
[INFO] [stdout]     |       ---------------------------- in this macro invocation
[INFO] [stdout]     | 
[INFO] [stdout]    ::: /opt/rustwide/cargo-home/registry/src/github.com-1ecc6299db9ec823/uom-0.23.1/src/system.rs:236:20
[INFO] [stdout]     |
[INFO] [stdout] 236 |           pub struct Quantity<D, U, V>
[INFO] [stdout]     |                      -------- required by a bound in this
[INFO] [stdout] 237 |           where
[INFO] [stdout] 238 |               D: Dimension + ?Sized,
[INFO] [stdout]     |                  --------- required by this bound in `si::Quantity`
[INFO] [stdout]     |
[INFO] [stdout]     = note: this error originates in a macro (in Nightly builds, run with -Z macro-backtrace for more info)
[INFO] [stdout] help: consider further restricting type parameter `J`
[INFO] [stdout]     |
[INFO] [stdout] 141 |                 V: ::num_traits::Num + ::Conversion<V>, J: typenum::Integer
[INFO] [stdout]     |                                                       ^^^^^^^^^^^^^^^^^^^^^
[INFO] [stdout] 
[INFO] [stdout] 
[INFO] [stdout] error[E0277]: the trait bound `L: Integer` is not satisfied
[INFO] [stdout]    --> /opt/rustwide/cargo-home/registry/src/github.com-1ecc6299db9ec823/uom-0.23.1/src/si/mod.rs:133:21
[INFO] [stdout]     |
[INFO] [stdout] 133 |                   for Quantity<
[INFO] [stdout]     |  _____________________^
[INFO] [stdout] 134 | |                     Dimension<L = L, M = M, T = T, I = I, Th = Th, N = N, J = J, Kind = $b>,
[INFO] [stdout] 135 | |                     Ul,
[INFO] [stdout] 136 | |                     V,
[INFO] [stdout] 137 | |                 >
[INFO] [stdout]     | |_________________^ the trait `Integer` is not implemented for `L`
[INFO] [stdout] ...
[INFO] [stdout] 213 |       impl_from!(Kind, AngleKind);
[INFO] [stdout]     |       ---------------------------- in this macro invocation
[INFO] [stdout]     | 
[INFO] [stdout]    ::: /opt/rustwide/cargo-home/registry/src/github.com-1ecc6299db9ec823/uom-0.23.1/src/system.rs:236:20
[INFO] [stdout]     |
[INFO] [stdout] 236 |           pub struct Quantity<D, U, V>
[INFO] [stdout]     |                      -------- required by a bound in this
[INFO] [stdout] 237 |           where
[INFO] [stdout] 238 |               D: Dimension + ?Sized,
[INFO] [stdout]     |                  --------- required by this bound in `si::Quantity`
[INFO] [stdout]     |
[INFO] [stdout]     = note: this error originates in a macro (in Nightly builds, run with -Z macro-backtrace for more info)
[INFO] [stdout] help: consider further restricting type parameter `L`
[INFO] [stdout]     |
[INFO] [stdout] 141 |                 V: ::num_traits::Num + ::Conversion<V>, L: typenum::Integer
[INFO] [stdout]     |                                                       ^^^^^^^^^^^^^^^^^^^^^
[INFO] [stdout] 
[INFO] [stdout] 
[INFO] [stdout] error[E0277]: the trait bound `M: Integer` is not satisfied
[INFO] [stdout]    --> /opt/rustwide/cargo-home/registry/src/github.com-1ecc6299db9ec823/uom-0.23.1/src/si/mod.rs:133:21
[INFO] [stdout]     |
[INFO] [stdout] 133 |                   for Quantity<
[INFO] [stdout]     |  _____________________^
[INFO] [stdout] 134 | |                     Dimension<L = L, M = M, T = T, I = I, Th = Th, N = N, J = J, Kind = $b>,
[INFO] [stdout] 135 | |                     Ul,
[INFO] [stdout] 136 | |                     V,
[INFO] [stdout] 137 | |                 >
[INFO] [stdout]     | |_________________^ the trait `Integer` is not implemented for `M`
[INFO] [stdout] ...
[INFO] [stdout] 213 |       impl_from!(Kind, AngleKind);
[INFO] [stdout]     |       ---------------------------- in this macro invocation
[INFO] [stdout]     | 
[INFO] [stdout]    ::: /opt/rustwide/cargo-home/registry/src/github.com-1ecc6299db9ec823/uom-0.23.1/src/system.rs:236:20
[INFO] [stdout]     |
[INFO] [stdout] 236 |           pub struct Quantity<D, U, V>
[INFO] [stdout]     |                      -------- required by a bound in this
[INFO] [stdout] 237 |           where
[INFO] [stdout] 238 |               D: Dimension + ?Sized,
[INFO] [stdout]     |                  --------- required by this bound in `si::Quantity`
[INFO] [stdout]     |
[INFO] [stdout]     = note: this error originates in a macro (in Nightly builds, run with -Z macro-backtrace for more info)
[INFO] [stdout] help: consider further restricting type parameter `M`
[INFO] [stdout]     |
[INFO] [stdout] 141 |                 V: ::num_traits::Num + ::Conversion<V>, M: typenum::Integer
[INFO] [stdout]     |                                                       ^^^^^^^^^^^^^^^^^^^^^
[INFO] [stdout] 
[INFO] [stdout] 
[INFO] [stdout] error[E0277]: the trait bound `T: Integer` is not satisfied
[INFO] [stdout]    --> /opt/rustwide/cargo-home/registry/src/github.com-1ecc6299db9ec823/uom-0.23.1/src/si/mod.rs:133:21
[INFO] [stdout]     |
[INFO] [stdout] 133 |                   for Quantity<
[INFO] [stdout]     |  _____________________^
[INFO] [stdout] 134 | |                     Dimension<L = L, M = M, T = T, I = I, Th = Th, N = N, J = J, Kind = $b>,
[INFO] [stdout] 135 | |                     Ul,
[INFO] [stdout] 136 | |                     V,
[INFO] [stdout] 137 | |                 >
[INFO] [stdout]     | |_________________^ the trait `Integer` is not implemented for `T`
[INFO] [stdout] ...
[INFO] [stdout] 213 |       impl_from!(Kind, AngleKind);
[INFO] [stdout]     |       ---------------------------- in this macro invocation
[INFO] [stdout]     | 
[INFO] [stdout]    ::: /opt/rustwide/cargo-home/registry/src/github.com-1ecc6299db9ec823/uom-0.23.1/src/system.rs:236:20
[INFO] [stdout]     |
[INFO] [stdout] 236 |           pub struct Quantity<D, U, V>
[INFO] [stdout]     |                      -------- required by a bound in this
[INFO] [stdout] 237 |           where
[INFO] [stdout] 238 |               D: Dimension + ?Sized,
[INFO] [stdout]     |                  --------- required by this bound in `si::Quantity`
[INFO] [stdout]     |
[INFO] [stdout]     = note: this error originates in a macro (in Nightly builds, run with -Z macro-backtrace for more info)
[INFO] [stdout] help: consider further restricting type parameter `T`
[INFO] [stdout]     |
[INFO] [stdout] 141 |                 V: ::num_traits::Num + ::Conversion<V>, T: typenum::Integer
[INFO] [stdout]     |                                                       ^^^^^^^^^^^^^^^^^^^^^
[INFO] [stdout] 
[INFO] [stdout] 
[INFO] [stdout] error[E0277]: the trait bound `I: Integer` is not satisfied
[INFO] [stdout]    --> /opt/rustwide/cargo-home/registry/src/github.com-1ecc6299db9ec823/uom-0.23.1/src/si/mod.rs:133:21
[INFO] [stdout]     |
[INFO] [stdout] 133 |                   for Quantity<
[INFO] [stdout]     |  _____________________^
[INFO] [stdout] 134 | |                     Dimension<L = L, M = M, T = T, I = I, Th = Th, N = N, J = J, Kind = $b>,
[INFO] [stdout] 135 | |                     Ul,
[INFO] [stdout] 136 | |                     V,
[INFO] [stdout] 137 | |                 >
[INFO] [stdout]     | |_________________^ the trait `Integer` is not implemented for `I`
[INFO] [stdout] ...
[INFO] [stdout] 213 |       impl_from!(Kind, AngleKind);
[INFO] [stdout]     |       ---------------------------- in this macro invocation
[INFO] [stdout]     | 
[INFO] [stdout]    ::: /opt/rustwide/cargo-home/registry/src/github.com-1ecc6299db9ec823/uom-0.23.1/src/system.rs:236:20
[INFO] [stdout]     |
[INFO] [stdout] 236 |           pub struct Quantity<D, U, V>
[INFO] [stdout]     |                      -------- required by a bound in this
[INFO] [stdout] 237 |           where
[INFO] [stdout] 238 |               D: Dimension + ?Sized,
[INFO] [stdout]     |                  --------- required by this bound in `si::Quantity`
[INFO] [stdout]     |
[INFO] [stdout]     = note: this error originates in a macro (in Nightly builds, run with -Z macro-backtrace for more info)
[INFO] [stdout] help: consider further restricting type parameter `I`
[INFO] [stdout]     |
[INFO] [stdout] 141 |                 V: ::num_traits::Num + ::Conversion<V>, I: typenum::Integer
[INFO] [stdout]     |                                                       ^^^^^^^^^^^^^^^^^^^^^
[INFO] [stdout] 
[INFO] [stdout] 
[INFO] [stdout] error[E0277]: the trait bound `Th: Integer` is not satisfied
[INFO] [stdout]    --> /opt/rustwide/cargo-home/registry/src/github.com-1ecc6299db9ec823/uom-0.23.1/src/si/mod.rs:133:21
[INFO] [stdout]     |
[INFO] [stdout] 133 |                   for Quantity<
[INFO] [stdout]     |  _____________________^
[INFO] [stdout] 134 | |                     Dimension<L = L, M = M, T = T, I = I, Th = Th, N = N, J = J, Kind = $b>,
[INFO] [stdout] 135 | |                     Ul,
[INFO] [stdout] 136 | |                     V,
[INFO] [stdout] 137 | |                 >
[INFO] [stdout]     | |_________________^ the trait `Integer` is not implemented for `Th`
[INFO] [stdout] ...
[INFO] [stdout] 213 |       impl_from!(Kind, AngleKind);
[INFO] [stdout]     |       ---------------------------- in this macro invocation
[INFO] [stdout]     | 
[INFO] [stdout]    ::: /opt/rustwide/cargo-home/registry/src/github.com-1ecc6299db9ec823/uom-0.23.1/src/system.rs:236:20
[INFO] [stdout]     |
[INFO] [stdout] 236 |           pub struct Quantity<D, U, V>
[INFO] [stdout]     |                      -------- required by a bound in this
[INFO] [stdout] 237 |           where
[INFO] [stdout] 238 |               D: Dimension + ?Sized,
[INFO] [stdout]     |                  --------- required by this bound in `si::Quantity`
[INFO] [stdout]     |
[INFO] [stdout]     = note: this error originates in a macro (in Nightly builds, run with -Z macro-backtrace for more info)
[INFO] [stdout] help: consider further restricting type parameter `Th`
[INFO] [stdout]     |
[INFO] [stdout] 141 |                 V: ::num_traits::Num + ::Conversion<V>, Th: typenum::Integer
[INFO] [stdout]     |                                                       ^^^^^^^^^^^^^^^^^^^^^^
[INFO] [stdout] 
[INFO] [stdout] 
[INFO] [stdout] error[E0277]: the trait bound `N: Integer` is not satisfied
[INFO] [stdout]    --> /opt/rustwide/cargo-home/registry/src/github.com-1ecc6299db9ec823/uom-0.23.1/src/si/mod.rs:133:21
[INFO] [stdout]     |
[INFO] [stdout] 133 |                   for Quantity<
[INFO] [stdout]     |  _____________________^
[INFO] [stdout] 134 | |                     Dimension<L = L, M = M, T = T, I = I, Th = Th, N = N, J = J, Kind = $b>,
[INFO] [stdout] 135 | |                     Ul,
[INFO] [stdout] 136 | |                     V,
[INFO] [stdout] 137 | |                 >
[INFO] [stdout]     | |_________________^ the trait `Integer` is not implemented for `N`
[INFO] [stdout] ...
[INFO] [stdout] 213 |       impl_from!(Kind, AngleKind);
[INFO] [stdout]     |       ---------------------------- in this macro invocation
[INFO] [stdout]     | 
[INFO] [stdout]    ::: /opt/rustwide/cargo-home/registry/src/github.com-1ecc6299db9ec823/uom-0.23.1/src/system.rs:236:20
[INFO] [stdout]     |
[INFO] [stdout] 236 |           pub struct Quantity<D, U, V>
[INFO] [stdout]     |                      -------- required by a bound in this
[INFO] [stdout] 237 |           where
[INFO] [stdout] 238 |               D: Dimension + ?Sized,
[INFO] [stdout]     |                  --------- required by this bound in `si::Quantity`
[INFO] [stdout]     |
[INFO] [stdout]     = note: this error originates in a macro (in Nightly builds, run with -Z macro-backtrace for more info)
[INFO] [stdout] help: consider further restricting type parameter `N`
[INFO] [stdout]     |
[INFO] [stdout] 141 |                 V: ::num_traits::Num + ::Conversion<V>, N: typenum::Integer
[INFO] [stdout]     |                                                       ^^^^^^^^^^^^^^^^^^^^^
[INFO] [stdout] 
[INFO] [stdout] 
[INFO] [stdout] error[E0277]: the trait bound `J: Integer` is not satisfied
[INFO] [stdout]    --> /opt/rustwide/cargo-home/registry/src/github.com-1ecc6299db9ec823/uom-0.23.1/src/si/mod.rs:133:21
[INFO] [stdout]     |
[INFO] [stdout] 133 |                   for Quantity<
[INFO] [stdout]     |  _____________________^
[INFO] [stdout] 134 | |                     Dimension<L = L, M = M, T = T, I = I, Th = Th, N = N, J = J, Kind = $b>,
[INFO] [stdout] 135 | |                     Ul,
[INFO] [stdout] 136 | |                     V,
[INFO] [stdout] 137 | |                 >
[INFO] [stdout]     | |_________________^ the trait `Integer` is not implemented for `J`
[INFO] [stdout] ...
[INFO] [stdout] 213 |       impl_from!(Kind, AngleKind);
[INFO] [stdout]     |       ---------------------------- in this macro invocation
[INFO] [stdout]     | 
[INFO] [stdout]    ::: /opt/rustwide/cargo-home/registry/src/github.com-1ecc6299db9ec823/uom-0.23.1/src/system.rs:236:20
[INFO] [stdout]     |
[INFO] [stdout] 236 |           pub struct Quantity<D, U, V>
[INFO] [stdout]     |                      -------- required by a bound in this
[INFO] [stdout] 237 |           where
[INFO] [stdout] 238 |               D: Dimension + ?Sized,
[INFO] [stdout]     |                  --------- required by this bound in `si::Quantity`
[INFO] [stdout]     |
[INFO] [stdout]     = note: this error originates in a macro (in Nightly builds, run with -Z macro-backtrace for more info)
[INFO] [stdout] help: consider further restricting type parameter `J`
[INFO] [stdout]     |
[INFO] [stdout] 141 |                 V: ::num_traits::Num + ::Conversion<V>, J: typenum::Integer
[INFO] [stdout]     |                                                       ^^^^^^^^^^^^^^^^^^^^^
[INFO] [stdout] 
[INFO] [stdout] 
[INFO] [stdout] error[E0277]: the trait bound `<<D as si::Dimension>::L as std::ops::Neg>::Output: Integer` is not satisfied
[INFO] [stdout]    --> /opt/rustwide/cargo-home/registry/src/github.com-1ecc6299db9ec823/uom-0.23.1/src/system.rs:723:18
[INFO] [stdout]     |
[INFO] [stdout] 236 |           pub struct Quantity<D, U, V>
[INFO] [stdout]     |                      -------- required by a bound in this
[INFO] [stdout] 237 |           where
[INFO] [stdout] 238 |               D: Dimension + ?Sized,
[INFO] [stdout]     |                  --------- required by this bound in `si::Quantity`
[INFO] [stdout] ...
[INFO] [stdout] 723 |               ) -> Quantity<$quantities<$($crate::typenum::Negate<D::$symbol>),+>, U, V>
[INFO] [stdout]     |                    ^^^^^^^^^^^^^^^^^^^^^^^^^^^^^^^^^^^^^^^^^^^^^^^^^^^^^^^^^^^^^^^^^^^^^ the trait `Integer` is not implemented for `<<D as si::Dimension>::L as std::ops::Neg>::Output`
[INFO] [stdout]     | 
[INFO] [stdout]    ::: /opt/rustwide/cargo-home/registry/src/github.com-1ecc6299db9ec823/uom-0.23.1/src/si/mod.rs:10:1
[INFO] [stdout]     |
[INFO] [stdout] 10  | / system! {
[INFO] [stdout] 11  | |     /// [International System of Quantities](http://jcgm.bipm.org/vim/en/1.6.html) (ISQ).
[INFO] [stdout] 12  | |     quantities: ISQ {
[INFO] [stdout] 13  | |         /// Length, one of the base quantities in the ISQ, denoted by the symbol L. The base unit
[INFO] [stdout] ...   |
[INFO] [stdout] 75  | |     }
[INFO] [stdout] 76  | | }
[INFO] [stdout]     | |_- in this macro invocation
[INFO] [stdout]     |
[INFO] [stdout]     = note: this error originates in a macro (in Nightly builds, run with -Z macro-backtrace for more info)
[INFO] [stdout] 
[INFO] [stdout] 
[INFO] [stdout] error[E0277]: the trait bound `<<D as si::Dimension>::M as std::ops::Neg>::Output: Integer` is not satisfied
[INFO] [stdout]    --> /opt/rustwide/cargo-home/registry/src/github.com-1ecc6299db9ec823/uom-0.23.1/src/system.rs:723:18
[INFO] [stdout]     |
[INFO] [stdout] 236 |           pub struct Quantity<D, U, V>
[INFO] [stdout]     |                      -------- required by a bound in this
[INFO] [stdout] 237 |           where
[INFO] [stdout] 238 |               D: Dimension + ?Sized,
[INFO] [stdout]     |                  --------- required by this bound in `si::Quantity`
[INFO] [stdout] ...
[INFO] [stdout] 723 |               ) -> Quantity<$quantities<$($crate::typenum::Negate<D::$symbol>),+>, U, V>
[INFO] [stdout]     |                    ^^^^^^^^^^^^^^^^^^^^^^^^^^^^^^^^^^^^^^^^^^^^^^^^^^^^^^^^^^^^^^^^^^^^^ the trait `Integer` is not implemented for `<<D as si::Dimension>::M as std::ops::Neg>::Output`
[INFO] [stdout]     | 
[INFO] [stdout]    ::: /opt/rustwide/cargo-home/registry/src/github.com-1ecc6299db9ec823/uom-0.23.1/src/si/mod.rs:10:1
[INFO] [stdout]     |
[INFO] [stdout] 10  | / system! {
[INFO] [stdout] 11  | |     /// [International System of Quantities](http://jcgm.bipm.org/vim/en/1.6.html) (ISQ).
[INFO] [stdout] 12  | |     quantities: ISQ {
[INFO] [stdout] 13  | |         /// Length, one of the base quantities in the ISQ, denoted by the symbol L. The base unit
[INFO] [stdout] ...   |
[INFO] [stdout] 75  | |     }
[INFO] [stdout] 76  | | }
[INFO] [stdout]     | |_- in this macro invocation
[INFO] [stdout]     |
[INFO] [stdout]     = note: this error originates in a macro (in Nightly builds, run with -Z macro-backtrace for more info)
[INFO] [stdout] 
[INFO] [stdout] 
[INFO] [stdout] error[E0277]: the trait bound `<<D as si::Dimension>::T as std::ops::Neg>::Output: Integer` is not satisfied
[INFO] [stdout]    --> /opt/rustwide/cargo-home/registry/src/github.com-1ecc6299db9ec823/uom-0.23.1/src/system.rs:723:18
[INFO] [stdout]     |
[INFO] [stdout] 236 |           pub struct Quantity<D, U, V>
[INFO] [stdout]     |                      -------- required by a bound in this
[INFO] [stdout] 237 |           where
[INFO] [stdout] 238 |               D: Dimension + ?Sized,
[INFO] [stdout]     |                  --------- required by this bound in `si::Quantity`
[INFO] [stdout] ...
[INFO] [stdout] 723 |               ) -> Quantity<$quantities<$($crate::typenum::Negate<D::$symbol>),+>, U, V>
[INFO] [stdout]     |                    ^^^^^^^^^^^^^^^^^^^^^^^^^^^^^^^^^^^^^^^^^^^^^^^^^^^^^^^^^^^^^^^^^^^^^ the trait `Integer` is not implemented for `<<D as si::Dimension>::T as std::ops::Neg>::Output`
[INFO] [stdout]     | 
[INFO] [stdout]    ::: /opt/rustwide/cargo-home/registry/src/github.com-1ecc6299db9ec823/uom-0.23.1/src/si/mod.rs:10:1
[INFO] [stdout]     |
[INFO] [stdout] 10  | / system! {
[INFO] [stdout] 11  | |     /// [International System of Quantities](http://jcgm.bipm.org/vim/en/1.6.html) (ISQ).
[INFO] [stdout] 12  | |     quantities: ISQ {
[INFO] [stdout] 13  | |         /// Length, one of the base quantities in the ISQ, denoted by the symbol L. The base unit
[INFO] [stdout] ...   |
[INFO] [stdout] 75  | |     }
[INFO] [stdout] 76  | | }
[INFO] [stdout]     | |_- in this macro invocation
[INFO] [stdout]     |
[INFO] [stdout]     = note: this error originates in a macro (in Nightly builds, run with -Z macro-backtrace for more info)
[INFO] [stdout] 
[INFO] [stdout] 
[INFO] [stdout] error[E0277]: the trait bound `<<D as si::Dimension>::I as std::ops::Neg>::Output: Integer` is not satisfied
[INFO] [stdout]    --> /opt/rustwide/cargo-home/registry/src/github.com-1ecc6299db9ec823/uom-0.23.1/src/system.rs:723:18
[INFO] [stdout]     |
[INFO] [stdout] 236 |           pub struct Quantity<D, U, V>
[INFO] [stdout]     |                      -------- required by a bound in this
[INFO] [stdout] 237 |           where
[INFO] [stdout] 238 |               D: Dimension + ?Sized,
[INFO] [stdout]     |                  --------- required by this bound in `si::Quantity`
[INFO] [stdout] ...
[INFO] [stdout] 723 |               ) -> Quantity<$quantities<$($crate::typenum::Negate<D::$symbol>),+>, U, V>
[INFO] [stdout]     |                    ^^^^^^^^^^^^^^^^^^^^^^^^^^^^^^^^^^^^^^^^^^^^^^^^^^^^^^^^^^^^^^^^^^^^^ the trait `Integer` is not implemented for `<<D as si::Dimension>::I as std::ops::Neg>::Output`
[INFO] [stdout]     | 
[INFO] [stdout]    ::: /opt/rustwide/cargo-home/registry/src/github.com-1ecc6299db9ec823/uom-0.23.1/src/si/mod.rs:10:1
[INFO] [stdout]     |
[INFO] [stdout] 10  | / system! {
[INFO] [stdout] 11  | |     /// [International System of Quantities](http://jcgm.bipm.org/vim/en/1.6.html) (ISQ).
[INFO] [stdout] 12  | |     quantities: ISQ {
[INFO] [stdout] 13  | |         /// Length, one of the base quantities in the ISQ, denoted by the symbol L. The base unit
[INFO] [stdout] ...   |
[INFO] [stdout] 75  | |     }
[INFO] [stdout] 76  | | }
[INFO] [stdout]     | |_- in this macro invocation
[INFO] [stdout]     |
[INFO] [stdout]     = note: this error originates in a macro (in Nightly builds, run with -Z macro-backtrace for more info)
[INFO] [stdout] 
[INFO] [stdout] 
[INFO] [stdout] error[E0277]: the trait bound `<<D as si::Dimension>::Th as std::ops::Neg>::Output: Integer` is not satisfied
[INFO] [stdout]    --> /opt/rustwide/cargo-home/registry/src/github.com-1ecc6299db9ec823/uom-0.23.1/src/system.rs:723:18
[INFO] [stdout]     |
[INFO] [stdout] 236 |           pub struct Quantity<D, U, V>
[INFO] [stdout]     |                      -------- required by a bound in this
[INFO] [stdout] 237 |           where
[INFO] [stdout] 238 |               D: Dimension + ?Sized,
[INFO] [stdout]     |                  --------- required by this bound in `si::Quantity`
[INFO] [stdout] ...
[INFO] [stdout] 723 |               ) -> Quantity<$quantities<$($crate::typenum::Negate<D::$symbol>),+>, U, V>
[INFO] [stdout]     |                    ^^^^^^^^^^^^^^^^^^^^^^^^^^^^^^^^^^^^^^^^^^^^^^^^^^^^^^^^^^^^^^^^^^^^^ the trait `Integer` is not implemented for `<<D as si::Dimension>::Th as std::ops::Neg>::Output`
[INFO] [stdout]     | 
[INFO] [stdout]    ::: /opt/rustwide/cargo-home/registry/src/github.com-1ecc6299db9ec823/uom-0.23.1/src/si/mod.rs:10:1
[INFO] [stdout]     |
[INFO] [stdout] 10  | / system! {
[INFO] [stdout] 11  | |     /// [International System of Quantities](http://jcgm.bipm.org/vim/en/1.6.html) (ISQ).
[INFO] [stdout] 12  | |     quantities: ISQ {
[INFO] [stdout] 13  | |         /// Length, one of the base quantities in the ISQ, denoted by the symbol L. The base unit
[INFO] [stdout] ...   |
[INFO] [stdout] 75  | |     }
[INFO] [stdout] 76  | | }
[INFO] [stdout]     | |_- in this macro invocation
[INFO] [stdout]     |
[INFO] [stdout]     = note: this error originates in a macro (in Nightly builds, run with -Z macro-backtrace for more info)
[INFO] [stdout] 
[INFO] [stdout] 
[INFO] [stdout] error[E0277]: the trait bound `<<D as si::Dimension>::N as std::ops::Neg>::Output: Integer` is not satisfied
[INFO] [stdout]    --> /opt/rustwide/cargo-home/registry/src/github.com-1ecc6299db9ec823/uom-0.23.1/src/system.rs:723:18
[INFO] [stdout]     |
[INFO] [stdout] 236 |           pub struct Quantity<D, U, V>
[INFO] [stdout]     |                      -------- required by a bound in this
[INFO] [stdout] 237 |           where
[INFO] [stdout] 238 |               D: Dimension + ?Sized,
[INFO] [stdout]     |                  --------- required by this bound in `si::Quantity`
[INFO] [stdout] ...
[INFO] [stdout] 723 |               ) -> Quantity<$quantities<$($crate::typenum::Negate<D::$symbol>),+>, U, V>
[INFO] [stdout]     |                    ^^^^^^^^^^^^^^^^^^^^^^^^^^^^^^^^^^^^^^^^^^^^^^^^^^^^^^^^^^^^^^^^^^^^^ the trait `Integer` is not implemented for `<<D as si::Dimension>::N as std::ops::Neg>::Output`
[INFO] [stdout]     | 
[INFO] [stdout]    ::: /opt/rustwide/cargo-home/registry/src/github.com-1ecc6299db9ec823/uom-0.23.1/src/si/mod.rs:10:1
[INFO] [stdout]     |
[INFO] [stdout] 10  | / system! {
[INFO] [stdout] 11  | |     /// [International System of Quantities](http://jcgm.bipm.org/vim/en/1.6.html) (ISQ).
[INFO] [stdout] 12  | |     quantities: ISQ {
[INFO] [stdout] 13  | |         /// Length, one of the base quantities in the ISQ, denoted by the symbol L. The base unit
[INFO] [stdout] ...   |
[INFO] [stdout] 75  | |     }
[INFO] [stdout] 76  | | }
[INFO] [stdout]     | |_- in this macro invocation
[INFO] [stdout]     |
[INFO] [stdout]     = note: this error originates in a macro (in Nightly builds, run with -Z macro-backtrace for more info)
[INFO] [stdout] 
[INFO] [stdout] 
[INFO] [stdout] error[E0277]: the trait bound `<<D as si::Dimension>::J as std::ops::Neg>::Output: Integer` is not satisfied
[INFO] [stdout]    --> /opt/rustwide/cargo-home/registry/src/github.com-1ecc6299db9ec823/uom-0.23.1/src/system.rs:723:18
[INFO] [stdout]     |
[INFO] [stdout] 236 |           pub struct Quantity<D, U, V>
[INFO] [stdout]     |                      -------- required by a bound in this
[INFO] [stdout] 237 |           where
[INFO] [stdout] 238 |               D: Dimension + ?Sized,
[INFO] [stdout]     |                  --------- required by this bound in `si::Quantity`
[INFO] [stdout] ...
[INFO] [stdout] 723 |               ) -> Quantity<$quantities<$($crate::typenum::Negate<D::$symbol>),+>, U, V>
[INFO] [stdout]     |                    ^^^^^^^^^^^^^^^^^^^^^^^^^^^^^^^^^^^^^^^^^^^^^^^^^^^^^^^^^^^^^^^^^^^^^ the trait `Integer` is not implemented for `<<D as si::Dimension>::J as std::ops::Neg>::Output`
[INFO] [stdout]     | 
[INFO] [stdout]    ::: /opt/rustwide/cargo-home/registry/src/github.com-1ecc6299db9ec823/uom-0.23.1/src/si/mod.rs:10:1
[INFO] [stdout]     |
[INFO] [stdout] 10  | / system! {
[INFO] [stdout] 11  | |     /// [International System of Quantities](http://jcgm.bipm.org/vim/en/1.6.html) (ISQ).
[INFO] [stdout] 12  | |     quantities: ISQ {
[INFO] [stdout] 13  | |         /// Length, one of the base quantities in the ISQ, denoted by the symbol L. The base unit
[INFO] [stdout] ...   |
[INFO] [stdout] 75  | |     }
[INFO] [stdout] 76  | | }
[INFO] [stdout]     | |_- in this macro invocation
[INFO] [stdout]     |
[INFO] [stdout]     = note: this error originates in a macro (in Nightly builds, run with -Z macro-backtrace for more info)
[INFO] [stdout] 
[INFO] [stdout] 
[INFO] [stdout] error[E0277]: the trait bound `<<D as si::Dimension>::L as std::ops::Mul<E>>::Output: Integer` is not satisfied
[INFO] [stdout]    --> /opt/rustwide/cargo-home/registry/src/github.com-1ecc6299db9ec823/uom-0.23.1/src/system.rs:747:18
[INFO] [stdout]     |
[INFO] [stdout] 236 |           pub struct Quantity<D, U, V>
[INFO] [stdout]     |                      -------- required by a bound in this
[INFO] [stdout] 237 |           where
[INFO] [stdout] 238 |               D: Dimension + ?Sized,
[INFO] [stdout]     |                  --------- required by this bound in `si::Quantity`
[INFO] [stdout] ...
[INFO] [stdout] 747 |               ) -> Quantity<$quantities<$($crate::typenum::Prod<D::$symbol, E>),+>, U, V>
[INFO] [stdout]     |                    ^^^^^^^^^^^^^^^^^^^^^^^^^^^^^^^^^^^^^^^^^^^^^^^^^^^^^^^^^^^^^^^^^^^^^^ the trait `Integer` is not implemented for `<<D as si::Dimension>::L as std::ops::Mul<E>>::Output`
[INFO] [stdout]     | 
[INFO] [stdout]    ::: /opt/rustwide/cargo-home/registry/src/github.com-1ecc6299db9ec823/uom-0.23.1/src/si/mod.rs:10:1
[INFO] [stdout]     |
[INFO] [stdout] 10  | / system! {
[INFO] [stdout] 11  | |     /// [International System of Quantities](http://jcgm.bipm.org/vim/en/1.6.html) (ISQ).
[INFO] [stdout] 12  | |     quantities: ISQ {
[INFO] [stdout] 13  | |         /// Length, one of the base quantities in the ISQ, denoted by the symbol L. The base unit
[INFO] [stdout] ...   |
[INFO] [stdout] 75  | |     }
[INFO] [stdout] 76  | | }
[INFO] [stdout]     | |_- in this macro invocation
[INFO] [stdout]     |
[INFO] [stdout]     = note: this error originates in a macro (in Nightly builds, run with -Z macro-backtrace for more info)
[INFO] [stdout] 
[INFO] [stdout] 
[INFO] [stdout] error[E0277]: the trait bound `<<D as si::Dimension>::M as std::ops::Mul<E>>::Output: Integer` is not satisfied
[INFO] [stdout]    --> /opt/rustwide/cargo-home/registry/src/github.com-1ecc6299db9ec823/uom-0.23.1/src/system.rs:747:18
[INFO] [stdout]     |
[INFO] [stdout] 236 |           pub struct Quantity<D, U, V>
[INFO] [stdout]     |                      -------- required by a bound in this
[INFO] [stdout] 237 |           where
[INFO] [stdout] 238 |               D: Dimension + ?Sized,
[INFO] [stdout]     |                  --------- required by this bound in `si::Quantity`
[INFO] [stdout] ...
[INFO] [stdout] 747 |               ) -> Quantity<$quantities<$($crate::typenum::Prod<D::$symbol, E>),+>, U, V>
[INFO] [stdout]     |                    ^^^^^^^^^^^^^^^^^^^^^^^^^^^^^^^^^^^^^^^^^^^^^^^^^^^^^^^^^^^^^^^^^^^^^^ the trait `Integer` is not implemented for `<<D as si::Dimension>::M as std::ops::Mul<E>>::Output`
[INFO] [stdout]     | 
[INFO] [stdout]    ::: /opt/rustwide/cargo-home/registry/src/github.com-1ecc6299db9ec823/uom-0.23.1/src/si/mod.rs:10:1
[INFO] [stdout]     |
[INFO] [stdout] 10  | / system! {
[INFO] [stdout] 11  | |     /// [International System of Quantities](http://jcgm.bipm.org/vim/en/1.6.html) (ISQ).
[INFO] [stdout] 12  | |     quantities: ISQ {
[INFO] [stdout] 13  | |         /// Length, one of the base quantities in the ISQ, denoted by the symbol L. The base unit
[INFO] [stdout] ...   |
[INFO] [stdout] 75  | |     }
[INFO] [stdout] 76  | | }
[INFO] [stdout]     | |_- in this macro invocation
[INFO] [stdout]     |
[INFO] [stdout]     = note: this error originates in a macro (in Nightly builds, run with -Z macro-backtrace for more info)
[INFO] [stdout] 
[INFO] [stdout] 
[INFO] [stdout] error[E0277]: the trait bound `<<D as si::Dimension>::T as std::ops::Mul<E>>::Output: Integer` is not satisfied
[INFO] [stdout]    --> /opt/rustwide/cargo-home/registry/src/github.com-1ecc6299db9ec823/uom-0.23.1/src/system.rs:747:18
[INFO] [stdout]     |
[INFO] [stdout] 236 |           pub struct Quantity<D, U, V>
[INFO] [stdout]     |                      -------- required by a bound in this
[INFO] [stdout] 237 |           where
[INFO] [stdout] 238 |               D: Dimension + ?Sized,
[INFO] [stdout]     |                  --------- required by this bound in `si::Quantity`
[INFO] [stdout] ...
[INFO] [stdout] 747 |               ) -> Quantity<$quantities<$($crate::typenum::Prod<D::$symbol, E>),+>, U, V>
[INFO] [stdout]     |                    ^^^^^^^^^^^^^^^^^^^^^^^^^^^^^^^^^^^^^^^^^^^^^^^^^^^^^^^^^^^^^^^^^^^^^^ the trait `Integer` is not implemented for `<<D as si::Dimension>::T as std::ops::Mul<E>>::Output`
[INFO] [stdout]     | 
[INFO] [stdout]    ::: /opt/rustwide/cargo-home/registry/src/github.com-1ecc6299db9ec823/uom-0.23.1/src/si/mod.rs:10:1
[INFO] [stdout]     |
[INFO] [stdout] 10  | / system! {
[INFO] [stdout] 11  | |     /// [International System of Quantities](http://jcgm.bipm.org/vim/en/1.6.html) (ISQ).
[INFO] [stdout] 12  | |     quantities: ISQ {
[INFO] [stdout] 13  | |         /// Length, one of the base quantities in the ISQ, denoted by the symbol L. The base unit
[INFO] [stdout] ...   |
[INFO] [stdout] 75  | |     }
[INFO] [stdout] 76  | | }
[INFO] [stdout]     | |_- in this macro invocation
[INFO] [stdout]     |
[INFO] [stdout]     = note: this error originates in a macro (in Nightly builds, run with -Z macro-backtrace for more info)
[INFO] [stdout] 
[INFO] [stdout] 
[INFO] [stdout] error[E0277]: the trait bound `<<D as si::Dimension>::I as std::ops::Mul<E>>::Output: Integer` is not satisfied
[INFO] [stdout]    --> /opt/rustwide/cargo-home/registry/src/github.com-1ecc6299db9ec823/uom-0.23.1/src/system.rs:747:18
[INFO] [stdout]     |
[INFO] [stdout] 236 |           pub struct Quantity<D, U, V>
[INFO] [stdout]     |                      -------- required by a bound in this
[INFO] [stdout] 237 |           where
[INFO] [stdout] 238 |               D: Dimension + ?Sized,
[INFO] [stdout]     |                  --------- required by this bound in `si::Quantity`
[INFO] [stdout] ...
[INFO] [stdout] 747 |               ) -> Quantity<$quantities<$($crate::typenum::Prod<D::$symbol, E>),+>, U, V>
[INFO] [stdout]     |                    ^^^^^^^^^^^^^^^^^^^^^^^^^^^^^^^^^^^^^^^^^^^^^^^^^^^^^^^^^^^^^^^^^^^^^^ the trait `Integer` is not implemented for `<<D as si::Dimension>::I as std::ops::Mul<E>>::Output`
[INFO] [stdout]     | 
[INFO] [stdout]    ::: /opt/rustwide/cargo-home/registry/src/github.com-1ecc6299db9ec823/uom-0.23.1/src/si/mod.rs:10:1
[INFO] [stdout]     |
[INFO] [stdout] 10  | / system! {
[INFO] [stdout] 11  | |     /// [International System of Quantities](http://jcgm.bipm.org/vim/en/1.6.html) (ISQ).
[INFO] [stdout] 12  | |     quantities: ISQ {
[INFO] [stdout] 13  | |         /// Length, one of the base quantities in the ISQ, denoted by the symbol L. The base unit
[INFO] [stdout] ...   |
[INFO] [stdout] 75  | |     }
[INFO] [stdout] 76  | | }
[INFO] [stdout]     | |_- in this macro invocation
[INFO] [stdout]     |
[INFO] [stdout]     = note: this error originates in a macro (in Nightly builds, run with -Z macro-backtrace for more info)
[INFO] [stdout] 
[INFO] [stdout] 
[INFO] [stdout] error[E0277]: the trait bound `<<D as si::Dimension>::Th as std::ops::Mul<E>>::Output: Integer` is not satisfied
[INFO] [stdout]    --> /opt/rustwide/cargo-home/registry/src/github.com-1ecc6299db9ec823/uom-0.23.1/src/system.rs:747:18
[INFO] [stdout]     |
[INFO] [stdout] 236 |           pub struct Quantity<D, U, V>
[INFO] [stdout]     |                      -------- required by a bound in this
[INFO] [stdout] 237 |           where
[INFO] [stdout] 238 |               D: Dimension + ?Sized,
[INFO] [stdout]     |                  --------- required by this bound in `si::Quantity`
[INFO] [stdout] ...
[INFO] [stdout] 747 |               ) -> Quantity<$quantities<$($crate::typenum::Prod<D::$symbol, E>),+>, U, V>
[INFO] [stdout]     |                    ^^^^^^^^^^^^^^^^^^^^^^^^^^^^^^^^^^^^^^^^^^^^^^^^^^^^^^^^^^^^^^^^^^^^^^ the trait `Integer` is not implemented for `<<D as si::Dimension>::Th as std::ops::Mul<E>>::Output`
[INFO] [stdout]     | 
[INFO] [stdout]    ::: /opt/rustwide/cargo-home/registry/src/github.com-1ecc6299db9ec823/uom-0.23.1/src/si/mod.rs:10:1
[INFO] [stdout]     |
[INFO] [stdout] 10  | / system! {
[INFO] [stdout] 11  | |     /// [International System of Quantities](http://jcgm.bipm.org/vim/en/1.6.html) (ISQ).
[INFO] [stdout] 12  | |     quantities: ISQ {
[INFO] [stdout] 13  | |         /// Length, one of the base quantities in the ISQ, denoted by the symbol L. The base unit
[INFO] [stdout] ...   |
[INFO] [stdout] 75  | |     }
[INFO] [stdout] 76  | | }
[INFO] [stdout]     | |_- in this macro invocation
[INFO] [stdout]     |
[INFO] [stdout]     = note: this error originates in a macro (in Nightly builds, run with -Z macro-backtrace for more info)
[INFO] [stdout] 
[INFO] [stdout] 
[INFO] [stdout] error[E0277]: the trait bound `<<D as si::Dimension>::N as std::ops::Mul<E>>::Output: Integer` is not satisfied
[INFO] [stdout]    --> /opt/rustwide/cargo-home/registry/src/github.com-1ecc6299db9ec823/uom-0.23.1/src/system.rs:747:18
[INFO] [stdout]     |
[INFO] [stdout] 236 |           pub struct Quantity<D, U, V>
[INFO] [stdout]     |                      -------- required by a bound in this
[INFO] [stdout] 237 |           where
[INFO] [stdout] 238 |               D: Dimension + ?Sized,
[INFO] [stdout]     |                  --------- required by this bound in `si::Quantity`
[INFO] [stdout] ...
[INFO] [stdout] 747 |               ) -> Quantity<$quantities<$($crate::typenum::Prod<D::$symbol, E>),+>, U, V>
[INFO] [stdout]     |                    ^^^^^^^^^^^^^^^^^^^^^^^^^^^^^^^^^^^^^^^^^^^^^^^^^^^^^^^^^^^^^^^^^^^^^^ the trait `Integer` is not implemented for `<<D as si::Dimension>::N as std::ops::Mul<E>>::Output`
[INFO] [stdout]     | 
[INFO] [stdout]    ::: /opt/rustwide/cargo-home/registry/src/github.com-1ecc6299db9ec823/uom-0.23.1/src/si/mod.rs:10:1
[INFO] [stdout]     |
[INFO] [stdout] 10  | / system! {
[INFO] [stdout] 11  | |     /// [International System of Quantities](http://jcgm.bipm.org/vim/en/1.6.html) (ISQ).
[INFO] [stdout] 12  | |     quantities: ISQ {
[INFO] [stdout] 13  | |         /// Length, one of the base quantities in the ISQ, denoted by the symbol L. The base unit
[INFO] [stdout] ...   |
[INFO] [stdout] 75  | |     }
[INFO] [stdout] 76  | | }
[INFO] [stdout]     | |_- in this macro invocation
[INFO] [stdout]     |
[INFO] [stdout]     = note: this error originates in a macro (in Nightly builds, run with -Z macro-backtrace for more info)
[INFO] [stdout] 
[INFO] [stdout] 
[INFO] [stdout] error[E0277]: the trait bound `<<D as si::Dimension>::J as std::ops::Mul<E>>::Output: Integer` is not satisfied
[INFO] [stdout]    --> /opt/rustwide/cargo-home/registry/src/github.com-1ecc6299db9ec823/uom-0.23.1/src/system.rs:747:18
[INFO] [stdout]     |
[INFO] [stdout] 236 |           pub struct Quantity<D, U, V>
[INFO] [stdout]     |                      -------- required by a bound in this
[INFO] [stdout] 237 |           where
[INFO] [stdout] 238 |               D: Dimension + ?Sized,
[INFO] [stdout]     |                  --------- required by this bound in `si::Quantity`
[INFO] [stdout] ...
[INFO] [stdout] 747 |               ) -> Quantity<$quantities<$($crate::typenum::Prod<D::$symbol, E>),+>, U, V>
[INFO] [stdout]     |                    ^^^^^^^^^^^^^^^^^^^^^^^^^^^^^^^^^^^^^^^^^^^^^^^^^^^^^^^^^^^^^^^^^^^^^^ the trait `Integer` is not implemented for `<<D as si::Dimension>::J as std::ops::Mul<E>>::Output`
[INFO] [stdout]     | 
[INFO] [stdout]    ::: /opt/rustwide/cargo-home/registry/src/github.com-1ecc6299db9ec823/uom-0.23.1/src/si/mod.rs:10:1
[INFO] [stdout]     |
[INFO] [stdout] 10  | / system! {
[INFO] [stdout] 11  | |     /// [International System of Quantities](http://jcgm.bipm.org/vim/en/1.6.html) (ISQ).
[INFO] [stdout] 12  | |     quantities: ISQ {
[INFO] [stdout] 13  | |         /// Length, one of the base quantities in the ISQ, denoted by the symbol L. The base unit
[INFO] [stdout] ...   |
[INFO] [stdout] 75  | |     }
[INFO] [stdout] 76  | | }
[INFO] [stdout]     | |_- in this macro invocation
[INFO] [stdout]     |
[INFO] [stdout]     = note: this error originates in a macro (in Nightly builds, run with -Z macro-backtrace for more info)
[INFO] [stdout] 
[INFO] [stdout] 
[INFO] [stdout] error[E0277]: the trait bound `<<Dl as si::Dimension>::L as std::ops::Add<<Dr as si::Dimension>::L>>::Output: Integer` is not satisfied
[INFO] [stdout]    --> /opt/rustwide/cargo-home/registry/src/github.com-1ecc6299db9ec823/uom-0.23.1/src/system.rs:424:21
[INFO] [stdout]     |
[INFO] [stdout] 236 |           pub struct Quantity<D, U, V>
[INFO] [stdout]     |                      -------- required by a bound in this
[INFO] [stdout] 237 |           where
[INFO] [stdout] 238 |               D: Dimension + ?Sized,
[INFO] [stdout]     |                  --------- required by this bound in `si::Quantity`
[INFO] [stdout] ...
[INFO] [stdout] 424 | /                     type Output = Quantity<
[INFO] [stdout] 425 | |                         $quantities<$($crate::typenum::$AddSubAlias<Dl::$symbol, Dr::$symbol>,)+>,
[INFO] [stdout] 426 | |                         Ul, V>;
[INFO] [stdout]     | |_______________________________^ the trait `Integer` is not implemented for `<<Dl as si::Dimension>::L as std::ops::Add<<Dr as si::Dimension>::L>>::Output`
[INFO] [stdout]     | 
[INFO] [stdout]    ::: /opt/rustwide/cargo-home/registry/src/github.com-1ecc6299db9ec823/uom-0.23.1/src/si/mod.rs:10:1
[INFO] [stdout]     |
[INFO] [stdout] 10  | / system! {
[INFO] [stdout] 11  | |     /// [International System of Quantities](http://jcgm.bipm.org/vim/en/1.6.html) (ISQ).
[INFO] [stdout] 12  | |     quantities: ISQ {
[INFO] [stdout] 13  | |         /// Length, one of the base quantities in the ISQ, denoted by the symbol L. The base unit
[INFO] [stdout] ...   |
[INFO] [stdout] 75  | |     }
[INFO] [stdout] 76  | | }
[INFO] [stdout]     | |_- in this macro invocation
[INFO] [stdout]     |
[INFO] [stdout]     = note: this error originates in a macro (in Nightly builds, run with -Z macro-backtrace for more info)
[INFO] [stdout] 
[INFO] [stdout] 
[INFO] [stdout] error[E0277]: the trait bound `<<Dl as si::Dimension>::M as std::ops::Add<<Dr as si::Dimension>::M>>::Output: Integer` is not satisfied
[INFO] [stdout]    --> /opt/rustwide/cargo-home/registry/src/github.com-1ecc6299db9ec823/uom-0.23.1/src/system.rs:424:21
[INFO] [stdout]     |
[INFO] [stdout] 236 |           pub struct Quantity<D, U, V>
[INFO] [stdout]     |                      -------- required by a bound in this
[INFO] [stdout] 237 |           where
[INFO] [stdout] 238 |               D: Dimension + ?Sized,
[INFO] [stdout]     |                  --------- required by this bound in `si::Quantity`
[INFO] [stdout] ...
[INFO] [stdout] 424 | /                     type Output = Quantity<
[INFO] [stdout] 425 | |                         $quantities<$($crate::typenum::$AddSubAlias<Dl::$symbol, Dr::$symbol>,)+>,
[INFO] [stdout] 426 | |                         Ul, V>;
[INFO] [stdout]     | |_______________________________^ the trait `Integer` is not implemented for `<<Dl as si::Dimension>::M as std::ops::Add<<Dr as si::Dimension>::M>>::Output`
[INFO] [stdout]     | 
[INFO] [stdout]    ::: /opt/rustwide/cargo-home/registry/src/github.com-1ecc6299db9ec823/uom-0.23.1/src/si/mod.rs:10:1
[INFO] [stdout]     |
[INFO] [stdout] 10  | / system! {
[INFO] [stdout] 11  | |     /// [International System of Quantities](http://jcgm.bipm.org/vim/en/1.6.html) (ISQ).
[INFO] [stdout] 12  | |     quantities: ISQ {
[INFO] [stdout] 13  | |         /// Length, one of the base quantities in the ISQ, denoted by the symbol L. The base unit
[INFO] [stdout] ...   |
[INFO] [stdout] 75  | |     }
[INFO] [stdout] 76  | | }
[INFO] [stdout]     | |_- in this macro invocation
[INFO] [stdout]     |
[INFO] [stdout]     = note: this error originates in a macro (in Nightly builds, run with -Z macro-backtrace for more info)
[INFO] [stdout] 
[INFO] [stdout] 
[INFO] [stdout] error[E0277]: the trait bound `<<Dl as si::Dimension>::T as std::ops::Add<<Dr as si::Dimension>::T>>::Output: Integer` is not satisfied
[INFO] [stdout]    --> /opt/rustwide/cargo-home/registry/src/github.com-1ecc6299db9ec823/uom-0.23.1/src/system.rs:424:21
[INFO] [stdout]     |
[INFO] [stdout] 236 |           pub struct Quantity<D, U, V>
[INFO] [stdout]     |                      -------- required by a bound in this
[INFO] [stdout] 237 |           where
[INFO] [stdout] 238 |               D: Dimension + ?Sized,
[INFO] [stdout]     |                  --------- required by this bound in `si::Quantity`
[INFO] [stdout] ...
[INFO] [stdout] 424 | /                     type Output = Quantity<
[INFO] [stdout] 425 | |                         $quantities<$($crate::typenum::$AddSubAlias<Dl::$symbol, Dr::$symbol>,)+>,
[INFO] [stdout] 426 | |                         Ul, V>;
[INFO] [stdout]     | |_______________________________^ the trait `Integer` is not implemented for `<<Dl as si::Dimension>::T as std::ops::Add<<Dr as si::Dimension>::T>>::Output`
[INFO] [stdout]     | 
[INFO] [stdout]    ::: /opt/rustwide/cargo-home/registry/src/github.com-1ecc6299db9ec823/uom-0.23.1/src/si/mod.rs:10:1
[INFO] [stdout]     |
[INFO] [stdout] 10  | / system! {
[INFO] [stdout] 11  | |     /// [International System of Quantities](http://jcgm.bipm.org/vim/en/1.6.html) (ISQ).
[INFO] [stdout] 12  | |     quantities: ISQ {
[INFO] [stdout] 13  | |         /// Length, one of the base quantities in the ISQ, denoted by the symbol L. The base unit
[INFO] [stdout] ...   |
[INFO] [stdout] 75  | |     }
[INFO] [stdout] 76  | | }
[INFO] [stdout]     | |_- in this macro invocation
[INFO] [stdout]     |
[INFO] [stdout]     = note: this error originates in a macro (in Nightly builds, run with -Z macro-backtrace for more info)
[INFO] [stdout] 
[INFO] [stdout] 
[INFO] [stdout] error[E0277]: the trait bound `<<Dl as si::Dimension>::I as std::ops::Add<<Dr as si::Dimension>::I>>::Output: Integer` is not satisfied
[INFO] [stdout]    --> /opt/rustwide/cargo-home/registry/src/github.com-1ecc6299db9ec823/uom-0.23.1/src/system.rs:424:21
[INFO] [stdout]     |
[INFO] [stdout] 236 |           pub struct Quantity<D, U, V>
[INFO] [stdout]     |                      -------- required by a bound in this
[INFO] [stdout] 237 |           where
[INFO] [stdout] 238 |               D: Dimension + ?Sized,
[INFO] [stdout]     |                  --------- required by this bound in `si::Quantity`
[INFO] [stdout] ...
[INFO] [stdout] 424 | /                     type Output = Quantity<
[INFO] [stdout] 425 | |                         $quantities<$($crate::typenum::$AddSubAlias<Dl::$symbol, Dr::$symbol>,)+>,
[INFO] [stdout] 426 | |                         Ul, V>;
[INFO] [stdout]     | |_______________________________^ the trait `Integer` is not implemented for `<<Dl as si::Dimension>::I as std::ops::Add<<Dr as si::Dimension>::I>>::Output`
[INFO] [stdout]     | 
[INFO] [stdout]    ::: /opt/rustwide/cargo-home/registry/src/github.com-1ecc6299db9ec823/uom-0.23.1/src/si/mod.rs:10:1
[INFO] [stdout]     |
[INFO] [stdout] 10  | / system! {
[INFO] [stdout] 11  | |     /// [International System of Quantities](http://jcgm.bipm.org/vim/en/1.6.html) (ISQ).
[INFO] [stdout] 12  | |     quantities: ISQ {
[INFO] [stdout] 13  | |         /// Length, one of the base quantities in the ISQ, denoted by the symbol L. The base unit
[INFO] [stdout] ...   |
[INFO] [stdout] 75  | |     }
[INFO] [stdout] 76  | | }
[INFO] [stdout]     | |_- in this macro invocation
[INFO] [stdout]     |
[INFO] [stdout]     = note: this error originates in a macro (in Nightly builds, run with -Z macro-backtrace for more info)
[INFO] [stdout] 
[INFO] [stdout] 
[INFO] [stdout] error[E0277]: the trait bound `<<Dl as si::Dimension>::Th as std::ops::Add<<Dr as si::Dimension>::Th>>::Output: Integer` is not satisfied
[INFO] [stdout]    --> /opt/rustwide/cargo-home/registry/src/github.com-1ecc6299db9ec823/uom-0.23.1/src/system.rs:424:21
[INFO] [stdout]     |
[INFO] [stdout] 236 |           pub struct Quantity<D, U, V>
[INFO] [stdout]     |                      -------- required by a bound in this
[INFO] [stdout] 237 |           where
[INFO] [stdout] 238 |               D: Dimension + ?Sized,
[INFO] [stdout]     |                  --------- required by this bound in `si::Quantity`
[INFO] [stdout] ...
[INFO] [stdout] 424 | /                     type Output = Quantity<
[INFO] [stdout] 425 | |                         $quantities<$($crate::typenum::$AddSubAlias<Dl::$symbol, Dr::$symbol>,)+>,
[INFO] [stdout] 426 | |                         Ul, V>;
[INFO] [stdout]     | |_______________________________^ the trait `Integer` is not implemented for `<<Dl as si::Dimension>::Th as std::ops::Add<<Dr as si::Dimension>::Th>>::Output`
[INFO] [stdout]     | 
[INFO] [stdout]    ::: /opt/rustwide/cargo-home/registry/src/github.com-1ecc6299db9ec823/uom-0.23.1/src/si/mod.rs:10:1
[INFO] [stdout]     |
[INFO] [stdout] 10  | / system! {
[INFO] [stdout] 11  | |     /// [International System of Quantities](http://jcgm.bipm.org/vim/en/1.6.html) (ISQ).
[INFO] [stdout] 12  | |     quantities: ISQ {
[INFO] [stdout] 13  | |         /// Length, one of the base quantities in the ISQ, denoted by the symbol L. The base unit
[INFO] [stdout] ...   |
[INFO] [stdout] 75  | |     }
[INFO] [stdout] 76  | | }
[INFO] [stdout]     | |_- in this macro invocation
[INFO] [stdout]     |
[INFO] [stdout]     = note: this error originates in a macro (in Nightly builds, run with -Z macro-backtrace for more info)
[INFO] [stdout] 
[INFO] [stdout] 
[INFO] [stdout] error[E0277]: the trait bound `<<Dl as si::Dimension>::N as std::ops::Add<<Dr as si::Dimension>::N>>::Output: Integer` is not satisfied
[INFO] [stdout]    --> /opt/rustwide/cargo-home/registry/src/github.com-1ecc6299db9ec823/uom-0.23.1/src/system.rs:424:21
[INFO] [stdout]     |
[INFO] [stdout] 236 |           pub struct Quantity<D, U, V>
[INFO] [stdout]     |                      -------- required by a bound in this
[INFO] [stdout] 237 |           where
[INFO] [stdout] 238 |               D: Dimension + ?Sized,
[INFO] [stdout]     |                  --------- required by this bound in `si::Quantity`
[INFO] [stdout] ...
[INFO] [stdout] 424 | /                     type Output = Quantity<
[INFO] [stdout] 425 | |                         $quantities<$($crate::typenum::$AddSubAlias<Dl::$symbol, Dr::$symbol>,)+>,
[INFO] [stdout] 426 | |                         Ul, V>;
[INFO] [stdout]     | |_______________________________^ the trait `Integer` is not implemented for `<<Dl as si::Dimension>::N as std::ops::Add<<Dr as si::Dimension>::N>>::Output`
[INFO] [stdout]     | 
[INFO] [stdout]    ::: /opt/rustwide/cargo-home/registry/src/github.com-1ecc6299db9ec823/uom-0.23.1/src/si/mod.rs:10:1
[INFO] [stdout]     |
[INFO] [stdout] 10  | / system! {
[INFO] [stdout] 11  | |     /// [International System of Quantities](http://jcgm.bipm.org/vim/en/1.6.html) (ISQ).
[INFO] [stdout] 12  | |     quantities: ISQ {
[INFO] [stdout] 13  | |         /// Length, one of the base quantities in the ISQ, denoted by the symbol L. The base unit
[INFO] [stdout] ...   |
[INFO] [stdout] 75  | |     }
[INFO] [stdout] 76  | | }
[INFO] [stdout]     | |_- in this macro invocation
[INFO] [stdout]     |
[INFO] [stdout]     = note: this error originates in a macro (in Nightly builds, run with -Z macro-backtrace for more info)
[INFO] [stdout] 
[INFO] [stdout] 
[INFO] [stdout] error[E0277]: the trait bound `<<Dl as si::Dimension>::J as std::ops::Add<<Dr as si::Dimension>::J>>::Output: Integer` is not satisfied
[INFO] [stdout]    --> /opt/rustwide/cargo-home/registry/src/github.com-1ecc6299db9ec823/uom-0.23.1/src/system.rs:424:21
[INFO] [stdout]     |
[INFO] [stdout] 236 |           pub struct Quantity<D, U, V>
[INFO] [stdout]     |                      -------- required by a bound in this
[INFO] [stdout] 237 |           where
[INFO] [stdout] 238 |               D: Dimension + ?Sized,
[INFO] [stdout]     |                  --------- required by this bound in `si::Quantity`
[INFO] [stdout] ...
[INFO] [stdout] 424 | /                     type Output = Quantity<
[INFO] [stdout] 425 | |                         $quantities<$($crate::typenum::$AddSubAlias<Dl::$symbol, Dr::$symbol>,)+>,
[INFO] [stdout] 426 | |                         Ul, V>;
[INFO] [stdout]     | |_______________________________^ the trait `Integer` is not implemented for `<<Dl as si::Dimension>::J as std::ops::Add<<Dr as si::Dimension>::J>>::Output`
[INFO] [stdout]     | 
[INFO] [stdout]    ::: /opt/rustwide/cargo-home/registry/src/github.com-1ecc6299db9ec823/uom-0.23.1/src/si/mod.rs:10:1
[INFO] [stdout]     |
[INFO] [stdout] 10  | / system! {
[INFO] [stdout] 11  | |     /// [International System of Quantities](http://jcgm.bipm.org/vim/en/1.6.html) (ISQ).
[INFO] [stdout] 12  | |     quantities: ISQ {
[INFO] [stdout] 13  | |         /// Length, one of the base quantities in the ISQ, denoted by the symbol L. The base unit
[INFO] [stdout] ...   |
[INFO] [stdout] 75  | |     }
[INFO] [stdout] 76  | | }
[INFO] [stdout]     | |_- in this macro invocation
[INFO] [stdout]     |
[INFO] [stdout]     = note: this error originates in a macro (in Nightly builds, run with -Z macro-backtrace for more info)
[INFO] [stdout] 
[INFO] [stdout] 
[INFO] [stdout] error[E0277]: the trait bound `<<Dl as si::Dimension>::L as std::ops::Add<<Dr as si::Dimension>::L>>::Output: Integer` is not satisfied
[INFO] [stdout]    --> /opt/rustwide/cargo-home/registry/src/github.com-1ecc6299db9ec823/uom-0.23.1/src/system.rs:429:71
[INFO] [stdout]     |
[INFO] [stdout] 236 |           pub struct Quantity<D, U, V>
[INFO] [stdout]     |                      -------- required by a bound in this
[INFO] [stdout] 237 |           where
[INFO] [stdout] 238 |               D: Dimension + ?Sized,
[INFO] [stdout]     |                  --------- required by this bound in `si::Quantity`
[INFO] [stdout] ...
[INFO] [stdout] 429 |                       fn $muldiv_fun(self, rhs: Quantity<Dr, Ur, V>) -> Self::Output {
[INFO] [stdout]     |                                                                         ^^^^^^^^^^^^ the trait `Integer` is not implemented for `<<Dl as si::Dimension>::L as std::ops::Add<<Dr as si::Dimension>::L>>::Output`
[INFO] [stdout]     | 
[INFO] [stdout]    ::: /opt/rustwide/cargo-home/registry/src/github.com-1ecc6299db9ec823/uom-0.23.1/src/si/mod.rs:10:1
[INFO] [stdout]     |
[INFO] [stdout] 10  | / system! {
[INFO] [stdout] 11  | |     /// [International System of Quantities](http://jcgm.bipm.org/vim/en/1.6.html) (ISQ).
[INFO] [stdout] 12  | |     quantities: ISQ {
[INFO] [stdout] 13  | |         /// Length, one of the base quantities in the ISQ, denoted by the symbol L. The base unit
[INFO] [stdout] ...   |
[INFO] [stdout] 75  | |     }
[INFO] [stdout] 76  | | }
[INFO] [stdout]     | |_- in this macro invocation
[INFO] [stdout]     |
[INFO] [stdout]     = note: this error originates in a macro (in Nightly builds, run with -Z macro-backtrace for more info)
[INFO] [stdout] 
[INFO] [stdout] 
[INFO] [stdout] error[E0277]: the trait bound `<<Dl as si::Dimension>::M as std::ops::Add<<Dr as si::Dimension>::M>>::Output: Integer` is not satisfied
[INFO] [stdout]    --> /opt/rustwide/cargo-home/registry/src/github.com-1ecc6299db9ec823/uom-0.23.1/src/system.rs:429:71
[INFO] [stdout]     |
[INFO] [stdout] 236 |           pub struct Quantity<D, U, V>
[INFO] [stdout]     |                      -------- required by a bound in this
[INFO] [stdout] 237 |           where
[INFO] [stdout] 238 |               D: Dimension + ?Sized,
[INFO] [stdout]     |                  --------- required by this bound in `si::Quantity`
[INFO] [stdout] ...
[INFO] [stdout] 429 |                       fn $muldiv_fun(self, rhs: Quantity<Dr, Ur, V>) -> Self::Output {
[INFO] [stdout]     |                                                                         ^^^^^^^^^^^^ the trait `Integer` is not implemented for `<<Dl as si::Dimension>::M as std::ops::Add<<Dr as si::Dimension>::M>>::Output`
[INFO] [stdout]     | 
[INFO] [stdout]    ::: /opt/rustwide/cargo-home/registry/src/github.com-1ecc6299db9ec823/uom-0.23.1/src/si/mod.rs:10:1
[INFO] [stdout]     |
[INFO] [stdout] 10  | / system! {
[INFO] [stdout] 11  | |     /// [International System of Quantities](http://jcgm.bipm.org/vim/en/1.6.html) (ISQ).
[INFO] [stdout] 12  | |     quantities: ISQ {
[INFO] [stdout] 13  | |         /// Length, one of the base quantities in the ISQ, denoted by the symbol L. The base unit
[INFO] [stdout] ...   |
[INFO] [stdout] 75  | |     }
[INFO] [stdout] 76  | | }
[INFO] [stdout]     | |_- in this macro invocation
[INFO] [stdout]     |
[INFO] [stdout]     = note: this error originates in a macro (in Nightly builds, run with -Z macro-backtrace for more info)
[INFO] [stdout] 
[INFO] [stdout] 
[INFO] [stdout] error[E0277]: the trait bound `<<Dl as si::Dimension>::T as std::ops::Add<<Dr as si::Dimension>::T>>::Output: Integer` is not satisfied
[INFO] [stdout]    --> /opt/rustwide/cargo-home/registry/src/github.com-1ecc6299db9ec823/uom-0.23.1/src/system.rs:429:71
[INFO] [stdout]     |
[INFO] [stdout] 236 |           pub struct Quantity<D, U, V>
[INFO] [stdout]     |                      -------- required by a bound in this
[INFO] [stdout] 237 |           where
[INFO] [stdout] 238 |               D: Dimension + ?Sized,
[INFO] [stdout]     |                  --------- required by this bound in `si::Quantity`
[INFO] [stdout] ...
[INFO] [stdout] 429 |                       fn $muldiv_fun(self, rhs: Quantity<Dr, Ur, V>) -> Self::Output {
[INFO] [stdout]     |                                                                         ^^^^^^^^^^^^ the trait `Integer` is not implemented for `<<Dl as si::Dimension>::T as std::ops::Add<<Dr as si::Dimension>::T>>::Output`
[INFO] [stdout]     | 
[INFO] [stdout]    ::: /opt/rustwide/cargo-home/registry/src/github.com-1ecc6299db9ec823/uom-0.23.1/src/si/mod.rs:10:1
[INFO] [stdout]     |
[INFO] [stdout] 10  | / system! {
[INFO] [stdout] 11  | |     /// [International System of Quantities](http://jcgm.bipm.org/vim/en/1.6.html) (ISQ).
[INFO] [stdout] 12  | |     quantities: ISQ {
[INFO] [stdout] 13  | |         /// Length, one of the base quantities in the ISQ, denoted by the symbol L. The base unit
[INFO] [stdout] ...   |
[INFO] [stdout] 75  | |     }
[INFO] [stdout] 76  | | }
[INFO] [stdout]     | |_- in this macro invocation
[INFO] [stdout]     |
[INFO] [stdout]     = note: this error originates in a macro (in Nightly builds, run with -Z macro-backtrace for more info)
[INFO] [stdout] 
[INFO] [stdout] 
[INFO] [stdout] error[E0277]: the trait bound `<<Dl as si::Dimension>::I as std::ops::Add<<Dr as si::Dimension>::I>>::Output: Integer` is not satisfied
[INFO] [stdout]    --> /opt/rustwide/cargo-home/registry/src/github.com-1ecc6299db9ec823/uom-0.23.1/src/system.rs:429:71
[INFO] [stdout]     |
[INFO] [stdout] 236 |           pub struct Quantity<D, U, V>
[INFO] [stdout]     |                      -------- required by a bound in this
[INFO] [stdout] 237 |           where
[INFO] [stdout] 238 |               D: Dimension + ?Sized,
[INFO] [stdout]     |                  --------- required by this bound in `si::Quantity`
[INFO] [stdout] ...
[INFO] [stdout] 429 |                       fn $muldiv_fun(self, rhs: Quantity<Dr, Ur, V>) -> Self::Output {
[INFO] [stdout]     |                                                                         ^^^^^^^^^^^^ the trait `Integer` is not implemented for `<<Dl as si::Dimension>::I as std::ops::Add<<Dr as si::Dimension>::I>>::Output`
[INFO] [stdout]     | 
[INFO] [stdout]    ::: /opt/rustwide/cargo-home/registry/src/github.com-1ecc6299db9ec823/uom-0.23.1/src/si/mod.rs:10:1
[INFO] [stdout]     |
[INFO] [stdout] 10  | / system! {
[INFO] [stdout] 11  | |     /// [International System of Quantities](http://jcgm.bipm.org/vim/en/1.6.html) (ISQ).
[INFO] [stdout] 12  | |     quantities: ISQ {
[INFO] [stdout] 13  | |         /// Length, one of the base quantities in the ISQ, denoted by the symbol L. The base unit
[INFO] [stdout] ...   |
[INFO] [stdout] 75  | |     }
[INFO] [stdout] 76  | | }
[INFO] [stdout]     | |_- in this macro invocation
[INFO] [stdout]     |
[INFO] [stdout]     = note: this error originates in a macro (in Nightly builds, run with -Z macro-backtrace for more info)
[INFO] [stdout] 
[INFO] [stdout] 
[INFO] [stdout] error[E0277]: the trait bound `<<Dl as si::Dimension>::Th as std::ops::Add<<Dr as si::Dimension>::Th>>::Output: Integer` is not satisfied
[INFO] [stdout]    --> /opt/rustwide/cargo-home/registry/src/github.com-1ecc6299db9ec823/uom-0.23.1/src/system.rs:429:71
[INFO] [stdout]     |
[INFO] [stdout] 236 |           pub struct Quantity<D, U, V>
[INFO] [stdout]     |                      -------- required by a bound in this
[INFO] [stdout] 237 |           where
[INFO] [stdout] 238 |               D: Dimension + ?Sized,
[INFO] [stdout]     |                  --------- required by this bound in `si::Quantity`
[INFO] [stdout] ...
[INFO] [stdout] 429 |                       fn $muldiv_fun(self, rhs: Quantity<Dr, Ur, V>) -> Self::Output {
[INFO] [stdout]     |                                                                         ^^^^^^^^^^^^ the trait `Integer` is not implemented for `<<Dl as si::Dimension>::Th as std::ops::Add<<Dr as si::Dimension>::Th>>::Output`
[INFO] [stdout]     | 
[INFO] [stdout]    ::: /opt/rustwide/cargo-home/registry/src/github.com-1ecc6299db9ec823/uom-0.23.1/src/si/mod.rs:10:1
[INFO] [stdout]     |
[INFO] [stdout] 10  | / system! {
[INFO] [stdout] 11  | |     /// [International System of Quantities](http://jcgm.bipm.org/vim/en/1.6.html) (ISQ).
[INFO] [stdout] 12  | |     quantities: ISQ {
[INFO] [stdout] 13  | |         /// Length, one of the base quantities in the ISQ, denoted by the symbol L. The base unit
[INFO] [stdout] ...   |
[INFO] [stdout] 75  | |     }
[INFO] [stdout] 76  | | }
[INFO] [stdout]     | |_- in this macro invocation
[INFO] [stdout]     |
[INFO] [stdout]     = note: this error originates in a macro (in Nightly builds, run with -Z macro-backtrace for more info)
[INFO] [stdout] 
[INFO] [stdout] 
[INFO] [stdout] error[E0277]: the trait bound `<<Dl as si::Dimension>::N as std::ops::Add<<Dr as si::Dimension>::N>>::Output: Integer` is not satisfied
[INFO] [stdout]    --> /opt/rustwide/cargo-home/registry/src/github.com-1ecc6299db9ec823/uom-0.23.1/src/system.rs:429:71
[INFO] [stdout]     |
[INFO] [stdout] 236 |           pub struct Quantity<D, U, V>
[INFO] [stdout]     |                      -------- required by a bound in this
[INFO] [stdout] 237 |           where
[INFO] [stdout] 238 |               D: Dimension + ?Sized,
[INFO] [stdout]     |                  --------- required by this bound in `si::Quantity`
[INFO] [stdout] ...
[INFO] [stdout] 429 |                       fn $muldiv_fun(self, rhs: Quantity<Dr, Ur, V>) -> Self::Output {
[INFO] [stdout]     |                                                                         ^^^^^^^^^^^^ the trait `Integer` is not implemented for `<<Dl as si::Dimension>::N as std::ops::Add<<Dr as si::Dimension>::N>>::Output`
[INFO] [stdout]     | 
[INFO] [stdout]    ::: /opt/rustwide/cargo-home/registry/src/github.com-1ecc6299db9ec823/uom-0.23.1/src/si/mod.rs:10:1
[INFO] [stdout]     |
[INFO] [stdout] 10  | / system! {
[INFO] [stdout] 11  | |     /// [International System of Quantities](http://jcgm.bipm.org/vim/en/1.6.html) (ISQ).
[INFO] [stdout] 12  | |     quantities: ISQ {
[INFO] [stdout] 13  | |         /// Length, one of the base quantities in the ISQ, denoted by the symbol L. The base unit
[INFO] [stdout] ...   |
[INFO] [stdout] 75  | |     }
[INFO] [stdout] 76  | | }
[INFO] [stdout]     | |_- in this macro invocation
[INFO] [stdout]     |
[INFO] [stdout]     = note: this error originates in a macro (in Nightly builds, run with -Z macro-backtrace for more info)
[INFO] [stdout] 
[INFO] [stdout] 
[INFO] [stdout] error[E0277]: the trait bound `<<Dl as si::Dimension>::J as std::ops::Add<<Dr as si::Dimension>::J>>::Output: Integer` is not satisfied
[INFO] [stdout]    --> /opt/rustwide/cargo-home/registry/src/github.com-1ecc6299db9ec823/uom-0.23.1/src/system.rs:429:71
[INFO] [stdout]     |
[INFO] [stdout] 236 |           pub struct Quantity<D, U, V>
[INFO] [stdout]     |                      -------- required by a bound in this
[INFO] [stdout] 237 |           where
[INFO] [stdout] 238 |               D: Dimension + ?Sized,
[INFO] [stdout]     |                  --------- required by this bound in `si::Quantity`
[INFO] [stdout] ...
[INFO] [stdout] 429 |                       fn $muldiv_fun(self, rhs: Quantity<Dr, Ur, V>) -> Self::Output {
[INFO] [stdout]     |                                                                         ^^^^^^^^^^^^ the trait `Integer` is not implemented for `<<Dl as si::Dimension>::J as std::ops::Add<<Dr as si::Dimension>::J>>::Output`
[INFO] [stdout]     | 
[INFO] [stdout]    ::: /opt/rustwide/cargo-home/registry/src/github.com-1ecc6299db9ec823/uom-0.23.1/src/si/mod.rs:10:1
[INFO] [stdout]     |
[INFO] [stdout] 10  | / system! {
[INFO] [stdout] 11  | |     /// [International System of Quantities](http://jcgm.bipm.org/vim/en/1.6.html) (ISQ).
[INFO] [stdout] 12  | |     quantities: ISQ {
[INFO] [stdout] 13  | |         /// Length, one of the base quantities in the ISQ, denoted by the symbol L. The base unit
[INFO] [stdout] ...   |
[INFO] [stdout] 75  | |     }
[INFO] [stdout] 76  | | }
[INFO] [stdout]     | |_- in this macro invocation
[INFO] [stdout]     |
[INFO] [stdout]     = note: this error originates in a macro (in Nightly builds, run with -Z macro-backtrace for more info)
[INFO] [stdout] 
[INFO] [stdout] 
[INFO] [stdout] error[E0277]: the trait bound `<Z0 as std::ops::Add<<D as si::Dimension>::L>>::Output: Integer` is not satisfied
[INFO] [stdout]    --> /opt/rustwide/cargo-home/registry/src/github.com-1ecc6299db9ec823/uom-0.23.1/src/system.rs:509:29
[INFO] [stdout]     |
[INFO] [stdout] 236 |           pub struct Quantity<D, U, V>
[INFO] [stdout]     |                      -------- required by a bound in this
[INFO] [stdout] 237 |           where
[INFO] [stdout] 238 |               D: Dimension + ?Sized,
[INFO] [stdout]     |                  --------- required by this bound in `si::Quantity`
[INFO] [stdout] ...
[INFO] [stdout] 509 | /                             type Output = Quantity<
[INFO] [stdout] 510 | |                                 $quantities<
[INFO] [stdout] 511 | |                                     $($crate::typenum::$AddSubAlias<
[INFO] [stdout] 512 | |                                       $crate::typenum::Z0,
[INFO] [stdout] 513 | |                                       D::$symbol>,)+
[INFO] [stdout] 514 | |                                       D::Kind>,
[INFO] [stdout] 515 | |                                 U, V>;
[INFO] [stdout]     | |______________________________________^ the trait `Integer` is not implemented for `<Z0 as std::ops::Add<<D as si::Dimension>::L>>::Output`
[INFO] [stdout]     | 
[INFO] [stdout]    ::: /opt/rustwide/cargo-home/registry/src/github.com-1ecc6299db9ec823/uom-0.23.1/src/si/mod.rs:10:1
[INFO] [stdout]     |
[INFO] [stdout] 10  | / system! {
[INFO] [stdout] 11  | |     /// [International System of Quantities](http://jcgm.bipm.org/vim/en/1.6.html) (ISQ).
[INFO] [stdout] 12  | |     quantities: ISQ {
[INFO] [stdout] 13  | |         /// Length, one of the base quantities in the ISQ, denoted by the symbol L. The base unit
[INFO] [stdout] ...   |
[INFO] [stdout] 75  | |     }
[INFO] [stdout] 76  | | }
[INFO] [stdout]     | |_- in this macro invocation
[INFO] [stdout]     |
[INFO] [stdout]     = note: this error originates in a macro (in Nightly builds, run with -Z macro-backtrace for more info)
[INFO] [stdout] 
[INFO] [stdout] 
[INFO] [stdout] error[E0277]: the trait bound `<Z0 as std::ops::Add<<D as si::Dimension>::M>>::Output: Integer` is not satisfied
[INFO] [stdout]    --> /opt/rustwide/cargo-home/registry/src/github.com-1ecc6299db9ec823/uom-0.23.1/src/system.rs:509:29
[INFO] [stdout]     |
[INFO] [stdout] 236 |           pub struct Quantity<D, U, V>
[INFO] [stdout]     |                      -------- required by a bound in this
[INFO] [stdout] 237 |           where
[INFO] [stdout] 238 |               D: Dimension + ?Sized,
[INFO] [stdout]     |                  --------- required by this bound in `si::Quantity`
[INFO] [stdout] ...
[INFO] [stdout] 509 | /                             type Output = Quantity<
[INFO] [stdout] 510 | |                                 $quantities<
[INFO] [stdout] 511 | |                                     $($crate::typenum::$AddSubAlias<
[INFO] [stdout] 512 | |                                       $crate::typenum::Z0,
[INFO] [stdout] 513 | |                                       D::$symbol>,)+
[INFO] [stdout] 514 | |                                       D::Kind>,
[INFO] [stdout] 515 | |                                 U, V>;
[INFO] [stdout]     | |______________________________________^ the trait `Integer` is not implemented for `<Z0 as std::ops::Add<<D as si::Dimension>::M>>::Output`
[INFO] [stdout]     | 
[INFO] [stdout]    ::: /opt/rustwide/cargo-home/registry/src/github.com-1ecc6299db9ec823/uom-0.23.1/src/si/mod.rs:10:1
[INFO] [stdout]     |
[INFO] [stdout] 10  | / system! {
[INFO] [stdout] 11  | |     /// [International System of Quantities](http://jcgm.bipm.org/vim/en/1.6.html) (ISQ).
[INFO] [stdout] 12  | |     quantities: ISQ {
[INFO] [stdout] 13  | |         /// Length, one of the base quantities in the ISQ, denoted by the symbol L. The base unit
[INFO] [stdout] ...   |
[INFO] [stdout] 75  | |     }
[INFO] [stdout] 76  | | }
[INFO] [stdout]     | |_- in this macro invocation
[INFO] [stdout]     |
[INFO] [stdout]     = note: this error originates in a macro (in Nightly builds, run with -Z macro-backtrace for more info)
[INFO] [stdout] 
[INFO] [stdout] 
[INFO] [stdout] error[E0277]: the trait bound `<Z0 as std::ops::Add<<D as si::Dimension>::T>>::Output: Integer` is not satisfied
[INFO] [stdout]    --> /opt/rustwide/cargo-home/registry/src/github.com-1ecc6299db9ec823/uom-0.23.1/src/system.rs:509:29
[INFO] [stdout]     |
[INFO] [stdout] 236 |           pub struct Quantity<D, U, V>
[INFO] [stdout]     |                      -------- required by a bound in this
[INFO] [stdout] 237 |           where
[INFO] [stdout] 238 |               D: Dimension + ?Sized,
[INFO] [stdout]     |                  --------- required by this bound in `si::Quantity`
[INFO] [stdout] ...
[INFO] [stdout] 509 | /                             type Output = Quantity<
[INFO] [stdout] 510 | |                                 $quantities<
[INFO] [stdout] 511 | |                                     $($crate::typenum::$AddSubAlias<
[INFO] [stdout] 512 | |                                       $crate::typenum::Z0,
[INFO] [stdout] 513 | |                                       D::$symbol>,)+
[INFO] [stdout] 514 | |                                       D::Kind>,
[INFO] [stdout] 515 | |                                 U, V>;
[INFO] [stdout]     | |______________________________________^ the trait `Integer` is not implemented for `<Z0 as std::ops::Add<<D as si::Dimension>::T>>::Output`
[INFO] [stdout]     | 
[INFO] [stdout]    ::: /opt/rustwide/cargo-home/registry/src/github.com-1ecc6299db9ec823/uom-0.23.1/src/si/mod.rs:10:1
[INFO] [stdout]     |
[INFO] [stdout] 10  | / system! {
[INFO] [stdout] 11  | |     /// [International System of Quantities](http://jcgm.bipm.org/vim/en/1.6.html) (ISQ).
[INFO] [stdout] 12  | |     quantities: ISQ {
[INFO] [stdout] 13  | |         /// Length, one of the base quantities in the ISQ, denoted by the symbol L. The base unit
[INFO] [stdout] ...   |
[INFO] [stdout] 75  | |     }
[INFO] [stdout] 76  | | }
[INFO] [stdout]     | |_- in this macro invocation
[INFO] [stdout]     |
[INFO] [stdout]     = note: this error originates in a macro (in Nightly builds, run with -Z macro-backtrace for more info)
[INFO] [stdout] 
[INFO] [stdout] 
[INFO] [stdout] error[E0277]: the trait bound `<Z0 as std::ops::Add<<D as si::Dimension>::I>>::Output: Integer` is not satisfied
[INFO] [stdout]    --> /opt/rustwide/cargo-home/registry/src/github.com-1ecc6299db9ec823/uom-0.23.1/src/system.rs:509:29
[INFO] [stdout]     |
[INFO] [stdout] 236 |           pub struct Quantity<D, U, V>
[INFO] [stdout]     |                      -------- required by a bound in this
[INFO] [stdout] 237 |           where
[INFO] [stdout] 238 |               D: Dimension + ?Sized,
[INFO] [stdout]     |                  --------- required by this bound in `si::Quantity`
[INFO] [stdout] ...
[INFO] [stdout] 509 | /                             type Output = Quantity<
[INFO] [stdout] 510 | |                                 $quantities<
[INFO] [stdout] 511 | |                                     $($crate::typenum::$AddSubAlias<
[INFO] [stdout] 512 | |                                       $crate::typenum::Z0,
[INFO] [stdout] 513 | |                                       D::$symbol>,)+
[INFO] [stdout] 514 | |                                       D::Kind>,
[INFO] [stdout] 515 | |                                 U, V>;
[INFO] [stdout]     | |______________________________________^ the trait `Integer` is not implemented for `<Z0 as std::ops::Add<<D as si::Dimension>::I>>::Output`
[INFO] [stdout]     | 
[INFO] [stdout]    ::: /opt/rustwide/cargo-home/registry/src/github.com-1ecc6299db9ec823/uom-0.23.1/src/si/mod.rs:10:1
[INFO] [stdout]     |
[INFO] [stdout] 10  | / system! {
[INFO] [stdout] 11  | |     /// [International System of Quantities](http://jcgm.bipm.org/vim/en/1.6.html) (ISQ).
[INFO] [stdout] 12  | |     quantities: ISQ {
[INFO] [stdout] 13  | |         /// Length, one of the base quantities in the ISQ, denoted by the symbol L. The base unit
[INFO] [stdout] ...   |
[INFO] [stdout] 75  | |     }
[INFO] [stdout] 76  | | }
[INFO] [stdout]     | |_- in this macro invocation
[INFO] [stdout]     |
[INFO] [stdout]     = note: this error originates in a macro (in Nightly builds, run with -Z macro-backtrace for more info)
[INFO] [stdout] 
[INFO] [stdout] 
[INFO] [stdout] error[E0277]: the trait bound `<Z0 as std::ops::Add<<D as si::Dimension>::Th>>::Output: Integer` is not satisfied
[INFO] [stdout]    --> /opt/rustwide/cargo-home/registry/src/github.com-1ecc6299db9ec823/uom-0.23.1/src/system.rs:509:29
[INFO] [stdout]     |
[INFO] [stdout] 236 |           pub struct Quantity<D, U, V>
[INFO] [stdout]     |                      -------- required by a bound in this
[INFO] [stdout] 237 |           where
[INFO] [stdout] 238 |               D: Dimension + ?Sized,
[INFO] [stdout]     |                  --------- required by this bound in `si::Quantity`
[INFO] [stdout] ...
[INFO] [stdout] 509 | /                             type Output = Quantity<
[INFO] [stdout] 510 | |                                 $quantities<
[INFO] [stdout] 511 | |                                     $($crate::typenum::$AddSubAlias<
[INFO] [stdout] 512 | |                                       $crate::typenum::Z0,
[INFO] [stdout] 513 | |                                       D::$symbol>,)+
[INFO] [stdout] 514 | |                                       D::Kind>,
[INFO] [stdout] 515 | |                                 U, V>;
[INFO] [stdout]     | |______________________________________^ the trait `Integer` is not implemented for `<Z0 as std::ops::Add<<D as si::Dimension>::Th>>::Output`
[INFO] [stdout]     | 
[INFO] [stdout]    ::: /opt/rustwide/cargo-home/registry/src/github.com-1ecc6299db9ec823/uom-0.23.1/src/si/mod.rs:10:1
[INFO] [stdout]     |
[INFO] [stdout] 10  | / system! {
[INFO] [stdout] 11  | |     /// [International System of Quantities](http://jcgm.bipm.org/vim/en/1.6.html) (ISQ).
[INFO] [stdout] 12  | |     quantities: ISQ {
[INFO] [stdout] 13  | |         /// Length, one of the base quantities in the ISQ, denoted by the symbol L. The base unit
[INFO] [stdout] ...   |
[INFO] [stdout] 75  | |     }
[INFO] [stdout] 76  | | }
[INFO] [stdout]     | |_- in this macro invocation
[INFO] [stdout]     |
[INFO] [stdout]     = note: this error originates in a macro (in Nightly builds, run with -Z macro-backtrace for more info)
[INFO] [stdout] 
[INFO] [stdout] 
[INFO] [stdout] error[E0277]: the trait bound `<Z0 as std::ops::Add<<D as si::Dimension>::N>>::Output: Integer` is not satisfied
[INFO] [stdout]    --> /opt/rustwide/cargo-home/registry/src/github.com-1ecc6299db9ec823/uom-0.23.1/src/system.rs:509:29
[INFO] [stdout]     |
[INFO] [stdout] 236 |           pub struct Quantity<D, U, V>
[INFO] [stdout]     |                      -------- required by a bound in this
[INFO] [stdout] 237 |           where
[INFO] [stdout] 238 |               D: Dimension + ?Sized,
[INFO] [stdout]     |                  --------- required by this bound in `si::Quantity`
[INFO] [stdout] ...
[INFO] [stdout] 509 | /                             type Output = Quantity<
[INFO] [stdout] 510 | |                                 $quantities<
[INFO] [stdout] 511 | |                                     $($crate::typenum::$AddSubAlias<
[INFO] [stdout] 512 | |                                       $crate::typenum::Z0,
[INFO] [stdout] 513 | |                                       D::$symbol>,)+
[INFO] [stdout] 514 | |                                       D::Kind>,
[INFO] [stdout] 515 | |                                 U, V>;
[INFO] [stdout]     | |______________________________________^ the trait `Integer` is not implemented for `<Z0 as std::ops::Add<<D as si::Dimension>::N>>::Output`
[INFO] [stdout]     | 
[INFO] [stdout]    ::: /opt/rustwide/cargo-home/registry/src/github.com-1ecc6299db9ec823/uom-0.23.1/src/si/mod.rs:10:1
[INFO] [stdout]     |
[INFO] [stdout] 10  | / system! {
[INFO] [stdout] 11  | |     /// [International System of Quantities](http://jcgm.bipm.org/vim/en/1.6.html) (ISQ).
[INFO] [stdout] 12  | |     quantities: ISQ {
[INFO] [stdout] 13  | |         /// Length, one of the base quantities in the ISQ, denoted by the symbol L. The base unit
[INFO] [stdout] ...   |
[INFO] [stdout] 75  | |     }
[INFO] [stdout] 76  | | }
[INFO] [stdout]     | |_- in this macro invocation
[INFO] [stdout]     |
[INFO] [stdout]     = note: this error originates in a macro (in Nightly builds, run with -Z macro-backtrace for more info)
[INFO] [stdout] 
[INFO] [stdout] 
[INFO] [stdout] error[E0277]: the trait bound `<Z0 as std::ops::Add<<D as si::Dimension>::J>>::Output: Integer` is not satisfied
[INFO] [stdout]    --> /opt/rustwide/cargo-home/registry/src/github.com-1ecc6299db9ec823/uom-0.23.1/src/system.rs:509:29
[INFO] [stdout]     |
[INFO] [stdout] 236 |           pub struct Quantity<D, U, V>
[INFO] [stdout]     |                      -------- required by a bound in this
[INFO] [stdout] 237 |           where
[INFO] [stdout] 238 |               D: Dimension + ?Sized,
[INFO] [stdout]     |                  --------- required by this bound in `si::Quantity`
[INFO] [stdout] ...
[INFO] [stdout] 509 | /                             type Output = Quantity<
[INFO] [stdout] 510 | |                                 $quantities<
[INFO] [stdout] 511 | |                                     $($crate::typenum::$AddSubAlias<
[INFO] [stdout] 512 | |                                       $crate::typenum::Z0,
[INFO] [stdout] 513 | |                                       D::$symbol>,)+
[INFO] [stdout] 514 | |                                       D::Kind>,
[INFO] [stdout] 515 | |                                 U, V>;
[INFO] [stdout]     | |______________________________________^ the trait `Integer` is not implemented for `<Z0 as std::ops::Add<<D as si::Dimension>::J>>::Output`
[INFO] [stdout]     | 
[INFO] [stdout]    ::: /opt/rustwide/cargo-home/registry/src/github.com-1ecc6299db9ec823/uom-0.23.1/src/si/mod.rs:10:1
[INFO] [stdout]     |
[INFO] [stdout] 10  | / system! {
[INFO] [stdout] 11  | |     /// [International System of Quantities](http://jcgm.bipm.org/vim/en/1.6.html) (ISQ).
[INFO] [stdout] 12  | |     quantities: ISQ {
[INFO] [stdout] 13  | |         /// Length, one of the base quantities in the ISQ, denoted by the symbol L. The base unit
[INFO] [stdout] ...   |
[INFO] [stdout] 75  | |     }
[INFO] [stdout] 76  | | }
[INFO] [stdout]     | |_- in this macro invocation
[INFO] [stdout]     |
[INFO] [stdout]     = note: this error originates in a macro (in Nightly builds, run with -Z macro-backtrace for more info)
[INFO] [stdout] 
[INFO] [stdout] 
[INFO] [stdout] error[E0277]: the trait bound `<Z0 as std::ops::Add<<D as si::Dimension>::L>>::Output: Integer` is not satisfied
[INFO] [stdout]    --> /opt/rustwide/cargo-home/registry/src/github.com-1ecc6299db9ec823/uom-0.23.1/src/system.rs:518:77
[INFO] [stdout]     |
[INFO] [stdout] 236 |           pub struct Quantity<D, U, V>
[INFO] [stdout]     |                      -------- required by a bound in this
[INFO] [stdout] 237 |           where
[INFO] [stdout] 238 |               D: Dimension + ?Sized,
[INFO] [stdout]     |                  --------- required by this bound in `si::Quantity`
[INFO] [stdout] ...
[INFO] [stdout] 518 |                               fn $muldiv_fun(self, rhs: Quantity<D, U, V>) -> Self::Output {
[INFO] [stdout]     |                                                                               ^^^^^^^^^^^^ the trait `Integer` is not implemented for `<Z0 as std::ops::Add<<D as si::Dimension>::L>>::Output`
[INFO] [stdout]     | 
[INFO] [stdout]    ::: /opt/rustwide/cargo-home/registry/src/github.com-1ecc6299db9ec823/uom-0.23.1/src/si/mod.rs:10:1
[INFO] [stdout]     |
[INFO] [stdout] 10  | / system! {
[INFO] [stdout] 11  | |     /// [International System of Quantities](http://jcgm.bipm.org/vim/en/1.6.html) (ISQ).
[INFO] [stdout] 12  | |     quantities: ISQ {
[INFO] [stdout] 13  | |         /// Length, one of the base quantities in the ISQ, denoted by the symbol L. The base unit
[INFO] [stdout] ...   |
[INFO] [stdout] 75  | |     }
[INFO] [stdout] 76  | | }
[INFO] [stdout]     | |_- in this macro invocation
[INFO] [stdout]     |
[INFO] [stdout]     = note: this error originates in a macro (in Nightly builds, run with -Z macro-backtrace for more info)
[INFO] [stdout] 
[INFO] [stdout] 
[INFO] [stdout] error[E0277]: the trait bound `<Z0 as std::ops::Add<<D as si::Dimension>::M>>::Output: Integer` is not satisfied
[INFO] [stdout]    --> /opt/rustwide/cargo-home/registry/src/github.com-1ecc6299db9ec823/uom-0.23.1/src/system.rs:518:77
[INFO] [stdout]     |
[INFO] [stdout] 236 |           pub struct Quantity<D, U, V>
[INFO] [stdout]     |                      -------- required by a bound in this
[INFO] [stdout] 237 |           where
[INFO] [stdout] 238 |               D: Dimension + ?Sized,
[INFO] [stdout]     |                  --------- required by this bound in `si::Quantity`
[INFO] [stdout] ...
[INFO] [stdout] 518 |                               fn $muldiv_fun(self, rhs: Quantity<D, U, V>) -> Self::Output {
[INFO] [stdout]     |                                                                               ^^^^^^^^^^^^ the trait `Integer` is not implemented for `<Z0 as std::ops::Add<<D as si::Dimension>::M>>::Output`
[INFO] [stdout]     | 
[INFO] [stdout]    ::: /opt/rustwide/cargo-home/registry/src/github.com-1ecc6299db9ec823/uom-0.23.1/src/si/mod.rs:10:1
[INFO] [stdout]     |
[INFO] [stdout] 10  | / system! {
[INFO] [stdout] 11  | |     /// [International System of Quantities](http://jcgm.bipm.org/vim/en/1.6.html) (ISQ).
[INFO] [stdout] 12  | |     quantities: ISQ {
[INFO] [stdout] 13  | |         /// Length, one of the base quantities in the ISQ, denoted by the symbol L. The base unit
[INFO] [stdout] ...   |
[INFO] [stdout] 75  | |     }
[INFO] [stdout] 76  | | }
[INFO] [stdout]     | |_- in this macro invocation
[INFO] [stdout]     |
[INFO] [stdout]     = note: this error originates in a macro (in Nightly builds, run with -Z macro-backtrace for more info)
[INFO] [stdout] 
[INFO] [stdout] 
[INFO] [stdout] error[E0277]: the trait bound `<Z0 as std::ops::Add<<D as si::Dimension>::T>>::Output: Integer` is not satisfied
[INFO] [stdout]    --> /opt/rustwide/cargo-home/registry/src/github.com-1ecc6299db9ec823/uom-0.23.1/src/system.rs:518:77
[INFO] [stdout]     |
[INFO] [stdout] 236 |           pub struct Quantity<D, U, V>
[INFO] [stdout]     |                      -------- required by a bound in this
[INFO] [stdout] 237 |           where
[INFO] [stdout] 238 |               D: Dimension + ?Sized,
[INFO] [stdout]     |                  --------- required by this bound in `si::Quantity`
[INFO] [stdout] ...
[INFO] [stdout] 518 |                               fn $muldiv_fun(self, rhs: Quantity<D, U, V>) -> Self::Output {
[INFO] [stdout]     |                                                                               ^^^^^^^^^^^^ the trait `Integer` is not implemented for `<Z0 as std::ops::Add<<D as si::Dimension>::T>>::Output`
[INFO] [stdout]     | 
[INFO] [stdout]    ::: /opt/rustwide/cargo-home/registry/src/github.com-1ecc6299db9ec823/uom-0.23.1/src/si/mod.rs:10:1
[INFO] [stdout]     |
[INFO] [stdout] 10  | / system! {
[INFO] [stdout] 11  | |     /// [International System of Quantities](http://jcgm.bipm.org/vim/en/1.6.html) (ISQ).
[INFO] [stdout] 12  | |     quantities: ISQ {
[INFO] [stdout] 13  | |         /// Length, one of the base quantities in the ISQ, denoted by the symbol L. The base unit
[INFO] [stdout] ...   |
[INFO] [stdout] 75  | |     }
[INFO] [stdout] 76  | | }
[INFO] [stdout]     | |_- in this macro invocation
[INFO] [stdout]     |
[INFO] [stdout]     = note: this error originates in a macro (in Nightly builds, run with -Z macro-backtrace for more info)
[INFO] [stdout] 
[INFO] [stdout] 
[INFO] [stdout] error[E0277]: the trait bound `<Z0 as std::ops::Add<<D as si::Dimension>::I>>::Output: Integer` is not satisfied
[INFO] [stdout]    --> /opt/rustwide/cargo-home/registry/src/github.com-1ecc6299db9ec823/uom-0.23.1/src/system.rs:518:77
[INFO] [stdout]     |
[INFO] [stdout] 236 |           pub struct Quantity<D, U, V>
[INFO] [stdout]     |                      -------- required by a bound in this
[INFO] [stdout] 237 |           where
[INFO] [stdout] 238 |               D: Dimension + ?Sized,
[INFO] [stdout]     |                  --------- required by this bound in `si::Quantity`
[INFO] [stdout] ...
[INFO] [stdout] 518 |                               fn $muldiv_fun(self, rhs: Quantity<D, U, V>) -> Self::Output {
[INFO] [stdout]     |                                                                               ^^^^^^^^^^^^ the trait `Integer` is not implemented for `<Z0 as std::ops::Add<<D as si::Dimension>::I>>::Output`
[INFO] [stdout]     | 
[INFO] [stdout]    ::: /opt/rustwide/cargo-home/registry/src/github.com-1ecc6299db9ec823/uom-0.23.1/src/si/mod.rs:10:1
[INFO] [stdout]     |
[INFO] [stdout] 10  | / system! {
[INFO] [stdout] 11  | |     /// [International System of Quantities](http://jcgm.bipm.org/vim/en/1.6.html) (ISQ).
[INFO] [stdout] 12  | |     quantities: ISQ {
[INFO] [stdout] 13  | |         /// Length, one of the base quantities in the ISQ, denoted by the symbol L. The base unit
[INFO] [stdout] ...   |
[INFO] [stdout] 75  | |     }
[INFO] [stdout] 76  | | }
[INFO] [stdout]     | |_- in this macro invocation
[INFO] [stdout]     |
[INFO] [stdout]     = note: this error originates in a macro (in Nightly builds, run with -Z macro-backtrace for more info)
[INFO] [stdout] 
[INFO] [stdout] 
[INFO] [stdout] error[E0277]: the trait bound `<Z0 as std::ops::Add<<D as si::Dimension>::Th>>::Output: Integer` is not satisfied
[INFO] [stdout]    --> /opt/rustwide/cargo-home/registry/src/github.com-1ecc6299db9ec823/uom-0.23.1/src/system.rs:518:77
[INFO] [stdout]     |
[INFO] [stdout] 236 |           pub struct Quantity<D, U, V>
[INFO] [stdout]     |                      -------- required by a bound in this
[INFO] [stdout] 237 |           where
[INFO] [stdout] 238 |               D: Dimension + ?Sized,
[INFO] [stdout]     |                  --------- required by this bound in `si::Quantity`
[INFO] [stdout] ...
[INFO] [stdout] 518 |                               fn $muldiv_fun(self, rhs: Quantity<D, U, V>) -> Self::Output {
[INFO] [stdout]     |                                                                               ^^^^^^^^^^^^ the trait `Integer` is not implemented for `<Z0 as std::ops::Add<<D as si::Dimension>::Th>>::Output`
[INFO] [stdout]     | 
[INFO] [stdout]    ::: /opt/rustwide/cargo-home/registry/src/github.com-1ecc6299db9ec823/uom-0.23.1/src/si/mod.rs:10:1
[INFO] [stdout]     |
[INFO] [stdout] 10  | / system! {
[INFO] [stdout] 11  | |     /// [International System of Quantities](http://jcgm.bipm.org/vim/en/1.6.html) (ISQ).
[INFO] [stdout] 12  | |     quantities: ISQ {
[INFO] [stdout] 13  | |         /// Length, one of the base quantities in the ISQ, denoted by the symbol L. The base unit
[INFO] [stdout] ...   |
[INFO] [stdout] 75  | |     }
[INFO] [stdout] 76  | | }
[INFO] [stdout]     | |_- in this macro invocation
[INFO] [stdout]     |
[INFO] [stdout]     = note: this error originates in a macro (in Nightly builds, run with -Z macro-backtrace for more info)
[INFO] [stdout] 
[INFO] [stdout] 
[INFO] [stdout] error[E0277]: the trait bound `<Z0 as std::ops::Add<<D as si::Dimension>::N>>::Output: Integer` is not satisfied
[INFO] [stdout]    --> /opt/rustwide/cargo-home/registry/src/github.com-1ecc6299db9ec823/uom-0.23.1/src/system.rs:518:77
[INFO] [stdout]     |
[INFO] [stdout] 236 |           pub struct Quantity<D, U, V>
[INFO] [stdout]     |                      -------- required by a bound in this
[INFO] [stdout] 237 |           where
[INFO] [stdout] 238 |               D: Dimension + ?Sized,
[INFO] [stdout]     |                  --------- required by this bound in `si::Quantity`
[INFO] [stdout] ...
[INFO] [stdout] 518 |                               fn $muldiv_fun(self, rhs: Quantity<D, U, V>) -> Self::Output {
[INFO] [stdout]     |                                                                               ^^^^^^^^^^^^ the trait `Integer` is not implemented for `<Z0 as std::ops::Add<<D as si::Dimension>::N>>::Output`
[INFO] [stdout]     | 
[INFO] [stdout]    ::: /opt/rustwide/cargo-home/registry/src/github.com-1ecc6299db9ec823/uom-0.23.1/src/si/mod.rs:10:1
[INFO] [stdout]     |
[INFO] [stdout] 10  | / system! {
[INFO] [stdout] 11  | |     /// [International System of Quantities](http://jcgm.bipm.org/vim/en/1.6.html) (ISQ).
[INFO] [stdout] 12  | |     quantities: ISQ {
[INFO] [stdout] 13  | |         /// Length, one of the base quantities in the ISQ, denoted by the symbol L. The base unit
[INFO] [stdout] ...   |
[INFO] [stdout] 75  | |     }
[INFO] [stdout] 76  | | }
[INFO] [stdout]     | |_- in this macro invocation
[INFO] [stdout]     |
[INFO] [stdout]     = note: this error originates in a macro (in Nightly builds, run with -Z macro-backtrace for more info)
[INFO] [stdout] 
[INFO] [stdout] 
[INFO] [stdout] error[E0277]: the trait bound `<Z0 as std::ops::Add<<D as si::Dimension>::J>>::Output: Integer` is not satisfied
[INFO] [stdout]    --> /opt/rustwide/cargo-home/registry/src/github.com-1ecc6299db9ec823/uom-0.23.1/src/system.rs:518:77
[INFO] [stdout]     |
[INFO] [stdout] 236 |           pub struct Quantity<D, U, V>
[INFO] [stdout]     |                      -------- required by a bound in this
[INFO] [stdout] 237 |           where
[INFO] [stdout] 238 |               D: Dimension + ?Sized,
[INFO] [stdout]     |                  --------- required by this bound in `si::Quantity`
[INFO] [stdout] ...
[INFO] [stdout] 518 |                               fn $muldiv_fun(self, rhs: Quantity<D, U, V>) -> Self::Output {
[INFO] [stdout]     |                                                                               ^^^^^^^^^^^^ the trait `Integer` is not implemented for `<Z0 as std::ops::Add<<D as si::Dimension>::J>>::Output`
[INFO] [stdout]     | 
[INFO] [stdout]    ::: /opt/rustwide/cargo-home/registry/src/github.com-1ecc6299db9ec823/uom-0.23.1/src/si/mod.rs:10:1
[INFO] [stdout]     |
[INFO] [stdout] 10  | / system! {
[INFO] [stdout] 11  | |     /// [International System of Quantities](http://jcgm.bipm.org/vim/en/1.6.html) (ISQ).
[INFO] [stdout] 12  | |     quantities: ISQ {
[INFO] [stdout] 13  | |         /// Length, one of the base quantities in the ISQ, denoted by the symbol L. The base unit
[INFO] [stdout] ...   |
[INFO] [stdout] 75  | |     }
[INFO] [stdout] 76  | | }
[INFO] [stdout]     | |_- in this macro invocation
[INFO] [stdout]     |
[INFO] [stdout]     = note: this error originates in a macro (in Nightly builds, run with -Z macro-backtrace for more info)
[INFO] [stdout] 
[INFO] [stdout] 
[INFO] [stdout] error[E0277]: the trait bound `<<Dl as si::Dimension>::L as std::ops::Sub<<Dr as si::Dimension>::L>>::Output: Integer` is not satisfied
[INFO] [stdout]    --> /opt/rustwide/cargo-home/registry/src/github.com-1ecc6299db9ec823/uom-0.23.1/src/system.rs:424:21
[INFO] [stdout]     |
[INFO] [stdout] 236 |           pub struct Quantity<D, U, V>
[INFO] [stdout]     |                      -------- required by a bound in this
[INFO] [stdout] 237 |           where
[INFO] [stdout] 238 |               D: Dimension + ?Sized,
[INFO] [stdout]     |                  --------- required by this bound in `si::Quantity`
[INFO] [stdout] ...
[INFO] [stdout] 424 | /                     type Output = Quantity<
[INFO] [stdout] 425 | |                         $quantities<$($crate::typenum::$AddSubAlias<Dl::$symbol, Dr::$symbol>,)+>,
[INFO] [stdout] 426 | |                         Ul, V>;
[INFO] [stdout]     | |_______________________________^ the trait `Integer` is not implemented for `<<Dl as si::Dimension>::L as std::ops::Sub<<Dr as si::Dimension>::L>>::Output`
[INFO] [stdout]     | 
[INFO] [stdout]    ::: /opt/rustwide/cargo-home/registry/src/github.com-1ecc6299db9ec823/uom-0.23.1/src/si/mod.rs:10:1
[INFO] [stdout]     |
[INFO] [stdout] 10  | / system! {
[INFO] [stdout] 11  | |     /// [International System of Quantities](http://jcgm.bipm.org/vim/en/1.6.html) (ISQ).
[INFO] [stdout] 12  | |     quantities: ISQ {
[INFO] [stdout] 13  | |         /// Length, one of the base quantities in the ISQ, denoted by the symbol L. The base unit
[INFO] [stdout] ...   |
[INFO] [stdout] 75  | |     }
[INFO] [stdout] 76  | | }
[INFO] [stdout]     | |_- in this macro invocation
[INFO] [stdout]     |
[INFO] [stdout]     = note: this error originates in a macro (in Nightly builds, run with -Z macro-backtrace for more info)
[INFO] [stdout] 
[INFO] [stdout] 
[INFO] [stdout] error[E0277]: the trait bound `<<Dl as si::Dimension>::M as std::ops::Sub<<Dr as si::Dimension>::M>>::Output: Integer` is not satisfied
[INFO] [stdout]    --> /opt/rustwide/cargo-home/registry/src/github.com-1ecc6299db9ec823/uom-0.23.1/src/system.rs:424:21
[INFO] [stdout]     |
[INFO] [stdout] 236 |           pub struct Quantity<D, U, V>
[INFO] [stdout]     |                      -------- required by a bound in this
[INFO] [stdout] 237 |           where
[INFO] [stdout] 238 |               D: Dimension + ?Sized,
[INFO] [stdout]     |                  --------- required by this bound in `si::Quantity`
[INFO] [stdout] ...
[INFO] [stdout] 424 | /                     type Output = Quantity<
[INFO] [stdout] 425 | |                         $quantities<$($crate::typenum::$AddSubAlias<Dl::$symbol, Dr::$symbol>,)+>,
[INFO] [stdout] 426 | |                         Ul, V>;
[INFO] [stdout]     | |_______________________________^ the trait `Integer` is not implemented for `<<Dl as si::Dimension>::M as std::ops::Sub<<Dr as si::Dimension>::M>>::Output`
[INFO] [stdout]     | 
[INFO] [stdout]    ::: /opt/rustwide/cargo-home/registry/src/github.com-1ecc6299db9ec823/uom-0.23.1/src/si/mod.rs:10:1
[INFO] [stdout]     |
[INFO] [stdout] 10  | / system! {
[INFO] [stdout] 11  | |     /// [International System of Quantities](http://jcgm.bipm.org/vim/en/1.6.html) (ISQ).
[INFO] [stdout] 12  | |     quantities: ISQ {
[INFO] [stdout] 13  | |         /// Length, one of the base quantities in the ISQ, denoted by the symbol L. The base unit
[INFO] [stdout] ...   |
[INFO] [stdout] 75  | |     }
[INFO] [stdout] 76  | | }
[INFO] [stdout]     | |_- in this macro invocation
[INFO] [stdout]     |
[INFO] [stdout]     = note: this error originates in a macro (in Nightly builds, run with -Z macro-backtrace for more info)
[INFO] [stdout] 
[INFO] [stdout] 
[INFO] [stdout] error[E0277]: the trait bound `<<Dl as si::Dimension>::T as std::ops::Sub<<Dr as si::Dimension>::T>>::Output: Integer` is not satisfied
[INFO] [stdout]    --> /opt/rustwide/cargo-home/registry/src/github.com-1ecc6299db9ec823/uom-0.23.1/src/system.rs:424:21
[INFO] [stdout]     |
[INFO] [stdout] 236 |           pub struct Quantity<D, U, V>
[INFO] [stdout]     |                      -------- required by a bound in this
[INFO] [stdout] 237 |           where
[INFO] [stdout] 238 |               D: Dimension + ?Sized,
[INFO] [stdout]     |                  --------- required by this bound in `si::Quantity`
[INFO] [stdout] ...
[INFO] [stdout] 424 | /                     type Output = Quantity<
[INFO] [stdout] 425 | |                         $quantities<$($crate::typenum::$AddSubAlias<Dl::$symbol, Dr::$symbol>,)+>,
[INFO] [stdout] 426 | |                         Ul, V>;
[INFO] [stdout]     | |_______________________________^ the trait `Integer` is not implemented for `<<Dl as si::Dimension>::T as std::ops::Sub<<Dr as si::Dimension>::T>>::Output`
[INFO] [stdout]     | 
[INFO] [stdout]    ::: /opt/rustwide/cargo-home/registry/src/github.com-1ecc6299db9ec823/uom-0.23.1/src/si/mod.rs:10:1
[INFO] [stdout]     |
[INFO] [stdout] 10  | / system! {
[INFO] [stdout] 11  | |     /// [International System of Quantities](http://jcgm.bipm.org/vim/en/1.6.html) (ISQ).
[INFO] [stdout] 12  | |     quantities: ISQ {
[INFO] [stdout] 13  | |         /// Length, one of the base quantities in the ISQ, denoted by the symbol L. The base unit
[INFO] [stdout] ...   |
[INFO] [stdout] 75  | |     }
[INFO] [stdout] 76  | | }
[INFO] [stdout]     | |_- in this macro invocation
[INFO] [stdout]     |
[INFO] [stdout]     = note: this error originates in a macro (in Nightly builds, run with -Z macro-backtrace for more info)
[INFO] [stdout] 
[INFO] [stdout] 
[INFO] [stdout] error[E0277]: the trait bound `<<Dl as si::Dimension>::I as std::ops::Sub<<Dr as si::Dimension>::I>>::Output: Integer` is not satisfied
[INFO] [stdout]    --> /opt/rustwide/cargo-home/registry/src/github.com-1ecc6299db9ec823/uom-0.23.1/src/system.rs:424:21
[INFO] [stdout]     |
[INFO] [stdout] 236 |           pub struct Quantity<D, U, V>
[INFO] [stdout]     |                      -------- required by a bound in this
[INFO] [stdout] 237 |           where
[INFO] [stdout] 238 |               D: Dimension + ?Sized,
[INFO] [stdout]     |                  --------- required by this bound in `si::Quantity`
[INFO] [stdout] ...
[INFO] [stdout] 424 | /                     type Output = Quantity<
[INFO] [stdout] 425 | |                         $quantities<$($crate::typenum::$AddSubAlias<Dl::$symbol, Dr::$symbol>,)+>,
[INFO] [stdout] 426 | |                         Ul, V>;
[INFO] [stdout]     | |_______________________________^ the trait `Integer` is not implemented for `<<Dl as si::Dimension>::I as std::ops::Sub<<Dr as si::Dimension>::I>>::Output`
[INFO] [stdout]     | 
[INFO] [stdout]    ::: /opt/rustwide/cargo-home/registry/src/github.com-1ecc6299db9ec823/uom-0.23.1/src/si/mod.rs:10:1
[INFO] [stdout]     |
[INFO] [stdout] 10  | / system! {
[INFO] [stdout] 11  | |     /// [International System of Quantities](http://jcgm.bipm.org/vim/en/1.6.html) (ISQ).
[INFO] [stdout] 12  | |     quantities: ISQ {
[INFO] [stdout] 13  | |         /// Length, one of the base quantities in the ISQ, denoted by the symbol L. The base unit
[INFO] [stdout] ...   |
[INFO] [stdout] 75  | |     }
[INFO] [stdout] 76  | | }
[INFO] [stdout]     | |_- in this macro invocation
[INFO] [stdout]     |
[INFO] [stdout]     = note: this error originates in a macro (in Nightly builds, run with -Z macro-backtrace for more info)
[INFO] [stdout] 
[INFO] [stdout] 
[INFO] [stdout] error[E0277]: the trait bound `<<Dl as si::Dimension>::Th as std::ops::Sub<<Dr as si::Dimension>::Th>>::Output: Integer` is not satisfied
[INFO] [stdout]    --> /opt/rustwide/cargo-home/registry/src/github.com-1ecc6299db9ec823/uom-0.23.1/src/system.rs:424:21
[INFO] [stdout]     |
[INFO] [stdout] 236 |           pub struct Quantity<D, U, V>
[INFO] [stdout]     |                      -------- required by a bound in this
[INFO] [stdout] 237 |           where
[INFO] [stdout] 238 |               D: Dimension + ?Sized,
[INFO] [stdout]     |                  --------- required by this bound in `si::Quantity`
[INFO] [stdout] ...
[INFO] [stdout] 424 | /                     type Output = Quantity<
[INFO] [stdout] 425 | |                         $quantities<$($crate::typenum::$AddSubAlias<Dl::$symbol, Dr::$symbol>,)+>,
[INFO] [stdout] 426 | |                         Ul, V>;
[INFO] [stdout]     | |_______________________________^ the trait `Integer` is not implemented for `<<Dl as si::Dimension>::Th as std::ops::Sub<<Dr as si::Dimension>::Th>>::Output`
[INFO] [stdout]     | 
[INFO] [stdout]    ::: /opt/rustwide/cargo-home/registry/src/github.com-1ecc6299db9ec823/uom-0.23.1/src/si/mod.rs:10:1
[INFO] [stdout]     |
[INFO] [stdout] 10  | / system! {
[INFO] [stdout] 11  | |     /// [International System of Quantities](http://jcgm.bipm.org/vim/en/1.6.html) (ISQ).
[INFO] [stdout] 12  | |     quantities: ISQ {
[INFO] [stdout] 13  | |         /// Length, one of the base quantities in the ISQ, denoted by the symbol L. The base unit
[INFO] [stdout] ...   |
[INFO] [stdout] 75  | |     }
[INFO] [stdout] 76  | | }
[INFO] [stdout]     | |_- in this macro invocation
[INFO] [stdout]     |
[INFO] [stdout]     = note: this error originates in a macro (in Nightly builds, run with -Z macro-backtrace for more info)
[INFO] [stdout] 
[INFO] [stdout] 
[INFO] [stdout] error[E0277]: the trait bound `<<Dl as si::Dimension>::N as std::ops::Sub<<Dr as si::Dimension>::N>>::Output: Integer` is not satisfied
[INFO] [stdout]    --> /opt/rustwide/cargo-home/registry/src/github.com-1ecc6299db9ec823/uom-0.23.1/src/system.rs:424:21
[INFO] [stdout]     |
[INFO] [stdout] 236 |           pub struct Quantity<D, U, V>
[INFO] [stdout]     |                      -------- required by a bound in this
[INFO] [stdout] 237 |           where
[INFO] [stdout] 238 |               D: Dimension + ?Sized,
[INFO] [stdout]     |                  --------- required by this bound in `si::Quantity`
[INFO] [stdout] ...
[INFO] [stdout] 424 | /                     type Output = Quantity<
[INFO] [stdout] 425 | |                         $quantities<$($crate::typenum::$AddSubAlias<Dl::$symbol, Dr::$symbol>,)+>,
[INFO] [stdout] 426 | |                         Ul, V>;
[INFO] [stdout]     | |_______________________________^ the trait `Integer` is not implemented for `<<Dl as si::Dimension>::N as std::ops::Sub<<Dr as si::Dimension>::N>>::Output`
[INFO] [stdout]     | 
[INFO] [stdout]    ::: /opt/rustwide/cargo-home/registry/src/github.com-1ecc6299db9ec823/uom-0.23.1/src/si/mod.rs:10:1
[INFO] [stdout]     |
[INFO] [stdout] 10  | / system! {
[INFO] [stdout] 11  | |     /// [International System of Quantities](http://jcgm.bipm.org/vim/en/1.6.html) (ISQ).
[INFO] [stdout] 12  | |     quantities: ISQ {
[INFO] [stdout] 13  | |         /// Length, one of the base quantities in the ISQ, denoted by the symbol L. The base unit
[INFO] [stdout] ...   |
[INFO] [stdout] 75  | |     }
[INFO] [stdout] 76  | | }
[INFO] [stdout]     | |_- in this macro invocation
[INFO] [stdout]     |
[INFO] [stdout]     = note: this error originates in a macro (in Nightly builds, run with -Z macro-backtrace for more info)
[INFO] [stdout] 
[INFO] [stdout] 
[INFO] [stdout] error[E0277]: the trait bound `<<Dl as si::Dimension>::J as std::ops::Sub<<Dr as si::Dimension>::J>>::Output: Integer` is not satisfied
[INFO] [stdout]    --> /opt/rustwide/cargo-home/registry/src/github.com-1ecc6299db9ec823/uom-0.23.1/src/system.rs:424:21
[INFO] [stdout]     |
[INFO] [stdout] 236 |           pub struct Quantity<D, U, V>
[INFO] [stdout]     |                      -------- required by a bound in this
[INFO] [stdout] 237 |           where
[INFO] [stdout] 238 |               D: Dimension + ?Sized,
[INFO] [stdout]     |                  --------- required by this bound in `si::Quantity`
[INFO] [stdout] ...
[INFO] [stdout] 424 | /                     type Output = Quantity<
[INFO] [stdout] 425 | |                         $quantities<$($crate::typenum::$AddSubAlias<Dl::$symbol, Dr::$symbol>,)+>,
[INFO] [stdout] 426 | |                         Ul, V>;
[INFO] [stdout]     | |_______________________________^ the trait `Integer` is not implemented for `<<Dl as si::Dimension>::J as std::ops::Sub<<Dr as si::Dimension>::J>>::Output`
[INFO] [stdout]     | 
[INFO] [stdout]    ::: /opt/rustwide/cargo-home/registry/src/github.com-1ecc6299db9ec823/uom-0.23.1/src/si/mod.rs:10:1
[INFO] [stdout]     |
[INFO] [stdout] 10  | / system! {
[INFO] [stdout] 11  | |     /// [International System of Quantities](http://jcgm.bipm.org/vim/en/1.6.html) (ISQ).
[INFO] [stdout] 12  | |     quantities: ISQ {
[INFO] [stdout] 13  | |         /// Length, one of the base quantities in the ISQ, denoted by the symbol L. The base unit
[INFO] [stdout] ...   |
[INFO] [stdout] 75  | |     }
[INFO] [stdout] 76  | | }
[INFO] [stdout]     | |_- in this macro invocation
[INFO] [stdout]     |
[INFO] [stdout]     = note: this error originates in a macro (in Nightly builds, run with -Z macro-backtrace for more info)
[INFO] [stdout] 
[INFO] [stdout] 
[INFO] [stdout] error[E0277]: the trait bound `<<Dl as si::Dimension>::L as std::ops::Sub<<Dr as si::Dimension>::L>>::Output: Integer` is not satisfied
[INFO] [stdout]    --> /opt/rustwide/cargo-home/registry/src/github.com-1ecc6299db9ec823/uom-0.23.1/src/system.rs:429:71
[INFO] [stdout]     |
[INFO] [stdout] 236 |           pub struct Quantity<D, U, V>
[INFO] [stdout]     |                      -------- required by a bound in this
[INFO] [stdout] 237 |           where
[INFO] [stdout] 238 |               D: Dimension + ?Sized,
[INFO] [stdout]     |                  --------- required by this bound in `si::Quantity`
[INFO] [stdout] ...
[INFO] [stdout] 429 |                       fn $muldiv_fun(self, rhs: Quantity<Dr, Ur, V>) -> Self::Output {
[INFO] [stdout]     |                                                                         ^^^^^^^^^^^^ the trait `Integer` is not implemented for `<<Dl as si::Dimension>::L as std::ops::Sub<<Dr as si::Dimension>::L>>::Output`
[INFO] [stdout]     | 
[INFO] [stdout]    ::: /opt/rustwide/cargo-home/registry/src/github.com-1ecc6299db9ec823/uom-0.23.1/src/si/mod.rs:10:1
[INFO] [stdout]     |
[INFO] [stdout] 10  | / system! {
[INFO] [stdout] 11  | |     /// [International System of Quantities](http://jcgm.bipm.org/vim/en/1.6.html) (ISQ).
[INFO] [stdout] 12  | |     quantities: ISQ {
[INFO] [stdout] 13  | |         /// Length, one of the base quantities in the ISQ, denoted by the symbol L. The base unit
[INFO] [stdout] ...   |
[INFO] [stdout] 75  | |     }
[INFO] [stdout] 76  | | }
[INFO] [stdout]     | |_- in this macro invocation
[INFO] [stdout]     |
[INFO] [stdout]     = note: this error originates in a macro (in Nightly builds, run with -Z macro-backtrace for more info)
[INFO] [stdout] 
[INFO] [stdout] 
[INFO] [stdout] error[E0277]: the trait bound `<<Dl as si::Dimension>::M as std::ops::Sub<<Dr as si::Dimension>::M>>::Output: Integer` is not satisfied
[INFO] [stdout]    --> /opt/rustwide/cargo-home/registry/src/github.com-1ecc6299db9ec823/uom-0.23.1/src/system.rs:429:71
[INFO] [stdout]     |
[INFO] [stdout] 236 |           pub struct Quantity<D, U, V>
[INFO] [stdout]     |                      -------- required by a bound in this
[INFO] [stdout] 237 |           where
[INFO] [stdout] 238 |               D: Dimension + ?Sized,
[INFO] [stdout]     |                  --------- required by this bound in `si::Quantity`
[INFO] [stdout] ...
[INFO] [stdout] 429 |                       fn $muldiv_fun(self, rhs: Quantity<Dr, Ur, V>) -> Self::Output {
[INFO] [stdout]     |                                                                         ^^^^^^^^^^^^ the trait `Integer` is not implemented for `<<Dl as si::Dimension>::M as std::ops::Sub<<Dr as si::Dimension>::M>>::Output`
[INFO] [stdout]     | 
[INFO] [stdout]    ::: /opt/rustwide/cargo-home/registry/src/github.com-1ecc6299db9ec823/uom-0.23.1/src/si/mod.rs:10:1
[INFO] [stdout]     |
[INFO] [stdout] 10  | / system! {
[INFO] [stdout] 11  | |     /// [International System of Quantities](http://jcgm.bipm.org/vim/en/1.6.html) (ISQ).
[INFO] [stdout] 12  | |     quantities: ISQ {
[INFO] [stdout] 13  | |         /// Length, one of the base quantities in the ISQ, denoted by the symbol L. The base unit
[INFO] [stdout] ...   |
[INFO] [stdout] 75  | |     }
[INFO] [stdout] 76  | | }
[INFO] [stdout]     | |_- in this macro invocation
[INFO] [stdout]     |
[INFO] [stdout]     = note: this error originates in a macro (in Nightly builds, run with -Z macro-backtrace for more info)
[INFO] [stdout] 
[INFO] [stdout] 
[INFO] [stdout] error[E0277]: the trait bound `<<Dl as si::Dimension>::T as std::ops::Sub<<Dr as si::Dimension>::T>>::Output: Integer` is not satisfied
[INFO] [stdout]    --> /opt/rustwide/cargo-home/registry/src/github.com-1ecc6299db9ec823/uom-0.23.1/src/system.rs:429:71
[INFO] [stdout]     |
[INFO] [stdout] 236 |           pub struct Quantity<D, U, V>
[INFO] [stdout]     |                      -------- required by a bound in this
[INFO] [stdout] 237 |           where
[INFO] [stdout] 238 |               D: Dimension + ?Sized,
[INFO] [stdout]     |                  --------- required by this bound in `si::Quantity`
[INFO] [stdout] ...
[INFO] [stdout] 429 |                       fn $muldiv_fun(self, rhs: Quantity<Dr, Ur, V>) -> Self::Output {
[INFO] [stdout]     |                                                                         ^^^^^^^^^^^^ the trait `Integer` is not implemented for `<<Dl as si::Dimension>::T as std::ops::Sub<<Dr as si::Dimension>::T>>::Output`
[INFO] [stdout]     | 
[INFO] [stdout]    ::: /opt/rustwide/cargo-home/registry/src/github.com-1ecc6299db9ec823/uom-0.23.1/src/si/mod.rs:10:1
[INFO] [stdout]     |
[INFO] [stdout] 10  | / system! {
[INFO] [stdout] 11  | |     /// [International System of Quantities](http://jcgm.bipm.org/vim/en/1.6.html) (ISQ).
[INFO] [stdout] 12  | |     quantities: ISQ {
[INFO] [stdout] 13  | |         /// Length, one of the base quantities in the ISQ, denoted by the symbol L. The base unit
[INFO] [stdout] ...   |
[INFO] [stdout] 75  | |     }
[INFO] [stdout] 76  | | }
[INFO] [stdout]     | |_- in this macro invocation
[INFO] [stdout]     |
[INFO] [stdout]     = note: this error originates in a macro (in Nightly builds, run with -Z macro-backtrace for more info)
[INFO] [stdout] 
[INFO] [stdout] 
[INFO] [stdout] error[E0277]: the trait bound `<<Dl as si::Dimension>::I as std::ops::Sub<<Dr as si::Dimension>::I>>::Output: Integer` is not satisfied
[INFO] [stdout]    --> /opt/rustwide/cargo-home/registry/src/github.com-1ecc6299db9ec823/uom-0.23.1/src/system.rs:429:71
[INFO] [stdout]     |
[INFO] [stdout] 236 |           pub struct Quantity<D, U, V>
[INFO] [stdout]     |                      -------- required by a bound in this
[INFO] [stdout] 237 |           where
[INFO] [stdout] 238 |               D: Dimension + ?Sized,
[INFO] [stdout]     |                  --------- required by this bound in `si::Quantity`
[INFO] [stdout] ...
[INFO] [stdout] 429 |                       fn $muldiv_fun(self, rhs: Quantity<Dr, Ur, V>) -> Self::Output {
[INFO] [stdout]     |                                                                         ^^^^^^^^^^^^ the trait `Integer` is not implemented for `<<Dl as si::Dimension>::I as std::ops::Sub<<Dr as si::Dimension>::I>>::Output`
[INFO] [stdout]     | 
[INFO] [stdout]    ::: /opt/rustwide/cargo-home/registry/src/github.com-1ecc6299db9ec823/uom-0.23.1/src/si/mod.rs:10:1
[INFO] [stdout]     |
[INFO] [stdout] 10  | / system! {
[INFO] [stdout] 11  | |     /// [International System of Quantities](http://jcgm.bipm.org/vim/en/1.6.html) (ISQ).
[INFO] [stdout] 12  | |     quantities: ISQ {
[INFO] [stdout] 13  | |         /// Length, one of the base quantities in the ISQ, denoted by the symbol L. The base unit
[INFO] [stdout] ...   |
[INFO] [stdout] 75  | |     }
[INFO] [stdout] 76  | | }
[INFO] [stdout]     | |_- in this macro invocation
[INFO] [stdout]     |
[INFO] [stdout]     = note: this error originates in a macro (in Nightly builds, run with -Z macro-backtrace for more info)
[INFO] [stdout] 
[INFO] [stdout] 
[INFO] [stdout] error[E0277]: the trait bound `<<Dl as si::Dimension>::Th as std::ops::Sub<<Dr as si::Dimension>::Th>>::Output: Integer` is not satisfied
[INFO] [stdout]    --> /opt/rustwide/cargo-home/registry/src/github.com-1ecc6299db9ec823/uom-0.23.1/src/system.rs:429:71
[INFO] [stdout]     |
[INFO] [stdout] 236 |           pub struct Quantity<D, U, V>
[INFO] [stdout]     |                      -------- required by a bound in this
[INFO] [stdout] 237 |           where
[INFO] [stdout] 238 |               D: Dimension + ?Sized,
[INFO] [stdout]     |                  --------- required by this bound in `si::Quantity`
[INFO] [stdout] ...
[INFO] [stdout] 429 |                       fn $muldiv_fun(self, rhs: Quantity<Dr, Ur, V>) -> Self::Output {
[INFO] [stdout]     |                                                                         ^^^^^^^^^^^^ the trait `Integer` is not implemented for `<<Dl as si::Dimension>::Th as std::ops::Sub<<Dr as si::Dimension>::Th>>::Output`
[INFO] [stdout]     | 
[INFO] [stdout]    ::: /opt/rustwide/cargo-home/registry/src/github.com-1ecc6299db9ec823/uom-0.23.1/src/si/mod.rs:10:1
[INFO] [stdout]     |
[INFO] [stdout] 10  | / system! {
[INFO] [stdout] 11  | |     /// [International System of Quantities](http://jcgm.bipm.org/vim/en/1.6.html) (ISQ).
[INFO] [stdout] 12  | |     quantities: ISQ {
[INFO] [stdout] 13  | |         /// Length, one of the base quantities in the ISQ, denoted by the symbol L. The base unit
[INFO] [stdout] ...   |
[INFO] [stdout] 75  | |     }
[INFO] [stdout] 76  | | }
[INFO] [stdout]     | |_- in this macro invocation
[INFO] [stdout]     |
[INFO] [stdout]     = note: this error originates in a macro (in Nightly builds, run with -Z macro-backtrace for more info)
[INFO] [stdout] 
[INFO] [stdout] 
[INFO] [stdout] error[E0277]: the trait bound `<<Dl as si::Dimension>::N as std::ops::Sub<<Dr as si::Dimension>::N>>::Output: Integer` is not satisfied
[INFO] [stdout]    --> /opt/rustwide/cargo-home/registry/src/github.com-1ecc6299db9ec823/uom-0.23.1/src/system.rs:429:71
[INFO] [stdout]     |
[INFO] [stdout] 236 |           pub struct Quantity<D, U, V>
[INFO] [stdout]     |                      -------- required by a bound in this
[INFO] [stdout] 237 |           where
[INFO] [stdout] 238 |               D: Dimension + ?Sized,
[INFO] [stdout]     |                  --------- required by this bound in `si::Quantity`
[INFO] [stdout] ...
[INFO] [stdout] 429 |                       fn $muldiv_fun(self, rhs: Quantity<Dr, Ur, V>) -> Self::Output {
[INFO] [stdout]     |                                                                         ^^^^^^^^^^^^ the trait `Integer` is not implemented for `<<Dl as si::Dimension>::N as std::ops::Sub<<Dr as si::Dimension>::N>>::Output`
[INFO] [stdout]     | 
[INFO] [stdout]    ::: /opt/rustwide/cargo-home/registry/src/github.com-1ecc6299db9ec823/uom-0.23.1/src/si/mod.rs:10:1
[INFO] [stdout]     |
[INFO] [stdout] 10  | / system! {
[INFO] [stdout] 11  | |     /// [International System of Quantities](http://jcgm.bipm.org/vim/en/1.6.html) (ISQ).
[INFO] [stdout] 12  | |     quantities: ISQ {
[INFO] [stdout] 13  | |         /// Length, one of the base quantities in the ISQ, denoted by the symbol L. The base unit
[INFO] [stdout] ...   |
[INFO] [stdout] 75  | |     }
[INFO] [stdout] 76  | | }
[INFO] [stdout]     | |_- in this macro invocation
[INFO] [stdout]     |
[INFO] [stdout]     = note: this error originates in a macro (in Nightly builds, run with -Z macro-backtrace for more info)
[INFO] [stdout] 
[INFO] [stdout] 
[INFO] [stdout] error[E0277]: the trait bound `<<Dl as si::Dimension>::J as std::ops::Sub<<Dr as si::Dimension>::J>>::Output: Integer` is not satisfied
[INFO] [stdout]    --> /opt/rustwide/cargo-home/registry/src/github.com-1ecc6299db9ec823/uom-0.23.1/src/system.rs:429:71
[INFO] [stdout]     |
[INFO] [stdout] 236 |           pub struct Quantity<D, U, V>
[INFO] [stdout]     |                      -------- required by a bound in this
[INFO] [stdout] 237 |           where
[INFO] [stdout] 238 |               D: Dimension + ?Sized,
[INFO] [stdout]     |                  --------- required by this bound in `si::Quantity`
[INFO] [stdout] ...
[INFO] [stdout] 429 |                       fn $muldiv_fun(self, rhs: Quantity<Dr, Ur, V>) -> Self::Output {
[INFO] [stdout]     |                                                                         ^^^^^^^^^^^^ the trait `Integer` is not implemented for `<<Dl as si::Dimension>::J as std::ops::Sub<<Dr as si::Dimension>::J>>::Output`
[INFO] [stdout]     | 
[INFO] [stdout]    ::: /opt/rustwide/cargo-home/registry/src/github.com-1ecc6299db9ec823/uom-0.23.1/src/si/mod.rs:10:1
[INFO] [stdout]     |
[INFO] [stdout] 10  | / system! {
[INFO] [stdout] 11  | |     /// [International System of Quantities](http://jcgm.bipm.org/vim/en/1.6.html) (ISQ).
[INFO] [stdout] 12  | |     quantities: ISQ {
[INFO] [stdout] 13  | |         /// Length, one of the base quantities in the ISQ, denoted by the symbol L. The base unit
[INFO] [stdout] ...   |
[INFO] [stdout] 75  | |     }
[INFO] [stdout] 76  | | }
[INFO] [stdout]     | |_- in this macro invocation
[INFO] [stdout]     |
[INFO] [stdout]     = note: this error originates in a macro (in Nightly builds, run with -Z macro-backtrace for more info)
[INFO] [stdout] 
[INFO] [stdout] 
[INFO] [stdout] error[E0277]: the trait bound `<Z0 as std::ops::Sub<<D as si::Dimension>::L>>::Output: Integer` is not satisfied
[INFO] [stdout]    --> /opt/rustwide/cargo-home/registry/src/github.com-1ecc6299db9ec823/uom-0.23.1/src/system.rs:509:29
[INFO] [stdout]     |
[INFO] [stdout] 236 |           pub struct Quantity<D, U, V>
[INFO] [stdout]     |                      -------- required by a bound in this
[INFO] [stdout] 237 |           where
[INFO] [stdout] 238 |               D: Dimension + ?Sized,
[INFO] [stdout]     |                  --------- required by this bound in `si::Quantity`
[INFO] [stdout] ...
[INFO] [stdout] 509 | /                             type Output = Quantity<
[INFO] [stdout] 510 | |                                 $quantities<
[INFO] [stdout] 511 | |                                     $($crate::typenum::$AddSubAlias<
[INFO] [stdout] 512 | |                                       $crate::typenum::Z0,
[INFO] [stdout] 513 | |                                       D::$symbol>,)+
[INFO] [stdout] 514 | |                                       D::Kind>,
[INFO] [stdout] 515 | |                                 U, V>;
[INFO] [stdout]     | |______________________________________^ the trait `Integer` is not implemented for `<Z0 as std::ops::Sub<<D as si::Dimension>::L>>::Output`
[INFO] [stdout]     | 
[INFO] [stdout]    ::: /opt/rustwide/cargo-home/registry/src/github.com-1ecc6299db9ec823/uom-0.23.1/src/si/mod.rs:10:1
[INFO] [stdout]     |
[INFO] [stdout] 10  | / system! {
[INFO] [stdout] 11  | |     /// [International System of Quantities](http://jcgm.bipm.org/vim/en/1.6.html) (ISQ).
[INFO] [stdout] 12  | |     quantities: ISQ {
[INFO] [stdout] 13  | |         /// Length, one of the base quantities in the ISQ, denoted by the symbol L. The base unit
[INFO] [stdout] ...   |
[INFO] [stdout] 75  | |     }
[INFO] [stdout] 76  | | }
[INFO] [stdout]     | |_- in this macro invocation
[INFO] [stdout]     |
[INFO] [stdout]     = note: this error originates in a macro (in Nightly builds, run with -Z macro-backtrace for more info)
[INFO] [stdout] 
[INFO] [stdout] 
[INFO] [stdout] error[E0277]: the trait bound `<Z0 as std::ops::Sub<<D as si::Dimension>::M>>::Output: Integer` is not satisfied
[INFO] [stdout]    --> /opt/rustwide/cargo-home/registry/src/github.com-1ecc6299db9ec823/uom-0.23.1/src/system.rs:509:29
[INFO] [stdout]     |
[INFO] [stdout] 236 |           pub struct Quantity<D, U, V>
[INFO] [stdout]     |                      -------- required by a bound in this
[INFO] [stdout] 237 |           where
[INFO] [stdout] 238 |               D: Dimension + ?Sized,
[INFO] [stdout]     |                  --------- required by this bound in `si::Quantity`
[INFO] [stdout] ...
[INFO] [stdout] 509 | /                             type Output = Quantity<
[INFO] [stdout] 510 | |                                 $quantities<
[INFO] [stdout] 511 | |                                     $($crate::typenum::$AddSubAlias<
[INFO] [stdout] 512 | |                                       $crate::typenum::Z0,
[INFO] [stdout] 513 | |                                       D::$symbol>,)+
[INFO] [stdout] 514 | |                                       D::Kind>,
[INFO] [stdout] 515 | |                                 U, V>;
[INFO] [stdout]     | |______________________________________^ the trait `Integer` is not implemented for `<Z0 as std::ops::Sub<<D as si::Dimension>::M>>::Output`
[INFO] [stdout]     | 
[INFO] [stdout]    ::: /opt/rustwide/cargo-home/registry/src/github.com-1ecc6299db9ec823/uom-0.23.1/src/si/mod.rs:10:1
[INFO] [stdout]     |
[INFO] [stdout] 10  | / system! {
[INFO] [stdout] 11  | |     /// [International System of Quantities](http://jcgm.bipm.org/vim/en/1.6.html) (ISQ).
[INFO] [stdout] 12  | |     quantities: ISQ {
[INFO] [stdout] 13  | |         /// Length, one of the base quantities in the ISQ, denoted by the symbol L. The base unit
[INFO] [stdout] ...   |
[INFO] [stdout] 75  | |     }
[INFO] [stdout] 76  | | }
[INFO] [stdout]     | |_- in this macro invocation
[INFO] [stdout]     |
[INFO] [stdout]     = note: this error originates in a macro (in Nightly builds, run with -Z macro-backtrace for more info)
[INFO] [stdout] 
[INFO] [stdout] 
[INFO] [stdout] error[E0277]: the trait bound `<Z0 as std::ops::Sub<<D as si::Dimension>::T>>::Output: Integer` is not satisfied
[INFO] [stdout]    --> /opt/rustwide/cargo-home/registry/src/github.com-1ecc6299db9ec823/uom-0.23.1/src/system.rs:509:29
[INFO] [stdout]     |
[INFO] [stdout] 236 |           pub struct Quantity<D, U, V>
[INFO] [stdout]     |                      -------- required by a bound in this
[INFO] [stdout] 237 |           where
[INFO] [stdout] 238 |               D: Dimension + ?Sized,
[INFO] [stdout]     |                  --------- required by this bound in `si::Quantity`
[INFO] [stdout] ...
[INFO] [stdout] 509 | /                             type Output = Quantity<
[INFO] [stdout] 510 | |                                 $quantities<
[INFO] [stdout] 511 | |                                     $($crate::typenum::$AddSubAlias<
[INFO] [stdout] 512 | |                                       $crate::typenum::Z0,
[INFO] [stdout] 513 | |                                       D::$symbol>,)+
[INFO] [stdout] 514 | |                                       D::Kind>,
[INFO] [stdout] 515 | |                                 U, V>;
[INFO] [stdout]     | |______________________________________^ the trait `Integer` is not implemented for `<Z0 as std::ops::Sub<<D as si::Dimension>::T>>::Output`
[INFO] [stdout]     | 
[INFO] [stdout]    ::: /opt/rustwide/cargo-home/registry/src/github.com-1ecc6299db9ec823/uom-0.23.1/src/si/mod.rs:10:1
[INFO] [stdout]     |
[INFO] [stdout] 10  | / system! {
[INFO] [stdout] 11  | |     /// [International System of Quantities](http://jcgm.bipm.org/vim/en/1.6.html) (ISQ).
[INFO] [stdout] 12  | |     quantities: ISQ {
[INFO] [stdout] 13  | |         /// Length, one of the base quantities in the ISQ, denoted by the symbol L. The base unit
[INFO] [stdout] ...   |
[INFO] [stdout] 75  | |     }
[INFO] [stdout] 76  | | }
[INFO] [stdout]     | |_- in this macro invocation
[INFO] [stdout]     |
[INFO] [stdout]     = note: this error originates in a macro (in Nightly builds, run with -Z macro-backtrace for more info)
[INFO] [stdout] 
[INFO] [stdout] 
[INFO] [stdout] error[E0277]: the trait bound `<Z0 as std::ops::Sub<<D as si::Dimension>::I>>::Output: Integer` is not satisfied
[INFO] [stdout]    --> /opt/rustwide/cargo-home/registry/src/github.com-1ecc6299db9ec823/uom-0.23.1/src/system.rs:509:29
[INFO] [stdout]     |
[INFO] [stdout] 236 |           pub struct Quantity<D, U, V>
[INFO] [stdout]     |                      -------- required by a bound in this
[INFO] [stdout] 237 |           where
[INFO] [stdout] 238 |               D: Dimension + ?Sized,
[INFO] [stdout]     |                  --------- required by this bound in `si::Quantity`
[INFO] [stdout] ...
[INFO] [stdout] 509 | /                             type Output = Quantity<
[INFO] [stdout] 510 | |                                 $quantities<
[INFO] [stdout] 511 | |                                     $($crate::typenum::$AddSubAlias<
[INFO] [stdout] 512 | |                                       $crate::typenum::Z0,
[INFO] [stdout] 513 | |                                       D::$symbol>,)+
[INFO] [stdout] 514 | |                                       D::Kind>,
[INFO] [stdout] 515 | |                                 U, V>;
[INFO] [stdout]     | |______________________________________^ the trait `Integer` is not implemented for `<Z0 as std::ops::Sub<<D as si::Dimension>::I>>::Output`
[INFO] [stdout]     | 
[INFO] [stdout]    ::: /opt/rustwide/cargo-home/registry/src/github.com-1ecc6299db9ec823/uom-0.23.1/src/si/mod.rs:10:1
[INFO] [stdout]     |
[INFO] [stdout] 10  | / system! {
[INFO] [stdout] 11  | |     /// [International System of Quantities](http://jcgm.bipm.org/vim/en/1.6.html) (ISQ).
[INFO] [stdout] 12  | |     quantities: ISQ {
[INFO] [stdout] 13  | |         /// Length, one of the base quantities in the ISQ, denoted by the symbol L. The base unit
[INFO] [stdout] ...   |
[INFO] [stdout] 75  | |     }
[INFO] [stdout] 76  | | }
[INFO] [stdout]     | |_- in this macro invocation
[INFO] [stdout]     |
[INFO] [stdout]     = note: this error originates in a macro (in Nightly builds, run with -Z macro-backtrace for more info)
[INFO] [stdout] 
[INFO] [stdout] 
[INFO] [stdout] error[E0277]: the trait bound `<Z0 as std::ops::Sub<<D as si::Dimension>::Th>>::Output: Integer` is not satisfied
[INFO] [stdout]    --> /opt/rustwide/cargo-home/registry/src/github.com-1ecc6299db9ec823/uom-0.23.1/src/system.rs:509:29
[INFO] [stdout]     |
[INFO] [stdout] 236 |           pub struct Quantity<D, U, V>
[INFO] [stdout]     |                      -------- required by a bound in this
[INFO] [stdout] 237 |           where
[INFO] [stdout] 238 |               D: Dimension + ?Sized,
[INFO] [stdout]     |                  --------- required by this bound in `si::Quantity`
[INFO] [stdout] ...
[INFO] [stdout] 509 | /                             type Output = Quantity<
[INFO] [stdout] 510 | |                                 $quantities<
[INFO] [stdout] 511 | |                                     $($crate::typenum::$AddSubAlias<
[INFO] [stdout] 512 | |                                       $crate::typenum::Z0,
[INFO] [stdout] 513 | |                                       D::$symbol>,)+
[INFO] [stdout] 514 | |                                       D::Kind>,
[INFO] [stdout] 515 | |                                 U, V>;
[INFO] [stdout]     | |______________________________________^ the trait `Integer` is not implemented for `<Z0 as std::ops::Sub<<D as si::Dimension>::Th>>::Output`
[INFO] [stdout]     | 
[INFO] [stdout]    ::: /opt/rustwide/cargo-home/registry/src/github.com-1ecc6299db9ec823/uom-0.23.1/src/si/mod.rs:10:1
[INFO] [stdout]     |
[INFO] [stdout] 10  | / system! {
[INFO] [stdout] 11  | |     /// [International System of Quantities](http://jcgm.bipm.org/vim/en/1.6.html) (ISQ).
[INFO] [stdout] 12  | |     quantities: ISQ {
[INFO] [stdout] 13  | |         /// Length, one of the base quantities in the ISQ, denoted by the symbol L. The base unit
[INFO] [stdout] ...   |
[INFO] [stdout] 75  | |     }
[INFO] [stdout] 76  | | }
[INFO] [stdout]     | |_- in this macro invocation
[INFO] [stdout]     |
[INFO] [stdout]     = note: this error originates in a macro (in Nightly builds, run with -Z macro-backtrace for more info)
[INFO] [stdout] 
[INFO] [stdout] 
[INFO] [stdout] error[E0277]: the trait bound `<Z0 as std::ops::Sub<<D as si::Dimension>::N>>::Output: Integer` is not satisfied
[INFO] [stdout]    --> /opt/rustwide/cargo-home/registry/src/github.com-1ecc6299db9ec823/uom-0.23.1/src/system.rs:509:29
[INFO] [stdout]     |
[INFO] [stdout] 236 |           pub struct Quantity<D, U, V>
[INFO] [stdout]     |                      -------- required by a bound in this
[INFO] [stdout] 237 |           where
[INFO] [stdout] 238 |               D: Dimension + ?Sized,
[INFO] [stdout]     |                  --------- required by this bound in `si::Quantity`
[INFO] [stdout] ...
[INFO] [stdout] 509 | /                             type Output = Quantity<
[INFO] [stdout] 510 | |                                 $quantities<
[INFO] [stdout] 511 | |                                     $($crate::typenum::$AddSubAlias<
[INFO] [stdout] 512 | |                                       $crate::typenum::Z0,
[INFO] [stdout] 513 | |                                       D::$symbol>,)+
[INFO] [stdout] 514 | |                                       D::Kind>,
[INFO] [stdout] 515 | |                                 U, V>;
[INFO] [stdout]     | |______________________________________^ the trait `Integer` is not implemented for `<Z0 as std::ops::Sub<<D as si::Dimension>::N>>::Output`
[INFO] [stdout]     | 
[INFO] [stdout]    ::: /opt/rustwide/cargo-home/registry/src/github.com-1ecc6299db9ec823/uom-0.23.1/src/si/mod.rs:10:1
[INFO] [stdout]     |
[INFO] [stdout] 10  | / system! {
[INFO] [stdout] 11  | |     /// [International System of Quantities](http://jcgm.bipm.org/vim/en/1.6.html) (ISQ).
[INFO] [stdout] 12  | |     quantities: ISQ {
[INFO] [stdout] 13  | |         /// Length, one of the base quantities in the ISQ, denoted by the symbol L. The base unit
[INFO] [stdout] ...   |
[INFO] [stdout] 75  | |     }
[INFO] [stdout] 76  | | }
[INFO] [stdout]     | |_- in this macro invocation
[INFO] [stdout]     |
[INFO] [stdout]     = note: this error originates in a macro (in Nightly builds, run with -Z macro-backtrace for more info)
[INFO] [stdout] 
[INFO] [stdout] 
[INFO] [stdout] error[E0277]: the trait bound `<Z0 as std::ops::Sub<<D as si::Dimension>::J>>::Output: Integer` is not satisfied
[INFO] [stdout]    --> /opt/rustwide/cargo-home/registry/src/github.com-1ecc6299db9ec823/uom-0.23.1/src/system.rs:509:29
[INFO] [stdout]     |
[INFO] [stdout] 236 |           pub struct Quantity<D, U, V>
[INFO] [stdout]     |                      -------- required by a bound in this
[INFO] [stdout] 237 |           where
[INFO] [stdout] 238 |               D: Dimension + ?Sized,
[INFO] [stdout]     |                  --------- required by this bound in `si::Quantity`
[INFO] [stdout] ...
[INFO] [stdout] 509 | /                             type Output = Quantity<
[INFO] [stdout] 510 | |                                 $quantities<
[INFO] [stdout] 511 | |                                     $($crate::typenum::$AddSubAlias<
[INFO] [stdout] 512 | |                                       $crate::typenum::Z0,
[INFO] [stdout] 513 | |                                       D::$symbol>,)+
[INFO] [stdout] 514 | |                                       D::Kind>,
[INFO] [stdout] 515 | |                                 U, V>;
[INFO] [stdout]     | |______________________________________^ the trait `Integer` is not implemented for `<Z0 as std::ops::Sub<<D as si::Dimension>::J>>::Output`
[INFO] [stdout]     | 
[INFO] [stdout]    ::: /opt/rustwide/cargo-home/registry/src/github.com-1ecc6299db9ec823/uom-0.23.1/src/si/mod.rs:10:1
[INFO] [stdout]     |
[INFO] [stdout] 10  | / system! {
[INFO] [stdout] 11  | |     /// [International System of Quantities](http://jcgm.bipm.org/vim/en/1.6.html) (ISQ).
[INFO] [stdout] 12  | |     quantities: ISQ {
[INFO] [stdout] 13  | |         /// Length, one of the base quantities in the ISQ, denoted by the symbol L. The base unit
[INFO] [stdout] ...   |
[INFO] [stdout] 75  | |     }
[INFO] [stdout] 76  | | }
[INFO] [stdout]     | |_- in this macro invocation
[INFO] [stdout]     |
[INFO] [stdout]     = note: this error originates in a macro (in Nightly builds, run with -Z macro-backtrace for more info)
[INFO] [stdout] 
[INFO] [stdout] 
[INFO] [stdout] error[E0277]: the trait bound `<Z0 as std::ops::Sub<<D as si::Dimension>::L>>::Output: Integer` is not satisfied
[INFO] [stdout]    --> /opt/rustwide/cargo-home/registry/src/github.com-1ecc6299db9ec823/uom-0.23.1/src/system.rs:518:77
[INFO] [stdout]     |
[INFO] [stdout] 236 |           pub struct Quantity<D, U, V>
[INFO] [stdout]     |                      -------- required by a bound in this
[INFO] [stdout] 237 |           where
[INFO] [stdout] 238 |               D: Dimension + ?Sized,
[INFO] [stdout]     |                  --------- required by this bound in `si::Quantity`
[INFO] [stdout] ...
[INFO] [stdout] 518 |                               fn $muldiv_fun(self, rhs: Quantity<D, U, V>) -> Self::Output {
[INFO] [stdout]     |                                                                               ^^^^^^^^^^^^ the trait `Integer` is not implemented for `<Z0 as std::ops::Sub<<D as si::Dimension>::L>>::Output`
[INFO] [stdout]     | 
[INFO] [stdout]    ::: /opt/rustwide/cargo-home/registry/src/github.com-1ecc6299db9ec823/uom-0.23.1/src/si/mod.rs:10:1
[INFO] [stdout]     |
[INFO] [stdout] 10  | / system! {
[INFO] [stdout] 11  | |     /// [International System of Quantities](http://jcgm.bipm.org/vim/en/1.6.html) (ISQ).
[INFO] [stdout] 12  | |     quantities: ISQ {
[INFO] [stdout] 13  | |         /// Length, one of the base quantities in the ISQ, denoted by the symbol L. The base unit
[INFO] [stdout] ...   |
[INFO] [stdout] 75  | |     }
[INFO] [stdout] 76  | | }
[INFO] [stdout]     | |_- in this macro invocation
[INFO] [stdout]     |
[INFO] [stdout]     = note: this error originates in a macro (in Nightly builds, run with -Z macro-backtrace for more info)
[INFO] [stdout] 
[INFO] [stdout] 
[INFO] [stdout] error[E0277]: the trait bound `<Z0 as std::ops::Sub<<D as si::Dimension>::M>>::Output: Integer` is not satisfied
[INFO] [stdout]    --> /opt/rustwide/cargo-home/registry/src/github.com-1ecc6299db9ec823/uom-0.23.1/src/system.rs:518:77
[INFO] [stdout]     |
[INFO] [stdout] 236 |           pub struct Quantity<D, U, V>
[INFO] [stdout]     |                      -------- required by a bound in this
[INFO] [stdout] 237 |           where
[INFO] [stdout] 238 |               D: Dimension + ?Sized,
[INFO] [stdout]     |                  --------- required by this bound in `si::Quantity`
[INFO] [stdout] ...
[INFO] [stdout] 518 |                               fn $muldiv_fun(self, rhs: Quantity<D, U, V>) -> Self::Output {
[INFO] [stdout]     |                                                                               ^^^^^^^^^^^^ the trait `Integer` is not implemented for `<Z0 as std::ops::Sub<<D as si::Dimension>::M>>::Output`
[INFO] [stdout]     | 
[INFO] [stdout]    ::: /opt/rustwide/cargo-home/registry/src/github.com-1ecc6299db9ec823/uom-0.23.1/src/si/mod.rs:10:1
[INFO] [stdout]     |
[INFO] [stdout] 10  | / system! {
[INFO] [stdout] 11  | |     /// [International System of Quantities](http://jcgm.bipm.org/vim/en/1.6.html) (ISQ).
[INFO] [stdout] 12  | |     quantities: ISQ {
[INFO] [stdout] 13  | |         /// Length, one of the base quantities in the ISQ, denoted by the symbol L. The base unit
[INFO] [stdout] ...   |
[INFO] [stdout] 75  | |     }
[INFO] [stdout] 76  | | }
[INFO] [stdout]     | |_- in this macro invocation
[INFO] [stdout]     |
[INFO] [stdout]     = note: this error originates in a macro (in Nightly builds, run with -Z macro-backtrace for more info)
[INFO] [stdout] 
[INFO] [stdout] 
[INFO] [stdout] error[E0277]: the trait bound `<Z0 as std::ops::Sub<<D as si::Dimension>::T>>::Output: Integer` is not satisfied
[INFO] [stdout]    --> /opt/rustwide/cargo-home/registry/src/github.com-1ecc6299db9ec823/uom-0.23.1/src/system.rs:518:77
[INFO] [stdout]     |
[INFO] [stdout] 236 |           pub struct Quantity<D, U, V>
[INFO] [stdout]     |                      -------- required by a bound in this
[INFO] [stdout] 237 |           where
[INFO] [stdout] 238 |               D: Dimension + ?Sized,
[INFO] [stdout]     |                  --------- required by this bound in `si::Quantity`
[INFO] [stdout] ...
[INFO] [stdout] 518 |                               fn $muldiv_fun(self, rhs: Quantity<D, U, V>) -> Self::Output {
[INFO] [stdout]     |                                                                               ^^^^^^^^^^^^ the trait `Integer` is not implemented for `<Z0 as std::ops::Sub<<D as si::Dimension>::T>>::Output`
[INFO] [stdout]     | 
[INFO] [stdout]    ::: /opt/rustwide/cargo-home/registry/src/github.com-1ecc6299db9ec823/uom-0.23.1/src/si/mod.rs:10:1
[INFO] [stdout]     |
[INFO] [stdout] 10  | / system! {
[INFO] [stdout] 11  | |     /// [International System of Quantities](http://jcgm.bipm.org/vim/en/1.6.html) (ISQ).
[INFO] [stdout] 12  | |     quantities: ISQ {
[INFO] [stdout] 13  | |         /// Length, one of the base quantities in the ISQ, denoted by the symbol L. The base unit
[INFO] [stdout] ...   |
[INFO] [stdout] 75  | |     }
[INFO] [stdout] 76  | | }
[INFO] [stdout]     | |_- in this macro invocation
[INFO] [stdout]     |
[INFO] [stdout]     = note: this error originates in a macro (in Nightly builds, run with -Z macro-backtrace for more info)
[INFO] [stdout] 
[INFO] [stdout] 
[INFO] [stdout] error[E0277]: the trait bound `<Z0 as std::ops::Sub<<D as si::Dimension>::I>>::Output: Integer` is not satisfied
[INFO] [stdout]    --> /opt/rustwide/cargo-home/registry/src/github.com-1ecc6299db9ec823/uom-0.23.1/src/system.rs:518:77
[INFO] [stdout]     |
[INFO] [stdout] 236 |           pub struct Quantity<D, U, V>
[INFO] [stdout]     |                      -------- required by a bound in this
[INFO] [stdout] 237 |           where
[INFO] [stdout] 238 |               D: Dimension + ?Sized,
[INFO] [stdout]     |                  --------- required by this bound in `si::Quantity`
[INFO] [stdout] ...
[INFO] [stdout] 518 |                               fn $muldiv_fun(self, rhs: Quantity<D, U, V>) -> Self::Output {
[INFO] [stdout]     |                                                                               ^^^^^^^^^^^^ the trait `Integer` is not implemented for `<Z0 as std::ops::Sub<<D as si::Dimension>::I>>::Output`
[INFO] [stdout]     | 
[INFO] [stdout]    ::: /opt/rustwide/cargo-home/registry/src/github.com-1ecc6299db9ec823/uom-0.23.1/src/si/mod.rs:10:1
[INFO] [stdout]     |
[INFO] [stdout] 10  | / system! {
[INFO] [stdout] 11  | |     /// [International System of Quantities](http://jcgm.bipm.org/vim/en/1.6.html) (ISQ).
[INFO] [stdout] 12  | |     quantities: ISQ {
[INFO] [stdout] 13  | |         /// Length, one of the base quantities in the ISQ, denoted by the symbol L. The base unit
[INFO] [stdout] ...   |
[INFO] [stdout] 75  | |     }
[INFO] [stdout] 76  | | }
[INFO] [stdout]     | |_- in this macro invocation
[INFO] [stdout]     |
[INFO] [stdout]     = note: this error originates in a macro (in Nightly builds, run with -Z macro-backtrace for more info)
[INFO] [stdout] 
[INFO] [stdout] 
[INFO] [stdout] error[E0277]: the trait bound `<Z0 as std::ops::Sub<<D as si::Dimension>::Th>>::Output: Integer` is not satisfied
[INFO] [stdout]    --> /opt/rustwide/cargo-home/registry/src/github.com-1ecc6299db9ec823/uom-0.23.1/src/system.rs:518:77
[INFO] [stdout]     |
[INFO] [stdout] 236 |           pub struct Quantity<D, U, V>
[INFO] [stdout]     |                      -------- required by a bound in this
[INFO] [stdout] 237 |           where
[INFO] [stdout] 238 |               D: Dimension + ?Sized,
[INFO] [stdout]     |                  --------- required by this bound in `si::Quantity`
[INFO] [stdout] ...
[INFO] [stdout] 518 |                               fn $muldiv_fun(self, rhs: Quantity<D, U, V>) -> Self::Output {
[INFO] [stdout]     |                                                                               ^^^^^^^^^^^^ the trait `Integer` is not implemented for `<Z0 as std::ops::Sub<<D as si::Dimension>::Th>>::Output`
[INFO] [stdout]     | 
[INFO] [stdout]    ::: /opt/rustwide/cargo-home/registry/src/github.com-1ecc6299db9ec823/uom-0.23.1/src/si/mod.rs:10:1
[INFO] [stdout]     |
[INFO] [stdout] 10  | / system! {
[INFO] [stdout] 11  | |     /// [International System of Quantities](http://jcgm.bipm.org/vim/en/1.6.html) (ISQ).
[INFO] [stdout] 12  | |     quantities: ISQ {
[INFO] [stdout] 13  | |         /// Length, one of the base quantities in the ISQ, denoted by the symbol L. The base unit
[INFO] [stdout] ...   |
[INFO] [stdout] 75  | |     }
[INFO] [stdout] 76  | | }
[INFO] [stdout]     | |_- in this macro invocation
[INFO] [stdout]     |
[INFO] [stdout]     = note: this error originates in a macro (in Nightly builds, run with -Z macro-backtrace for more info)
[INFO] [stdout] 
[INFO] [stdout] 
[INFO] [stdout] error[E0277]: the trait bound `<Z0 as std::ops::Sub<<D as si::Dimension>::N>>::Output: Integer` is not satisfied
[INFO] [stdout]    --> /opt/rustwide/cargo-home/registry/src/github.com-1ecc6299db9ec823/uom-0.23.1/src/system.rs:518:77
[INFO] [stdout]     |
[INFO] [stdout] 236 |           pub struct Quantity<D, U, V>
[INFO] [stdout]     |                      -------- required by a bound in this
[INFO] [stdout] 237 |           where
[INFO] [stdout] 238 |               D: Dimension + ?Sized,
[INFO] [stdout]     |                  --------- required by this bound in `si::Quantity`
[INFO] [stdout] ...
[INFO] [stdout] 518 |                               fn $muldiv_fun(self, rhs: Quantity<D, U, V>) -> Self::Output {
[INFO] [stdout]     |                                                                               ^^^^^^^^^^^^ the trait `Integer` is not implemented for `<Z0 as std::ops::Sub<<D as si::Dimension>::N>>::Output`
[INFO] [stdout]     | 
[INFO] [stdout]    ::: /opt/rustwide/cargo-home/registry/src/github.com-1ecc6299db9ec823/uom-0.23.1/src/si/mod.rs:10:1
[INFO] [stdout]     |
[INFO] [stdout] 10  | / system! {
[INFO] [stdout] 11  | |     /// [International System of Quantities](http://jcgm.bipm.org/vim/en/1.6.html) (ISQ).
[INFO] [stdout] 12  | |     quantities: ISQ {
[INFO] [stdout] 13  | |         /// Length, one of the base quantities in the ISQ, denoted by the symbol L. The base unit
[INFO] [stdout] ...   |
[INFO] [stdout] 75  | |     }
[INFO] [stdout] 76  | | }
[INFO] [stdout]     | |_- in this macro invocation
[INFO] [stdout]     |
[INFO] [stdout]     = note: this error originates in a macro (in Nightly builds, run with -Z macro-backtrace for more info)
[INFO] [stdout] 
[INFO] [stdout] 
[INFO] [stdout] error[E0277]: the trait bound `<Z0 as std::ops::Sub<<D as si::Dimension>::J>>::Output: Integer` is not satisfied
[INFO] [stdout]    --> /opt/rustwide/cargo-home/registry/src/github.com-1ecc6299db9ec823/uom-0.23.1/src/system.rs:518:77
[INFO] [stdout]     |
[INFO] [stdout] 236 |           pub struct Quantity<D, U, V>
[INFO] [stdout]     |                      -------- required by a bound in this
[INFO] [stdout] 237 |           where
[INFO] [stdout] 238 |               D: Dimension + ?Sized,
[INFO] [stdout]     |                  --------- required by this bound in `si::Quantity`
[INFO] [stdout] ...
[INFO] [stdout] 518 |                               fn $muldiv_fun(self, rhs: Quantity<D, U, V>) -> Self::Output {
[INFO] [stdout]     |                                                                               ^^^^^^^^^^^^ the trait `Integer` is not implemented for `<Z0 as std::ops::Sub<<D as si::Dimension>::J>>::Output`
[INFO] [stdout]     | 
[INFO] [stdout]    ::: /opt/rustwide/cargo-home/registry/src/github.com-1ecc6299db9ec823/uom-0.23.1/src/si/mod.rs:10:1
[INFO] [stdout]     |
[INFO] [stdout] 10  | / system! {
[INFO] [stdout] 11  | |     /// [International System of Quantities](http://jcgm.bipm.org/vim/en/1.6.html) (ISQ).
[INFO] [stdout] 12  | |     quantities: ISQ {
[INFO] [stdout] 13  | |         /// Length, one of the base quantities in the ISQ, denoted by the symbol L. The base unit
[INFO] [stdout] ...   |
[INFO] [stdout] 75  | |     }
[INFO] [stdout] 76  | | }
[INFO] [stdout]     | |_- in this macro invocation
[INFO] [stdout]     |
[INFO] [stdout]     = note: this error originates in a macro (in Nightly builds, run with -Z macro-backtrace for more info)
[INFO] [stdout] 
[INFO] [stdout] 
[INFO] [stdout] error[E0277]: the trait bound `<<D as si::Dimension>::L as typenum::PartialDiv<PInt<UInt<UInt<UTerm, B1>, B1>>>>::Output: Integer` is not satisfied
[INFO] [stdout]    --> /opt/rustwide/cargo-home/registry/src/github.com-1ecc6299db9ec823/uom-0.23.1/src/system.rs:616:18
[INFO] [stdout]     |
[INFO] [stdout] 236 |           pub struct Quantity<D, U, V>
[INFO] [stdout]     |                      -------- required by a bound in this
[INFO] [stdout] 237 |           where
[INFO] [stdout] 238 |               D: Dimension + ?Sized,
[INFO] [stdout]     |                  --------- required by this bound in `si::Quantity`
[INFO] [stdout] ...
[INFO] [stdout] 616 |               ) -> Quantity<
[INFO] [stdout]     |  __________________^
[INFO] [stdout] 617 | |                 $quantities<$($crate::typenum::PartialQuot<D::$symbol, $crate::typenum::P3>),+>,
[INFO] [stdout] 618 | |                 U, V>
[INFO] [stdout]     | |_____________________^ the trait `Integer` is not implemented for `<<D as si::Dimension>::L as typenum::PartialDiv<PInt<UInt<UInt<UTerm, B1>, B1>>>>::Output`
[INFO] [stdout]     | 
[INFO] [stdout]    ::: /opt/rustwide/cargo-home/registry/src/github.com-1ecc6299db9ec823/uom-0.23.1/src/si/mod.rs:10:1
[INFO] [stdout]     |
[INFO] [stdout] 10  | / system! {
[INFO] [stdout] 11  | |     /// [International System of Quantities](http://jcgm.bipm.org/vim/en/1.6.html) (ISQ).
[INFO] [stdout] 12  | |     quantities: ISQ {
[INFO] [stdout] 13  | |         /// Length, one of the base quantities in the ISQ, denoted by the symbol L. The base unit
[INFO] [stdout] ...   |
[INFO] [stdout] 75  | |     }
[INFO] [stdout] 76  | | }
[INFO] [stdout]     | |_- in this macro invocation
[INFO] [stdout]     |
[INFO] [stdout]     = note: this error originates in a macro (in Nightly builds, run with -Z macro-backtrace for more info)
[INFO] [stdout] 
[INFO] [stdout] 
[INFO] [stdout] error[E0277]: the trait bound `<<D as si::Dimension>::M as typenum::PartialDiv<PInt<UInt<UInt<UTerm, B1>, B1>>>>::Output: Integer` is not satisfied
[INFO] [stdout]    --> /opt/rustwide/cargo-home/registry/src/github.com-1ecc6299db9ec823/uom-0.23.1/src/system.rs:616:18
[INFO] [stdout]     |
[INFO] [stdout] 236 |           pub struct Quantity<D, U, V>
[INFO] [stdout]     |                      -------- required by a bound in this
[INFO] [stdout] 237 |           where
[INFO] [stdout] 238 |               D: Dimension + ?Sized,
[INFO] [stdout]     |                  --------- required by this bound in `si::Quantity`
[INFO] [stdout] ...
[INFO] [stdout] 616 |               ) -> Quantity<
[INFO] [stdout]     |  __________________^
[INFO] [stdout] 617 | |                 $quantities<$($crate::typenum::PartialQuot<D::$symbol, $crate::typenum::P3>),+>,
[INFO] [stdout] 618 | |                 U, V>
[INFO] [stdout]     | |_____________________^ the trait `Integer` is not implemented for `<<D as si::Dimension>::M as typenum::PartialDiv<PInt<UInt<UInt<UTerm, B1>, B1>>>>::Output`
[INFO] [stdout]     | 
[INFO] [stdout]    ::: /opt/rustwide/cargo-home/registry/src/github.com-1ecc6299db9ec823/uom-0.23.1/src/si/mod.rs:10:1
[INFO] [stdout]     |
[INFO] [stdout] 10  | / system! {
[INFO] [stdout] 11  | |     /// [International System of Quantities](http://jcgm.bipm.org/vim/en/1.6.html) (ISQ).
[INFO] [stdout] 12  | |     quantities: ISQ {
[INFO] [stdout] 13  | |         /// Length, one of the base quantities in the ISQ, denoted by the symbol L. The base unit
[INFO] [stdout] ...   |
[INFO] [stdout] 75  | |     }
[INFO] [stdout] 76  | | }
[INFO] [stdout]     | |_- in this macro invocation
[INFO] [stdout]     |
[INFO] [stdout]     = note: this error originates in a macro (in Nightly builds, run with -Z macro-backtrace for more info)
[INFO] [stdout] 
[INFO] [stdout] 
[INFO] [stdout] error[E0277]: the trait bound `<<D as si::Dimension>::T as typenum::PartialDiv<PInt<UInt<UInt<UTerm, B1>, B1>>>>::Output: Integer` is not satisfied
[INFO] [stdout]    --> /opt/rustwide/cargo-home/registry/src/github.com-1ecc6299db9ec823/uom-0.23.1/src/system.rs:616:18
[INFO] [stdout]     |
[INFO] [stdout] 236 |           pub struct Quantity<D, U, V>
[INFO] [stdout]     |                      -------- required by a bound in this
[INFO] [stdout] 237 |           where
[INFO] [stdout] 238 |               D: Dimension + ?Sized,
[INFO] [stdout]     |                  --------- required by this bound in `si::Quantity`
[INFO] [stdout] ...
[INFO] [stdout] 616 |               ) -> Quantity<
[INFO] [stdout]     |  __________________^
[INFO] [stdout] 617 | |                 $quantities<$($crate::typenum::PartialQuot<D::$symbol, $crate::typenum::P3>),+>,
[INFO] [stdout] 618 | |                 U, V>
[INFO] [stdout]     | |_____________________^ the trait `Integer` is not implemented for `<<D as si::Dimension>::T as typenum::PartialDiv<PInt<UInt<UInt<UTerm, B1>, B1>>>>::Output`
[INFO] [stdout]     | 
[INFO] [stdout]    ::: /opt/rustwide/cargo-home/registry/src/github.com-1ecc6299db9ec823/uom-0.23.1/src/si/mod.rs:10:1
[INFO] [stdout]     |
[INFO] [stdout] 10  | / system! {
[INFO] [stdout] 11  | |     /// [International System of Quantities](http://jcgm.bipm.org/vim/en/1.6.html) (ISQ).
[INFO] [stdout] 12  | |     quantities: ISQ {
[INFO] [stdout] 13  | |         /// Length, one of the base quantities in the ISQ, denoted by the symbol L. The base unit
[INFO] [stdout] ...   |
[INFO] [stdout] 75  | |     }
[INFO] [stdout] 76  | | }
[INFO] [stdout]     | |_- in this macro invocation
[INFO] [stdout]     |
[INFO] [stdout]     = note: this error originates in a macro (in Nightly builds, run with -Z macro-backtrace for more info)
[INFO] [stdout] 
[INFO] [stdout] 
[INFO] [stdout] error[E0277]: the trait bound `<<D as si::Dimension>::I as typenum::PartialDiv<PInt<UInt<UInt<UTerm, B1>, B1>>>>::Output: Integer` is not satisfied
[INFO] [stdout]    --> /opt/rustwide/cargo-home/registry/src/github.com-1ecc6299db9ec823/uom-0.23.1/src/system.rs:616:18
[INFO] [stdout]     |
[INFO] [stdout] 236 |           pub struct Quantity<D, U, V>
[INFO] [stdout]     |                      -------- required by a bound in this
[INFO] [stdout] 237 |           where
[INFO] [stdout] 238 |               D: Dimension + ?Sized,
[INFO] [stdout]     |                  --------- required by this bound in `si::Quantity`
[INFO] [stdout] ...
[INFO] [stdout] 616 |               ) -> Quantity<
[INFO] [stdout]     |  __________________^
[INFO] [stdout] 617 | |                 $quantities<$($crate::typenum::PartialQuot<D::$symbol, $crate::typenum::P3>),+>,
[INFO] [stdout] 618 | |                 U, V>
[INFO] [stdout]     | |_____________________^ the trait `Integer` is not implemented for `<<D as si::Dimension>::I as typenum::PartialDiv<PInt<UInt<UInt<UTerm, B1>, B1>>>>::Output`
[INFO] [stdout]     | 
[INFO] [stdout]    ::: /opt/rustwide/cargo-home/registry/src/github.com-1ecc6299db9ec823/uom-0.23.1/src/si/mod.rs:10:1
[INFO] [stdout]     |
[INFO] [stdout] 10  | / system! {
[INFO] [stdout] 11  | |     /// [International System of Quantities](http://jcgm.bipm.org/vim/en/1.6.html) (ISQ).
[INFO] [stdout] 12  | |     quantities: ISQ {
[INFO] [stdout] 13  | |         /// Length, one of the base quantities in the ISQ, denoted by the symbol L. The base unit
[INFO] [stdout] ...   |
[INFO] [stdout] 75  | |     }
[INFO] [stdout] 76  | | }
[INFO] [stdout]     | |_- in this macro invocation
[INFO] [stdout]     |
[INFO] [stdout]     = note: this error originates in a macro (in Nightly builds, run with -Z macro-backtrace for more info)
[INFO] [stdout] 
[INFO] [stdout] 
[INFO] [stdout] error[E0277]: the trait bound `<<D as si::Dimension>::Th as typenum::PartialDiv<PInt<UInt<UInt<UTerm, B1>, B1>>>>::Output: Integer` is not satisfied
[INFO] [stdout]    --> /opt/rustwide/cargo-home/registry/src/github.com-1ecc6299db9ec823/uom-0.23.1/src/system.rs:616:18
[INFO] [stdout]     |
[INFO] [stdout] 236 |           pub struct Quantity<D, U, V>
[INFO] [stdout]     |                      -------- required by a bound in this
[INFO] [stdout] 237 |           where
[INFO] [stdout] 238 |               D: Dimension + ?Sized,
[INFO] [stdout]     |                  --------- required by this bound in `si::Quantity`
[INFO] [stdout] ...
[INFO] [stdout] 616 |               ) -> Quantity<
[INFO] [stdout]     |  __________________^
[INFO] [stdout] 617 | |                 $quantities<$($crate::typenum::PartialQuot<D::$symbol, $crate::typenum::P3>),+>,
[INFO] [stdout] 618 | |                 U, V>
[INFO] [stdout]     | |_____________________^ the trait `Integer` is not implemented for `<<D as si::Dimension>::Th as typenum::PartialDiv<PInt<UInt<UInt<UTerm, B1>, B1>>>>::Output`
[INFO] [stdout]     | 
[INFO] [stdout]    ::: /opt/rustwide/cargo-home/registry/src/github.com-1ecc6299db9ec823/uom-0.23.1/src/si/mod.rs:10:1
[INFO] [stdout]     |
[INFO] [stdout] 10  | / system! {
[INFO] [stdout] 11  | |     /// [International System of Quantities](http://jcgm.bipm.org/vim/en/1.6.html) (ISQ).
[INFO] [stdout] 12  | |     quantities: ISQ {
[INFO] [stdout] 13  | |         /// Length, one of the base quantities in the ISQ, denoted by the symbol L. The base unit
[INFO] [stdout] ...   |
[INFO] [stdout] 75  | |     }
[INFO] [stdout] 76  | | }
[INFO] [stdout]     | |_- in this macro invocation
[INFO] [stdout]     |
[INFO] [stdout]     = note: this error originates in a macro (in Nightly builds, run with -Z macro-backtrace for more info)
[INFO] [stdout] 
[INFO] [stdout] 
[INFO] [stdout] error[E0277]: the trait bound `<<D as si::Dimension>::N as typenum::PartialDiv<PInt<UInt<UInt<UTerm, B1>, B1>>>>::Output: Integer` is not satisfied
[INFO] [stdout]    --> /opt/rustwide/cargo-home/registry/src/github.com-1ecc6299db9ec823/uom-0.23.1/src/system.rs:616:18
[INFO] [stdout]     |
[INFO] [stdout] 236 |           pub struct Quantity<D, U, V>
[INFO] [stdout]     |                      -------- required by a bound in this
[INFO] [stdout] 237 |           where
[INFO] [stdout] 238 |               D: Dimension + ?Sized,
[INFO] [stdout]     |                  --------- required by this bound in `si::Quantity`
[INFO] [stdout] ...
[INFO] [stdout] 616 |               ) -> Quantity<
[INFO] [stdout]     |  __________________^
[INFO] [stdout] 617 | |                 $quantities<$($crate::typenum::PartialQuot<D::$symbol, $crate::typenum::P3>),+>,
[INFO] [stdout] 618 | |                 U, V>
[INFO] [stdout]     | |_____________________^ the trait `Integer` is not implemented for `<<D as si::Dimension>::N as typenum::PartialDiv<PInt<UInt<UInt<UTerm, B1>, B1>>>>::Output`
[INFO] [stdout]     | 
[INFO] [stdout]    ::: /opt/rustwide/cargo-home/registry/src/github.com-1ecc6299db9ec823/uom-0.23.1/src/si/mod.rs:10:1
[INFO] [stdout]     |
[INFO] [stdout] 10  | / system! {
[INFO] [stdout] 11  | |     /// [International System of Quantities](http://jcgm.bipm.org/vim/en/1.6.html) (ISQ).
[INFO] [stdout] 12  | |     quantities: ISQ {
[INFO] [stdout] 13  | |         /// Length, one of the base quantities in the ISQ, denoted by the symbol L. The base unit
[INFO] [stdout] ...   |
[INFO] [stdout] 75  | |     }
[INFO] [stdout] 76  | | }
[INFO] [stdout]     | |_- in this macro invocation
[INFO] [stdout]     |
[INFO] [stdout]     = note: this error originates in a macro (in Nightly builds, run with -Z macro-backtrace for more info)
[INFO] [stdout] 
[INFO] [stdout] 
[INFO] [stdout] error[E0277]: the trait bound `<<D as si::Dimension>::J as typenum::PartialDiv<PInt<UInt<UInt<UTerm, B1>, B1>>>>::Output: Integer` is not satisfied
[INFO] [stdout]    --> /opt/rustwide/cargo-home/registry/src/github.com-1ecc6299db9ec823/uom-0.23.1/src/system.rs:616:18
[INFO] [stdout]     |
[INFO] [stdout] 236 |           pub struct Quantity<D, U, V>
[INFO] [stdout]     |                      -------- required by a bound in this
[INFO] [stdout] 237 |           where
[INFO] [stdout] 238 |               D: Dimension + ?Sized,
[INFO] [stdout]     |                  --------- required by this bound in `si::Quantity`
[INFO] [stdout] ...
[INFO] [stdout] 616 |               ) -> Quantity<
[INFO] [stdout]     |  __________________^
[INFO] [stdout] 617 | |                 $quantities<$($crate::typenum::PartialQuot<D::$symbol, $crate::typenum::P3>),+>,
[INFO] [stdout] 618 | |                 U, V>
[INFO] [stdout]     | |_____________________^ the trait `Integer` is not implemented for `<<D as si::Dimension>::J as typenum::PartialDiv<PInt<UInt<UInt<UTerm, B1>, B1>>>>::Output`
[INFO] [stdout]     | 
[INFO] [stdout]    ::: /opt/rustwide/cargo-home/registry/src/github.com-1ecc6299db9ec823/uom-0.23.1/src/si/mod.rs:10:1
[INFO] [stdout]     |
[INFO] [stdout] 10  | / system! {
[INFO] [stdout] 11  | |     /// [International System of Quantities](http://jcgm.bipm.org/vim/en/1.6.html) (ISQ).
[INFO] [stdout] 12  | |     quantities: ISQ {
[INFO] [stdout] 13  | |         /// Length, one of the base quantities in the ISQ, denoted by the symbol L. The base unit
[INFO] [stdout] ...   |
[INFO] [stdout] 75  | |     }
[INFO] [stdout] 76  | | }
[INFO] [stdout]     | |_- in this macro invocation
[INFO] [stdout]     |
[INFO] [stdout]     = note: this error originates in a macro (in Nightly builds, run with -Z macro-backtrace for more info)
[INFO] [stdout] 
[INFO] [stdout] 
[INFO] [stdout] error[E0277]: the trait bound `<<D as si::Dimension>::L as std::ops::Add<<Da as si::Dimension>::L>>::Output: Integer` is not satisfied
[INFO] [stdout]    --> /opt/rustwide/cargo-home/registry/src/github.com-1ecc6299db9ec823/uom-0.23.1/src/system.rs:693:20
[INFO] [stdout]     |
[INFO] [stdout] 236 |           pub struct Quantity<D, U, V>
[INFO] [stdout]     |                      -------- required by a bound in this
[INFO] [stdout] 237 |           where
[INFO] [stdout] 238 |               D: Dimension + ?Sized,
[INFO] [stdout]     |                  --------- required by this bound in `si::Quantity`
[INFO] [stdout] ...
[INFO] [stdout] 693 |                   b: Quantity<$quantities<$($crate::typenum::Sum<D::$symbol, Da::$symbol>),+>, Ub, V>,
[INFO] [stdout]     |                      ^^^^^^^^^^^^^^^^^^^^^^^^^^^^^^^^^^^^^^^^^^^^^^^^^^^^^^^^^^^^^^^^^^^^^^^^^^^^^^^^ the trait `Integer` is not implemented for `<<D as si::Dimension>::L as std::ops::Add<<Da as si::Dimension>::L>>::Output`
[INFO] [stdout]     | 
[INFO] [stdout]    ::: /opt/rustwide/cargo-home/registry/src/github.com-1ecc6299db9ec823/uom-0.23.1/src/si/mod.rs:10:1
[INFO] [stdout]     |
[INFO] [stdout] 10  | / system! {
[INFO] [stdout] 11  | |     /// [International System of Quantities](http://jcgm.bipm.org/vim/en/1.6.html) (ISQ).
[INFO] [stdout] 12  | |     quantities: ISQ {
[INFO] [stdout] 13  | |         /// Length, one of the base quantities in the ISQ, denoted by the symbol L. The base unit
[INFO] [stdout] ...   |
[INFO] [stdout] 75  | |     }
[INFO] [stdout] 76  | | }
[INFO] [stdout]     | |_- in this macro invocation
[INFO] [stdout]     |
[INFO] [stdout]     = note: this error originates in a macro (in Nightly builds, run with -Z macro-backtrace for more info)
[INFO] [stdout] 
[INFO] [stdout] 
[INFO] [stdout] error[E0277]: the trait bound `<<D as si::Dimension>::M as std::ops::Add<<Da as si::Dimension>::M>>::Output: Integer` is not satisfied
[INFO] [stdout]    --> /opt/rustwide/cargo-home/registry/src/github.com-1ecc6299db9ec823/uom-0.23.1/src/system.rs:693:20
[INFO] [stdout]     |
[INFO] [stdout] 236 |           pub struct Quantity<D, U, V>
[INFO] [stdout]     |                      -------- required by a bound in this
[INFO] [stdout] 237 |           where
[INFO] [stdout] 238 |               D: Dimension + ?Sized,
[INFO] [stdout]     |                  --------- required by this bound in `si::Quantity`
[INFO] [stdout] ...
[INFO] [stdout] 693 |                   b: Quantity<$quantities<$($crate::typenum::Sum<D::$symbol, Da::$symbol>),+>, Ub, V>,
[INFO] [stdout]     |                      ^^^^^^^^^^^^^^^^^^^^^^^^^^^^^^^^^^^^^^^^^^^^^^^^^^^^^^^^^^^^^^^^^^^^^^^^^^^^^^^^ the trait `Integer` is not implemented for `<<D as si::Dimension>::M as std::ops::Add<<Da as si::Dimension>::M>>::Output`
[INFO] [stdout]     | 
[INFO] [stdout]    ::: /opt/rustwide/cargo-home/registry/src/github.com-1ecc6299db9ec823/uom-0.23.1/src/si/mod.rs:10:1
[INFO] [stdout]     |
[INFO] [stdout] 10  | / system! {
[INFO] [stdout] 11  | |     /// [International System of Quantities](http://jcgm.bipm.org/vim/en/1.6.html) (ISQ).
[INFO] [stdout] 12  | |     quantities: ISQ {
[INFO] [stdout] 13  | |         /// Length, one of the base quantities in the ISQ, denoted by the symbol L. The base unit
[INFO] [stdout] ...   |
[INFO] [stdout] 75  | |     }
[INFO] [stdout] 76  | | }
[INFO] [stdout]     | |_- in this macro invocation
[INFO] [stdout]     |
[INFO] [stdout]     = note: this error originates in a macro (in Nightly builds, run with -Z macro-backtrace for more info)
[INFO] [stdout] 
[INFO] [stdout] 
[INFO] [stdout] error[E0277]: the trait bound `<<D as si::Dimension>::T as std::ops::Add<<Da as si::Dimension>::T>>::Output: Integer` is not satisfied
[INFO] [stdout]    --> /opt/rustwide/cargo-home/registry/src/github.com-1ecc6299db9ec823/uom-0.23.1/src/system.rs:693:20
[INFO] [stdout]     |
[INFO] [stdout] 236 |           pub struct Quantity<D, U, V>
[INFO] [stdout]     |                      -------- required by a bound in this
[INFO] [stdout] 237 |           where
[INFO] [stdout] 238 |               D: Dimension + ?Sized,
[INFO] [stdout]     |                  --------- required by this bound in `si::Quantity`
[INFO] [stdout] ...
[INFO] [stdout] 693 |                   b: Quantity<$quantities<$($crate::typenum::Sum<D::$symbol, Da::$symbol>),+>, Ub, V>,
[INFO] [stdout]     |                      ^^^^^^^^^^^^^^^^^^^^^^^^^^^^^^^^^^^^^^^^^^^^^^^^^^^^^^^^^^^^^^^^^^^^^^^^^^^^^^^^ the trait `Integer` is not implemented for `<<D as si::Dimension>::T as std::ops::Add<<Da as si::Dimension>::T>>::Output`
[INFO] [stdout]     | 
[INFO] [stdout]    ::: /opt/rustwide/cargo-home/registry/src/github.com-1ecc6299db9ec823/uom-0.23.1/src/si/mod.rs:10:1
[INFO] [stdout]     |
[INFO] [stdout] 10  | / system! {
[INFO] [stdout] 11  | |     /// [International System of Quantities](http://jcgm.bipm.org/vim/en/1.6.html) (ISQ).
[INFO] [stdout] 12  | |     quantities: ISQ {
[INFO] [stdout] 13  | |         /// Length, one of the base quantities in the ISQ, denoted by the symbol L. The base unit
[INFO] [stdout] ...   |
[INFO] [stdout] 75  | |     }
[INFO] [stdout] 76  | | }
[INFO] [stdout]     | |_- in this macro invocation
[INFO] [stdout]     |
[INFO] [stdout]     = note: this error originates in a macro (in Nightly builds, run with -Z macro-backtrace for more info)
[INFO] [stdout] 
[INFO] [stdout] 
[INFO] [stdout] error[E0277]: the trait bound `<<D as si::Dimension>::I as std::ops::Add<<Da as si::Dimension>::I>>::Output: Integer` is not satisfied
[INFO] [stdout]    --> /opt/rustwide/cargo-home/registry/src/github.com-1ecc6299db9ec823/uom-0.23.1/src/system.rs:693:20
[INFO] [stdout]     |
[INFO] [stdout] 236 |           pub struct Quantity<D, U, V>
[INFO] [stdout]     |                      -------- required by a bound in this
[INFO] [stdout] 237 |           where
[INFO] [stdout] 238 |               D: Dimension + ?Sized,
[INFO] [stdout]     |                  --------- required by this bound in `si::Quantity`
[INFO] [stdout] ...
[INFO] [stdout] 693 |                   b: Quantity<$quantities<$($crate::typenum::Sum<D::$symbol, Da::$symbol>),+>, Ub, V>,
[INFO] [stdout]     |                      ^^^^^^^^^^^^^^^^^^^^^^^^^^^^^^^^^^^^^^^^^^^^^^^^^^^^^^^^^^^^^^^^^^^^^^^^^^^^^^^^ the trait `Integer` is not implemented for `<<D as si::Dimension>::I as std::ops::Add<<Da as si::Dimension>::I>>::Output`
[INFO] [stdout]     | 
[INFO] [stdout]    ::: /opt/rustwide/cargo-home/registry/src/github.com-1ecc6299db9ec823/uom-0.23.1/src/si/mod.rs:10:1
[INFO] [stdout]     |
[INFO] [stdout] 10  | / system! {
[INFO] [stdout] 11  | |     /// [International System of Quantities](http://jcgm.bipm.org/vim/en/1.6.html) (ISQ).
[INFO] [stdout] 12  | |     quantities: ISQ {
[INFO] [stdout] 13  | |         /// Length, one of the base quantities in the ISQ, denoted by the symbol L. The base unit
[INFO] [stdout] ...   |
[INFO] [stdout] 75  | |     }
[INFO] [stdout] 76  | | }
[INFO] [stdout]     | |_- in this macro invocation
[INFO] [stdout]     |
[INFO] [stdout]     = note: this error originates in a macro (in Nightly builds, run with -Z macro-backtrace for more info)
[INFO] [stdout] 
[INFO] [stdout] 
[INFO] [stdout] error[E0277]: the trait bound `<<D as si::Dimension>::Th as std::ops::Add<<Da as si::Dimension>::Th>>::Output: Integer` is not satisfied
[INFO] [stdout]    --> /opt/rustwide/cargo-home/registry/src/github.com-1ecc6299db9ec823/uom-0.23.1/src/system.rs:693:20
[INFO] [stdout]     |
[INFO] [stdout] 236 |           pub struct Quantity<D, U, V>
[INFO] [stdout]     |                      -------- required by a bound in this
[INFO] [stdout] 237 |           where
[INFO] [stdout] 238 |               D: Dimension + ?Sized,
[INFO] [stdout]     |                  --------- required by this bound in `si::Quantity`
[INFO] [stdout] ...
[INFO] [stdout] 693 |                   b: Quantity<$quantities<$($crate::typenum::Sum<D::$symbol, Da::$symbol>),+>, Ub, V>,
[INFO] [stdout]     |                      ^^^^^^^^^^^^^^^^^^^^^^^^^^^^^^^^^^^^^^^^^^^^^^^^^^^^^^^^^^^^^^^^^^^^^^^^^^^^^^^^ the trait `Integer` is not implemented for `<<D as si::Dimension>::Th as std::ops::Add<<Da as si::Dimension>::Th>>::Output`
[INFO] [stdout]     | 
[INFO] [stdout]    ::: /opt/rustwide/cargo-home/registry/src/github.com-1ecc6299db9ec823/uom-0.23.1/src/si/mod.rs:10:1
[INFO] [stdout]     |
[INFO] [stdout] 10  | / system! {
[INFO] [stdout] 11  | |     /// [International System of Quantities](http://jcgm.bipm.org/vim/en/1.6.html) (ISQ).
[INFO] [stdout] 12  | |     quantities: ISQ {
[INFO] [stdout] 13  | |         /// Length, one of the base quantities in the ISQ, denoted by the symbol L. The base unit
[INFO] [stdout] ...   |
[INFO] [stdout] 75  | |     }
[INFO] [stdout] 76  | | }
[INFO] [stdout]     | |_- in this macro invocation
[INFO] [stdout]     |
[INFO] [stdout]     = note: this error originates in a macro (in Nightly builds, run with -Z macro-backtrace for more info)
[INFO] [stdout] 
[INFO] [stdout] 
[INFO] [stdout] error[E0277]: the trait bound `<<D as si::Dimension>::N as std::ops::Add<<Da as si::Dimension>::N>>::Output: Integer` is not satisfied
[INFO] [stdout]    --> /opt/rustwide/cargo-home/registry/src/github.com-1ecc6299db9ec823/uom-0.23.1/src/system.rs:693:20
[INFO] [stdout]     |
[INFO] [stdout] 236 |           pub struct Quantity<D, U, V>
[INFO] [stdout]     |                      -------- required by a bound in this
[INFO] [stdout] 237 |           where
[INFO] [stdout] 238 |               D: Dimension + ?Sized,
[INFO] [stdout]     |                  --------- required by this bound in `si::Quantity`
[INFO] [stdout] ...
[INFO] [stdout] 693 |                   b: Quantity<$quantities<$($crate::typenum::Sum<D::$symbol, Da::$symbol>),+>, Ub, V>,
[INFO] [stdout]     |                      ^^^^^^^^^^^^^^^^^^^^^^^^^^^^^^^^^^^^^^^^^^^^^^^^^^^^^^^^^^^^^^^^^^^^^^^^^^^^^^^^ the trait `Integer` is not implemented for `<<D as si::Dimension>::N as std::ops::Add<<Da as si::Dimension>::N>>::Output`
[INFO] [stdout]     | 
[INFO] [stdout]    ::: /opt/rustwide/cargo-home/registry/src/github.com-1ecc6299db9ec823/uom-0.23.1/src/si/mod.rs:10:1
[INFO] [stdout]     |
[INFO] [stdout] 10  | / system! {
[INFO] [stdout] 11  | |     /// [International System of Quantities](http://jcgm.bipm.org/vim/en/1.6.html) (ISQ).
[INFO] [stdout] 12  | |     quantities: ISQ {
[INFO] [stdout] 13  | |         /// Length, one of the base quantities in the ISQ, denoted by the symbol L. The base unit
[INFO] [stdout] ...   |
[INFO] [stdout] 75  | |     }
[INFO] [stdout] 76  | | }
[INFO] [stdout]     | |_- in this macro invocation
[INFO] [stdout]     |
[INFO] [stdout]     = note: this error originates in a macro (in Nightly builds, run with -Z macro-backtrace for more info)
[INFO] [stdout] 
[INFO] [stdout] 
[INFO] [stdout] error[E0277]: the trait bound `<<D as si::Dimension>::J as std::ops::Add<<Da as si::Dimension>::J>>::Output: Integer` is not satisfied
[INFO] [stdout]    --> /opt/rustwide/cargo-home/registry/src/github.com-1ecc6299db9ec823/uom-0.23.1/src/system.rs:693:20
[INFO] [stdout]     |
[INFO] [stdout] 236 |           pub struct Quantity<D, U, V>
[INFO] [stdout]     |                      -------- required by a bound in this
[INFO] [stdout] 237 |           where
[INFO] [stdout] 238 |               D: Dimension + ?Sized,
[INFO] [stdout]     |                  --------- required by this bound in `si::Quantity`
[INFO] [stdout] ...
[INFO] [stdout] 693 |                   b: Quantity<$quantities<$($crate::typenum::Sum<D::$symbol, Da::$symbol>),+>, Ub, V>,
[INFO] [stdout]     |                      ^^^^^^^^^^^^^^^^^^^^^^^^^^^^^^^^^^^^^^^^^^^^^^^^^^^^^^^^^^^^^^^^^^^^^^^^^^^^^^^^ the trait `Integer` is not implemented for `<<D as si::Dimension>::J as std::ops::Add<<Da as si::Dimension>::J>>::Output`
[INFO] [stdout]     | 
[INFO] [stdout]    ::: /opt/rustwide/cargo-home/registry/src/github.com-1ecc6299db9ec823/uom-0.23.1/src/si/mod.rs:10:1
[INFO] [stdout]     |
[INFO] [stdout] 10  | / system! {
[INFO] [stdout] 11  | |     /// [International System of Quantities](http://jcgm.bipm.org/vim/en/1.6.html) (ISQ).
[INFO] [stdout] 12  | |     quantities: ISQ {
[INFO] [stdout] 13  | |         /// Length, one of the base quantities in the ISQ, denoted by the symbol L. The base unit
[INFO] [stdout] ...   |
[INFO] [stdout] 75  | |     }
[INFO] [stdout] 76  | | }
[INFO] [stdout]     | |_- in this macro invocation
[INFO] [stdout]     |
[INFO] [stdout]     = note: this error originates in a macro (in Nightly builds, run with -Z macro-backtrace for more info)
[INFO] [stdout] 
[INFO] [stdout] 
[INFO] [stdout] error[E0277]: the trait bound `<<D as si::Dimension>::L as typenum::PartialDiv<PInt<UInt<UInt<UTerm, B1>, B0>>>>::Output: Integer` is not satisfied
[INFO] [stdout]    --> /opt/rustwide/cargo-home/registry/src/github.com-1ecc6299db9ec823/uom-0.23.1/src/system.rs:784:18
[INFO] [stdout]     |
[INFO] [stdout] 236 |           pub struct Quantity<D, U, V>
[INFO] [stdout]     |                      -------- required by a bound in this
[INFO] [stdout] 237 |           where
[INFO] [stdout] 238 |               D: Dimension + ?Sized,
[INFO] [stdout]     |                  --------- required by this bound in `si::Quantity`
[INFO] [stdout] ...
[INFO] [stdout] 784 |               ) -> Quantity<
[INFO] [stdout]     |  __________________^
[INFO] [stdout] 785 | |                 $quantities<$($crate::typenum::PartialQuot<D::$symbol, $crate::typenum::P2>),+>,
[INFO] [stdout] 786 | |                 U, V>
[INFO] [stdout]     | |_____________________^ the trait `Integer` is not implemented for `<<D as si::Dimension>::L as typenum::PartialDiv<PInt<UInt<UInt<UTerm, B1>, B0>>>>::Output`
[INFO] [stdout]     | 
[INFO] [stdout]    ::: /opt/rustwide/cargo-home/registry/src/github.com-1ecc6299db9ec823/uom-0.23.1/src/si/mod.rs:10:1
[INFO] [stdout]     |
[INFO] [stdout] 10  | / system! {
[INFO] [stdout] 11  | |     /// [International System of Quantities](http://jcgm.bipm.org/vim/en/1.6.html) (ISQ).
[INFO] [stdout] 12  | |     quantities: ISQ {
[INFO] [stdout] 13  | |         /// Length, one of the base quantities in the ISQ, denoted by the symbol L. The base unit
[INFO] [stdout] ...   |
[INFO] [stdout] 75  | |     }
[INFO] [stdout] 76  | | }
[INFO] [stdout]     | |_- in this macro invocation
[INFO] [stdout]     |
[INFO] [stdout]     = note: this error originates in a macro (in Nightly builds, run with -Z macro-backtrace for more info)
[INFO] [stdout] 
[INFO] [stdout] 
[INFO] [stdout] error[E0277]: the trait bound `<<D as si::Dimension>::M as typenum::PartialDiv<PInt<UInt<UInt<UTerm, B1>, B0>>>>::Output: Integer` is not satisfied
[INFO] [stdout]    --> /opt/rustwide/cargo-home/registry/src/github.com-1ecc6299db9ec823/uom-0.23.1/src/system.rs:784:18
[INFO] [stdout]     |
[INFO] [stdout] 236 |           pub struct Quantity<D, U, V>
[INFO] [stdout]     |                      -------- required by a bound in this
[INFO] [stdout] 237 |           where
[INFO] [stdout] 238 |               D: Dimension + ?Sized,
[INFO] [stdout]     |                  --------- required by this bound in `si::Quantity`
[INFO] [stdout] ...
[INFO] [stdout] 784 |               ) -> Quantity<
[INFO] [stdout]     |  __________________^
[INFO] [stdout] 785 | |                 $quantities<$($crate::typenum::PartialQuot<D::$symbol, $crate::typenum::P2>),+>,
[INFO] [stdout] 786 | |                 U, V>
[INFO] [stdout]     | |_____________________^ the trait `Integer` is not implemented for `<<D as si::Dimension>::M as typenum::PartialDiv<PInt<UInt<UInt<UTerm, B1>, B0>>>>::Output`
[INFO] [stdout]     | 
[INFO] [stdout]    ::: /opt/rustwide/cargo-home/registry/src/github.com-1ecc6299db9ec823/uom-0.23.1/src/si/mod.rs:10:1
[INFO] [stdout]     |
[INFO] [stdout] 10  | / system! {
[INFO] [stdout] 11  | |     /// [International System of Quantities](http://jcgm.bipm.org/vim/en/1.6.html) (ISQ).
[INFO] [stdout] 12  | |     quantities: ISQ {
[INFO] [stdout] 13  | |         /// Length, one of the base quantities in the ISQ, denoted by the symbol L. The base unit
[INFO] [stdout] ...   |
[INFO] [stdout] 75  | |     }
[INFO] [stdout] 76  | | }
[INFO] [stdout]     | |_- in this macro invocation
[INFO] [stdout]     |
[INFO] [stdout]     = note: this error originates in a macro (in Nightly builds, run with -Z macro-backtrace for more info)
[INFO] [stdout] 
[INFO] [stdout] 
[INFO] [stdout] error[E0277]: the trait bound `<<D as si::Dimension>::T as typenum::PartialDiv<PInt<UInt<UInt<UTerm, B1>, B0>>>>::Output: Integer` is not satisfied
[INFO] [stdout]    --> /opt/rustwide/cargo-home/registry/src/github.com-1ecc6299db9ec823/uom-0.23.1/src/system.rs:784:18
[INFO] [stdout]     |
[INFO] [stdout] 236 |           pub struct Quantity<D, U, V>
[INFO] [stdout]     |                      -------- required by a bound in this
[INFO] [stdout] 237 |           where
[INFO] [stdout] 238 |               D: Dimension + ?Sized,
[INFO] [stdout]     |                  --------- required by this bound in `si::Quantity`
[INFO] [stdout] ...
[INFO] [stdout] 784 |               ) -> Quantity<
[INFO] [stdout]     |  __________________^
[INFO] [stdout] 785 | |                 $quantities<$($crate::typenum::PartialQuot<D::$symbol, $crate::typenum::P2>),+>,
[INFO] [stdout] 786 | |                 U, V>
[INFO] [stdout]     | |_____________________^ the trait `Integer` is not implemented for `<<D as si::Dimension>::T as typenum::PartialDiv<PInt<UInt<UInt<UTerm, B1>, B0>>>>::Output`
[INFO] [stdout]     | 
[INFO] [stdout]    ::: /opt/rustwide/cargo-home/registry/src/github.com-1ecc6299db9ec823/uom-0.23.1/src/si/mod.rs:10:1
[INFO] [stdout]     |
[INFO] [stdout] 10  | / system! {
[INFO] [stdout] 11  | |     /// [International System of Quantities](http://jcgm.bipm.org/vim/en/1.6.html) (ISQ).
[INFO] [stdout] 12  | |     quantities: ISQ {
[INFO] [stdout] 13  | |         /// Length, one of the base quantities in the ISQ, denoted by the symbol L. The base unit
[INFO] [stdout] ...   |
[INFO] [stdout] 75  | |     }
[INFO] [stdout] 76  | | }
[INFO] [stdout]     | |_- in this macro invocation
[INFO] [stdout]     |
[INFO] [stdout]     = note: this error originates in a macro (in Nightly builds, run with -Z macro-backtrace for more info)
[INFO] [stdout] 
[INFO] [stdout] 
[INFO] [stdout] error[E0277]: the trait bound `<<D as si::Dimension>::I as typenum::PartialDiv<PInt<UInt<UInt<UTerm, B1>, B0>>>>::Output: Integer` is not satisfied
[INFO] [stdout]    --> /opt/rustwide/cargo-home/registry/src/github.com-1ecc6299db9ec823/uom-0.23.1/src/system.rs:784:18
[INFO] [stdout]     |
[INFO] [stdout] 236 |           pub struct Quantity<D, U, V>
[INFO] [stdout]     |                      -------- required by a bound in this
[INFO] [stdout] 237 |           where
[INFO] [stdout] 238 |               D: Dimension + ?Sized,
[INFO] [stdout]     |                  --------- required by this bound in `si::Quantity`
[INFO] [stdout] ...
[INFO] [stdout] 784 |               ) -> Quantity<
[INFO] [stdout]     |  __________________^
[INFO] [stdout] 785 | |                 $quantities<$($crate::typenum::PartialQuot<D::$symbol, $crate::typenum::P2>),+>,
[INFO] [stdout] 786 | |                 U, V>
[INFO] [stdout]     | |_____________________^ the trait `Integer` is not implemented for `<<D as si::Dimension>::I as typenum::PartialDiv<PInt<UInt<UInt<UTerm, B1>, B0>>>>::Output`
[INFO] [stdout]     | 
[INFO] [stdout]    ::: /opt/rustwide/cargo-home/registry/src/github.com-1ecc6299db9ec823/uom-0.23.1/src/si/mod.rs:10:1
[INFO] [stdout]     |
[INFO] [stdout] 10  | / system! {
[INFO] [stdout] 11  | |     /// [International System of Quantities](http://jcgm.bipm.org/vim/en/1.6.html) (ISQ).
[INFO] [stdout] 12  | |     quantities: ISQ {
[INFO] [stdout] 13  | |         /// Length, one of the base quantities in the ISQ, denoted by the symbol L. The base unit
[INFO] [stdout] ...   |
[INFO] [stdout] 75  | |     }
[INFO] [stdout] 76  | | }
[INFO] [stdout]     | |_- in this macro invocation
[INFO] [stdout]     |
[INFO] [stdout]     = note: this error originates in a macro (in Nightly builds, run with -Z macro-backtrace for more info)
[INFO] [stdout] 
[INFO] [stdout] 
[INFO] [stdout] error[E0277]: the trait bound `<<D as si::Dimension>::Th as typenum::PartialDiv<PInt<UInt<UInt<UTerm, B1>, B0>>>>::Output: Integer` is not satisfied
[INFO] [stdout]    --> /opt/rustwide/cargo-home/registry/src/github.com-1ecc6299db9ec823/uom-0.23.1/src/system.rs:784:18
[INFO] [stdout]     |
[INFO] [stdout] 236 |           pub struct Quantity<D, U, V>
[INFO] [stdout]     |                      -------- required by a bound in this
[INFO] [stdout] 237 |           where
[INFO] [stdout] 238 |               D: Dimension + ?Sized,
[INFO] [stdout]     |                  --------- required by this bound in `si::Quantity`
[INFO] [stdout] ...
[INFO] [stdout] 784 |               ) -> Quantity<
[INFO] [stdout]     |  __________________^
[INFO] [stdout] 785 | |                 $quantities<$($crate::typenum::PartialQuot<D::$symbol, $crate::typenum::P2>),+>,
[INFO] [stdout] 786 | |                 U, V>
[INFO] [stdout]     | |_____________________^ the trait `Integer` is not implemented for `<<D as si::Dimension>::Th as typenum::PartialDiv<PInt<UInt<UInt<UTerm, B1>, B0>>>>::Output`
[INFO] [stdout]     | 
[INFO] [stdout]    ::: /opt/rustwide/cargo-home/registry/src/github.com-1ecc6299db9ec823/uom-0.23.1/src/si/mod.rs:10:1
[INFO] [stdout]     |
[INFO] [stdout] 10  | / system! {
[INFO] [stdout] 11  | |     /// [International System of Quantities](http://jcgm.bipm.org/vim/en/1.6.html) (ISQ).
[INFO] [stdout] 12  | |     quantities: ISQ {
[INFO] [stdout] 13  | |         /// Length, one of the base quantities in the ISQ, denoted by the symbol L. The base unit
[INFO] [stdout] ...   |
[INFO] [stdout] 75  | |     }
[INFO] [stdout] 76  | | }
[INFO] [stdout]     | |_- in this macro invocation
[INFO] [stdout]     |
[INFO] [stdout]     = note: this error originates in a macro (in Nightly builds, run with -Z macro-backtrace for more info)
[INFO] [stdout] 
[INFO] [stdout] 
[INFO] [stdout] error[E0277]: the trait bound `<<D as si::Dimension>::N as typenum::PartialDiv<PInt<UInt<UInt<UTerm, B1>, B0>>>>::Output: Integer` is not satisfied
[INFO] [stdout]    --> /opt/rustwide/cargo-home/registry/src/github.com-1ecc6299db9ec823/uom-0.23.1/src/system.rs:784:18
[INFO] [stdout]     |
[INFO] [stdout] 236 |           pub struct Quantity<D, U, V>
[INFO] [stdout]     |                      -------- required by a bound in this
[INFO] [stdout] 237 |           where
[INFO] [stdout] 238 |               D: Dimension + ?Sized,
[INFO] [stdout]     |                  --------- required by this bound in `si::Quantity`
[INFO] [stdout] ...
[INFO] [stdout] 784 |               ) -> Quantity<
[INFO] [stdout]     |  __________________^
[INFO] [stdout] 785 | |                 $quantities<$($crate::typenum::PartialQuot<D::$symbol, $crate::typenum::P2>),+>,
[INFO] [stdout] 786 | |                 U, V>
[INFO] [stdout]     | |_____________________^ the trait `Integer` is not implemented for `<<D as si::Dimension>::N as typenum::PartialDiv<PInt<UInt<UInt<UTerm, B1>, B0>>>>::Output`
[INFO] [stdout]     | 
[INFO] [stdout]    ::: /opt/rustwide/cargo-home/registry/src/github.com-1ecc6299db9ec823/uom-0.23.1/src/si/mod.rs:10:1
[INFO] [stdout]     |
[INFO] [stdout] 10  | / system! {
[INFO] [stdout] 11  | |     /// [International System of Quantities](http://jcgm.bipm.org/vim/en/1.6.html) (ISQ).
[INFO] [stdout] 12  | |     quantities: ISQ {
[INFO] [stdout] 13  | |         /// Length, one of the base quantities in the ISQ, denoted by the symbol L. The base unit
[INFO] [stdout] ...   |
[INFO] [stdout] 75  | |     }
[INFO] [stdout] 76  | | }
[INFO] [stdout]     | |_- in this macro invocation
[INFO] [stdout]     |
[INFO] [stdout]     = note: this error originates in a macro (in Nightly builds, run with -Z macro-backtrace for more info)
[INFO] [stdout] 
[INFO] [stdout] 
[INFO] [stdout] error[E0277]: the trait bound `<<D as si::Dimension>::J as typenum::PartialDiv<PInt<UInt<UInt<UTerm, B1>, B0>>>>::Output: Integer` is not satisfied
[INFO] [stdout]    --> /opt/rustwide/cargo-home/registry/src/github.com-1ecc6299db9ec823/uom-0.23.1/src/system.rs:784:18
[INFO] [stdout]     |
[INFO] [stdout] 236 |           pub struct Quantity<D, U, V>
[INFO] [stdout]     |                      -------- required by a bound in this
[INFO] [stdout] 237 |           where
[INFO] [stdout] 238 |               D: Dimension + ?Sized,
[INFO] [stdout]     |                  --------- required by this bound in `si::Quantity`
[INFO] [stdout] ...
[INFO] [stdout] 784 |               ) -> Quantity<
[INFO] [stdout]     |  __________________^
[INFO] [stdout] 785 | |                 $quantities<$($crate::typenum::PartialQuot<D::$symbol, $crate::typenum::P2>),+>,
[INFO] [stdout] 786 | |                 U, V>
[INFO] [stdout]     | |_____________________^ the trait `Integer` is not implemented for `<<D as si::Dimension>::J as typenum::PartialDiv<PInt<UInt<UInt<UTerm, B1>, B0>>>>::Output`
[INFO] [stdout]     | 
[INFO] [stdout]    ::: /opt/rustwide/cargo-home/registry/src/github.com-1ecc6299db9ec823/uom-0.23.1/src/si/mod.rs:10:1
[INFO] [stdout]     |
[INFO] [stdout] 10  | / system! {
[INFO] [stdout] 11  | |     /// [International System of Quantities](http://jcgm.bipm.org/vim/en/1.6.html) (ISQ).
[INFO] [stdout] 12  | |     quantities: ISQ {
[INFO] [stdout] 13  | |         /// Length, one of the base quantities in the ISQ, denoted by the symbol L. The base unit
[INFO] [stdout] ...   |
[INFO] [stdout] 75  | |     }
[INFO] [stdout] 76  | | }
[INFO] [stdout]     | |_- in this macro invocation
[INFO] [stdout]     |
[INFO] [stdout]     = note: this error originates in a macro (in Nightly builds, run with -Z macro-backtrace for more info)
[INFO] [stdout] 
[INFO] [stdout] 
[INFO] [stdout] error[E0277]: the trait bound `L: Integer` is not satisfied
[INFO] [stdout]    --> /opt/rustwide/cargo-home/registry/src/github.com-1ecc6299db9ec823/uom-0.23.1/src/si/mod.rs:144:26
[INFO] [stdout]     |
[INFO] [stdout] 144 |                       val: Quantity<
[INFO] [stdout]     |  __________________________^
[INFO] [stdout] 145 | |                         Dimension<L = L, M = M, T = T, I = I, Th = Th, N = N, J = J, Kind = $a>,
[INFO] [stdout] 146 | |                         Ur,
[INFO] [stdout] 147 | |                         V,
[INFO] [stdout] 148 | |                     >,
[INFO] [stdout]     | |_____________________^ the trait `Integer` is not implemented for `L`
[INFO] [stdout] ...
[INFO] [stdout] 212 |       impl_from!(AngleKind, Kind);
[INFO] [stdout]     |       ---------------------------- in this macro invocation
[INFO] [stdout]     | 
[INFO] [stdout]    ::: /opt/rustwide/cargo-home/registry/src/github.com-1ecc6299db9ec823/uom-0.23.1/src/system.rs:236:20
[INFO] [stdout]     |
[INFO] [stdout] 236 |           pub struct Quantity<D, U, V>
[INFO] [stdout]     |                      -------- required by a bound in this
[INFO] [stdout] 237 |           where
[INFO] [stdout] 238 |               D: Dimension + ?Sized,
[INFO] [stdout]     |                  --------- required by this bound in `si::Quantity`
[INFO] [stdout]     |
[INFO] [stdout]     = note: this error originates in a macro (in Nightly builds, run with -Z macro-backtrace for more info)
[INFO] [stdout] help: consider further restricting type parameter `L`
[INFO] [stdout]     |
[INFO] [stdout] 141 |                 V: ::num_traits::Num + ::Conversion<V>, L: typenum::Integer
[INFO] [stdout]     |                                                       ^^^^^^^^^^^^^^^^^^^^^
[INFO] [stdout] 
[INFO] [stdout] 
[INFO] [stdout] error[E0277]: the trait bound `M: Integer` is not satisfied
[INFO] [stdout]    --> /opt/rustwide/cargo-home/registry/src/github.com-1ecc6299db9ec823/uom-0.23.1/src/si/mod.rs:144:26
[INFO] [stdout]     |
[INFO] [stdout] 144 |                       val: Quantity<
[INFO] [stdout]     |  __________________________^
[INFO] [stdout] 145 | |                         Dimension<L = L, M = M, T = T, I = I, Th = Th, N = N, J = J, Kind = $a>,
[INFO] [stdout] 146 | |                         Ur,
[INFO] [stdout] 147 | |                         V,
[INFO] [stdout] 148 | |                     >,
[INFO] [stdout]     | |_____________________^ the trait `Integer` is not implemented for `M`
[INFO] [stdout] ...
[INFO] [stdout] 212 |       impl_from!(AngleKind, Kind);
[INFO] [stdout]     |       ---------------------------- in this macro invocation
[INFO] [stdout]     | 
[INFO] [stdout]    ::: /opt/rustwide/cargo-home/registry/src/github.com-1ecc6299db9ec823/uom-0.23.1/src/system.rs:236:20
[INFO] [stdout]     |
[INFO] [stdout] 236 |           pub struct Quantity<D, U, V>
[INFO] [stdout]     |                      -------- required by a bound in this
[INFO] [stdout] 237 |           where
[INFO] [stdout] 238 |               D: Dimension + ?Sized,
[INFO] [stdout]     |                  --------- required by this bound in `si::Quantity`
[INFO] [stdout]     |
[INFO] [stdout]     = note: this error originates in a macro (in Nightly builds, run with -Z macro-backtrace for more info)
[INFO] [stdout] help: consider further restricting type parameter `M`
[INFO] [stdout]     |
[INFO] [stdout] 141 |                 V: ::num_traits::Num + ::Conversion<V>, M: typenum::Integer
[INFO] [stdout]     |                                                       ^^^^^^^^^^^^^^^^^^^^^
[INFO] [stdout] 
[INFO] [stdout] 
[INFO] [stdout] error[E0277]: the trait bound `T: Integer` is not satisfied
[INFO] [stdout]    --> /opt/rustwide/cargo-home/registry/src/github.com-1ecc6299db9ec823/uom-0.23.1/src/si/mod.rs:144:26
[INFO] [stdout]     |
[INFO] [stdout] 144 |                       val: Quantity<
[INFO] [stdout]     |  __________________________^
[INFO] [stdout] 145 | |                         Dimension<L = L, M = M, T = T, I = I, Th = Th, N = N, J = J, Kind = $a>,
[INFO] [stdout] 146 | |                         Ur,
[INFO] [stdout] 147 | |                         V,
[INFO] [stdout] 148 | |                     >,
[INFO] [stdout]     | |_____________________^ the trait `Integer` is not implemented for `T`
[INFO] [stdout] ...
[INFO] [stdout] 212 |       impl_from!(AngleKind, Kind);
[INFO] [stdout]     |       ---------------------------- in this macro invocation
[INFO] [stdout]     | 
[INFO] [stdout]    ::: /opt/rustwide/cargo-home/registry/src/github.com-1ecc6299db9ec823/uom-0.23.1/src/system.rs:236:20
[INFO] [stdout]     |
[INFO] [stdout] 236 |           pub struct Quantity<D, U, V>
[INFO] [stdout]     |                      -------- required by a bound in this
[INFO] [stdout] 237 |           where
[INFO] [stdout] 238 |               D: Dimension + ?Sized,
[INFO] [stdout]     |                  --------- required by this bound in `si::Quantity`
[INFO] [stdout]     |
[INFO] [stdout]     = note: this error originates in a macro (in Nightly builds, run with -Z macro-backtrace for more info)
[INFO] [stdout] help: consider further restricting type parameter `T`
[INFO] [stdout]     |
[INFO] [stdout] 141 |                 V: ::num_traits::Num + ::Conversion<V>, T: typenum::Integer
[INFO] [stdout]     |                                                       ^^^^^^^^^^^^^^^^^^^^^
[INFO] [stdout] 
[INFO] [stdout] 
[INFO] [stdout] error[E0277]: the trait bound `I: Integer` is not satisfied
[INFO] [stdout]    --> /opt/rustwide/cargo-home/registry/src/github.com-1ecc6299db9ec823/uom-0.23.1/src/si/mod.rs:144:26
[INFO] [stdout]     |
[INFO] [stdout] 144 |                       val: Quantity<
[INFO] [stdout]     |  __________________________^
[INFO] [stdout] 145 | |                         Dimension<L = L, M = M, T = T, I = I, Th = Th, N = N, J = J, Kind = $a>,
[INFO] [stdout] 146 | |                         Ur,
[INFO] [stdout] 147 | |                         V,
[INFO] [stdout] 148 | |                     >,
[INFO] [stdout]     | |_____________________^ the trait `Integer` is not implemented for `I`
[INFO] [stdout] ...
[INFO] [stdout] 212 |       impl_from!(AngleKind, Kind);
[INFO] [stdout]     |       ---------------------------- in this macro invocation
[INFO] [stdout]     | 
[INFO] [stdout]    ::: /opt/rustwide/cargo-home/registry/src/github.com-1ecc6299db9ec823/uom-0.23.1/src/system.rs:236:20
[INFO] [stdout]     |
[INFO] [stdout] 236 |           pub struct Quantity<D, U, V>
[INFO] [stdout]     |                      -------- required by a bound in this
[INFO] [stdout] 237 |           where
[INFO] [stdout] 238 |               D: Dimension + ?Sized,
[INFO] [stdout]     |                  --------- required by this bound in `si::Quantity`
[INFO] [stdout]     |
[INFO] [stdout]     = note: this error originates in a macro (in Nightly builds, run with -Z macro-backtrace for more info)
[INFO] [stdout] help: consider further restricting type parameter `I`
[INFO] [stdout]     |
[INFO] [stdout] 141 |                 V: ::num_traits::Num + ::Conversion<V>, I: typenum::Integer
[INFO] [stdout]     |                                                       ^^^^^^^^^^^^^^^^^^^^^
[INFO] [stdout] 
[INFO] [stdout] 
[INFO] [stdout] error[E0277]: the trait bound `Th: Integer` is not satisfied
[INFO] [stdout]    --> /opt/rustwide/cargo-home/registry/src/github.com-1ecc6299db9ec823/uom-0.23.1/src/si/mod.rs:144:26
[INFO] [stdout]     |
[INFO] [stdout] 144 |                       val: Quantity<
[INFO] [stdout]     |  __________________________^
[INFO] [stdout] 145 | |                         Dimension<L = L, M = M, T = T, I = I, Th = Th, N = N, J = J, Kind = $a>,
[INFO] [stdout] 146 | |                         Ur,
[INFO] [stdout] 147 | |                         V,
[INFO] [stdout] 148 | |                     >,
[INFO] [stdout]     | |_____________________^ the trait `Integer` is not implemented for `Th`
[INFO] [stdout] ...
[INFO] [stdout] 212 |       impl_from!(AngleKind, Kind);
[INFO] [stdout]     |       ---------------------------- in this macro invocation
[INFO] [stdout]     | 
[INFO] [stdout]    ::: /opt/rustwide/cargo-home/registry/src/github.com-1ecc6299db9ec823/uom-0.23.1/src/system.rs:236:20
[INFO] [stdout]     |
[INFO] [stdout] 236 |           pub struct Quantity<D, U, V>
[INFO] [stdout]     |                      -------- required by a bound in this
[INFO] [stdout] 237 |           where
[INFO] [stdout] 238 |               D: Dimension + ?Sized,
[INFO] [stdout]     |                  --------- required by this bound in `si::Quantity`
[INFO] [stdout]     |
[INFO] [stdout]     = note: this error originates in a macro (in Nightly builds, run with -Z macro-backtrace for more info)
[INFO] [stdout] help: consider further restricting type parameter `Th`
[INFO] [stdout]     |
[INFO] [stdout] 141 |                 V: ::num_traits::Num + ::Conversion<V>, Th: typenum::Integer
[INFO] [stdout]     |                                                       ^^^^^^^^^^^^^^^^^^^^^^
[INFO] [stdout] 
[INFO] [stdout] 
[INFO] [stdout] error[E0277]: the trait bound `N: Integer` is not satisfied
[INFO] [stdout]    --> /opt/rustwide/cargo-home/registry/src/github.com-1ecc6299db9ec823/uom-0.23.1/src/si/mod.rs:144:26
[INFO] [stdout]     |
[INFO] [stdout] 144 |                       val: Quantity<
[INFO] [stdout]     |  __________________________^
[INFO] [stdout] 145 | |                         Dimension<L = L, M = M, T = T, I = I, Th = Th, N = N, J = J, Kind = $a>,
[INFO] [stdout] 146 | |                         Ur,
[INFO] [stdout] 147 | |                         V,
[INFO] [stdout] 148 | |                     >,
[INFO] [stdout]     | |_____________________^ the trait `Integer` is not implemented for `N`
[INFO] [stdout] ...
[INFO] [stdout] 212 |       impl_from!(AngleKind, Kind);
[INFO] [stdout]     |       ---------------------------- in this macro invocation
[INFO] [stdout]     | 
[INFO] [stdout]    ::: /opt/rustwide/cargo-home/registry/src/github.com-1ecc6299db9ec823/uom-0.23.1/src/system.rs:236:20
[INFO] [stdout]     |
[INFO] [stdout] 236 |           pub struct Quantity<D, U, V>
[INFO] [stdout]     |                      -------- required by a bound in this
[INFO] [stdout] 237 |           where
[INFO] [stdout] 238 |               D: Dimension + ?Sized,
[INFO] [stdout]     |                  --------- required by this bound in `si::Quantity`
[INFO] [stdout]     |
[INFO] [stdout]     = note: this error originates in a macro (in Nightly builds, run with -Z macro-backtrace for more info)
[INFO] [stdout] help: consider further restricting type parameter `N`
[INFO] [stdout]     |
[INFO] [stdout] 141 |                 V: ::num_traits::Num + ::Conversion<V>, N: typenum::Integer
[INFO] [stdout]     |                                                       ^^^^^^^^^^^^^^^^^^^^^
[INFO] [stdout] 
[INFO] [stdout] 
[INFO] [stdout] error[E0277]: the trait bound `J: Integer` is not satisfied
[INFO] [stdout]    --> /opt/rustwide/cargo-home/registry/src/github.com-1ecc6299db9ec823/uom-0.23.1/src/si/mod.rs:144:26
[INFO] [stdout]     |
[INFO] [stdout] 144 |                       val: Quantity<
[INFO] [stdout]     |  __________________________^
[INFO] [stdout] 145 | |                         Dimension<L = L, M = M, T = T, I = I, Th = Th, N = N, J = J, Kind = $a>,
[INFO] [stdout] 146 | |                         Ur,
[INFO] [stdout] 147 | |                         V,
[INFO] [stdout] 148 | |                     >,
[INFO] [stdout]     | |_____________________^ the trait `Integer` is not implemented for `J`
[INFO] [stdout] ...
[INFO] [stdout] 212 |       impl_from!(AngleKind, Kind);
[INFO] [stdout]     |       ---------------------------- in this macro invocation
[INFO] [stdout]     | 
[INFO] [stdout]    ::: /opt/rustwide/cargo-home/registry/src/github.com-1ecc6299db9ec823/uom-0.23.1/src/system.rs:236:20
[INFO] [stdout]     |
[INFO] [stdout] 236 |           pub struct Quantity<D, U, V>
[INFO] [stdout]     |                      -------- required by a bound in this
[INFO] [stdout] 237 |           where
[INFO] [stdout] 238 |               D: Dimension + ?Sized,
[INFO] [stdout]     |                  --------- required by this bound in `si::Quantity`
[INFO] [stdout]     |
[INFO] [stdout]     = note: this error originates in a macro (in Nightly builds, run with -Z macro-backtrace for more info)
[INFO] [stdout] help: consider further restricting type parameter `J`
[INFO] [stdout]     |
[INFO] [stdout] 141 |                 V: ::num_traits::Num + ::Conversion<V>, J: typenum::Integer
[INFO] [stdout]     |                                                       ^^^^^^^^^^^^^^^^^^^^^
[INFO] [stdout] 
[INFO] [stdout] 
[INFO] [stdout] error[E0277]: the trait bound `L: Integer` is not satisfied
[INFO] [stdout]    --> /opt/rustwide/cargo-home/registry/src/github.com-1ecc6299db9ec823/uom-0.23.1/src/si/mod.rs:144:26
[INFO] [stdout]     |
[INFO] [stdout] 144 |                       val: Quantity<
[INFO] [stdout]     |  __________________________^
[INFO] [stdout] 145 | |                         Dimension<L = L, M = M, T = T, I = I, Th = Th, N = N, J = J, Kind = $a>,
[INFO] [stdout] 146 | |                         Ur,
[INFO] [stdout] 147 | |                         V,
[INFO] [stdout] 148 | |                     >,
[INFO] [stdout]     | |_____________________^ the trait `Integer` is not implemented for `L`
[INFO] [stdout] ...
[INFO] [stdout] 213 |       impl_from!(Kind, AngleKind);
[INFO] [stdout]     |       ---------------------------- in this macro invocation
[INFO] [stdout]     | 
[INFO] [stdout]    ::: /opt/rustwide/cargo-home/registry/src/github.com-1ecc6299db9ec823/uom-0.23.1/src/system.rs:236:20
[INFO] [stdout]     |
[INFO] [stdout] 236 |           pub struct Quantity<D, U, V>
[INFO] [stdout]     |                      -------- required by a bound in this
[INFO] [stdout] 237 |           where
[INFO] [stdout] 238 |               D: Dimension + ?Sized,
[INFO] [stdout]     |                  --------- required by this bound in `si::Quantity`
[INFO] [stdout]     |
[INFO] [stdout]     = note: this error originates in a macro (in Nightly builds, run with -Z macro-backtrace for more info)
[INFO] [stdout] help: consider further restricting type parameter `L`
[INFO] [stdout]     |
[INFO] [stdout] 141 |                 V: ::num_traits::Num + ::Conversion<V>, L: typenum::Integer
[INFO] [stdout]     |                                                       ^^^^^^^^^^^^^^^^^^^^^
[INFO] [stdout] 
[INFO] [stdout] 
[INFO] [stdout] error[E0277]: the trait bound `M: Integer` is not satisfied
[INFO] [stdout]    --> /opt/rustwide/cargo-home/registry/src/github.com-1ecc6299db9ec823/uom-0.23.1/src/si/mod.rs:144:26
[INFO] [stdout]     |
[INFO] [stdout] 144 |                       val: Quantity<
[INFO] [stdout]     |  __________________________^
[INFO] [stdout] 145 | |                         Dimension<L = L, M = M, T = T, I = I, Th = Th, N = N, J = J, Kind = $a>,
[INFO] [stdout] 146 | |                         Ur,
[INFO] [stdout] 147 | |                         V,
[INFO] [stdout] 148 | |                     >,
[INFO] [stdout]     | |_____________________^ the trait `Integer` is not implemented for `M`
[INFO] [stdout] ...
[INFO] [stdout] 213 |       impl_from!(Kind, AngleKind);
[INFO] [stdout]     |       ---------------------------- in this macro invocation
[INFO] [stdout]     | 
[INFO] [stdout]    ::: /opt/rustwide/cargo-home/registry/src/github.com-1ecc6299db9ec823/uom-0.23.1/src/system.rs:236:20
[INFO] [stdout]     |
[INFO] [stdout] 236 |           pub struct Quantity<D, U, V>
[INFO] [stdout]     |                      -------- required by a bound in this
[INFO] [stdout] 237 |           where
[INFO] [stdout] 238 |               D: Dimension + ?Sized,
[INFO] [stdout]     |                  --------- required by this bound in `si::Quantity`
[INFO] [stdout]     |
[INFO] [stdout]     = note: this error originates in a macro (in Nightly builds, run with -Z macro-backtrace for more info)
[INFO] [stdout] help: consider further restricting type parameter `M`
[INFO] [stdout]     |
[INFO] [stdout] 141 |                 V: ::num_traits::Num + ::Conversion<V>, M: typenum::Integer
[INFO] [stdout]     |                                                       ^^^^^^^^^^^^^^^^^^^^^
[INFO] [stdout] 
[INFO] [stdout] 
[INFO] [stdout] error[E0277]: the trait bound `T: Integer` is not satisfied
[INFO] [stdout]    --> /opt/rustwide/cargo-home/registry/src/github.com-1ecc6299db9ec823/uom-0.23.1/src/si/mod.rs:144:26
[INFO] [stdout]     |
[INFO] [stdout] 144 |                       val: Quantity<
[INFO] [stdout]     |  __________________________^
[INFO] [stdout] 145 | |                         Dimension<L = L, M = M, T = T, I = I, Th = Th, N = N, J = J, Kind = $a>,
[INFO] [stdout] 146 | |                         Ur,
[INFO] [stdout] 147 | |                         V,
[INFO] [stdout] 148 | |                     >,
[INFO] [stdout]     | |_____________________^ the trait `Integer` is not implemented for `T`
[INFO] [stdout] ...
[INFO] [stdout] 213 |       impl_from!(Kind, AngleKind);
[INFO] [stdout]     |       ---------------------------- in this macro invocation
[INFO] [stdout]     | 
[INFO] [stdout]    ::: /opt/rustwide/cargo-home/registry/src/github.com-1ecc6299db9ec823/uom-0.23.1/src/system.rs:236:20
[INFO] [stdout]     |
[INFO] [stdout] 236 |           pub struct Quantity<D, U, V>
[INFO] [stdout]     |                      -------- required by a bound in this
[INFO] [stdout] 237 |           where
[INFO] [stdout] 238 |               D: Dimension + ?Sized,
[INFO] [stdout]     |                  --------- required by this bound in `si::Quantity`
[INFO] [stdout]     |
[INFO] [stdout]     = note: this error originates in a macro (in Nightly builds, run with -Z macro-backtrace for more info)
[INFO] [stdout] help: consider further restricting type parameter `T`
[INFO] [stdout]     |
[INFO] [stdout] 141 |                 V: ::num_traits::Num + ::Conversion<V>, T: typenum::Integer
[INFO] [stdout]     |                                                       ^^^^^^^^^^^^^^^^^^^^^
[INFO] [stdout] 
[INFO] [stdout] 
[INFO] [stdout] error[E0277]: the trait bound `I: Integer` is not satisfied
[INFO] [stdout]    --> /opt/rustwide/cargo-home/registry/src/github.com-1ecc6299db9ec823/uom-0.23.1/src/si/mod.rs:144:26
[INFO] [stdout]     |
[INFO] [stdout] 144 |                       val: Quantity<
[INFO] [stdout]     |  __________________________^
[INFO] [stdout] 145 | |                         Dimension<L = L, M = M, T = T, I = I, Th = Th, N = N, J = J, Kind = $a>,
[INFO] [stdout] 146 | |                         Ur,
[INFO] [stdout] 147 | |                         V,
[INFO] [stdout] 148 | |                     >,
[INFO] [stdout]     | |_____________________^ the trait `Integer` is not implemented for `I`
[INFO] [stdout] ...
[INFO] [stdout] 213 |       impl_from!(Kind, AngleKind);
[INFO] [stdout]     |       ---------------------------- in this macro invocation
[INFO] [stdout]     | 
[INFO] [stdout]    ::: /opt/rustwide/cargo-home/registry/src/github.com-1ecc6299db9ec823/uom-0.23.1/src/system.rs:236:20
[INFO] [stdout]     |
[INFO] [stdout] 236 |           pub struct Quantity<D, U, V>
[INFO] [stdout]     |                      -------- required by a bound in this
[INFO] [stdout] 237 |           where
[INFO] [stdout] 238 |               D: Dimension + ?Sized,
[INFO] [stdout]     |                  --------- required by this bound in `si::Quantity`
[INFO] [stdout]     |
[INFO] [stdout]     = note: this error originates in a macro (in Nightly builds, run with -Z macro-backtrace for more info)
[INFO] [stdout] help: consider further restricting type parameter `I`
[INFO] [stdout]     |
[INFO] [stdout] 141 |                 V: ::num_traits::Num + ::Conversion<V>, I: typenum::Integer
[INFO] [stdout]     |                                                       ^^^^^^^^^^^^^^^^^^^^^
[INFO] [stdout] 
[INFO] [stdout] 
[INFO] [stdout] error[E0277]: the trait bound `Th: Integer` is not satisfied
[INFO] [stdout]    --> /opt/rustwide/cargo-home/registry/src/github.com-1ecc6299db9ec823/uom-0.23.1/src/si/mod.rs:144:26
[INFO] [stdout]     |
[INFO] [stdout] 144 |                       val: Quantity<
[INFO] [stdout]     |  __________________________^
[INFO] [stdout] 145 | |                         Dimension<L = L, M = M, T = T, I = I, Th = Th, N = N, J = J, Kind = $a>,
[INFO] [stdout] 146 | |                         Ur,
[INFO] [stdout] 147 | |                         V,
[INFO] [stdout] 148 | |                     >,
[INFO] [stdout]     | |_____________________^ the trait `Integer` is not implemented for `Th`
[INFO] [stdout] ...
[INFO] [stdout] 213 |       impl_from!(Kind, AngleKind);
[INFO] [stdout]     |       ---------------------------- in this macro invocation
[INFO] [stdout]     | 
[INFO] [stdout]    ::: /opt/rustwide/cargo-home/registry/src/github.com-1ecc6299db9ec823/uom-0.23.1/src/system.rs:236:20
[INFO] [stdout]     |
[INFO] [stdout] 236 |           pub struct Quantity<D, U, V>
[INFO] [stdout]     |                      -------- required by a bound in this
[INFO] [stdout] 237 |           where
[INFO] [stdout] 238 |               D: Dimension + ?Sized,
[INFO] [stdout]     |                  --------- required by this bound in `si::Quantity`
[INFO] [stdout]     |
[INFO] [stdout]     = note: this error originates in a macro (in Nightly builds, run with -Z macro-backtrace for more info)
[INFO] [stdout] help: consider further restricting type parameter `Th`
[INFO] [stdout]     |
[INFO] [stdout] 141 |                 V: ::num_traits::Num + ::Conversion<V>, Th: typenum::Integer
[INFO] [stdout]     |                                                       ^^^^^^^^^^^^^^^^^^^^^^
[INFO] [stdout] 
[INFO] [stdout] 
[INFO] [stdout] error[E0277]: the trait bound `N: Integer` is not satisfied
[INFO] [stdout]    --> /opt/rustwide/cargo-home/registry/src/github.com-1ecc6299db9ec823/uom-0.23.1/src/si/mod.rs:144:26
[INFO] [stdout]     |
[INFO] [stdout] 144 |                       val: Quantity<
[INFO] [stdout]     |  __________________________^
[INFO] [stdout] 145 | |                         Dimension<L = L, M = M, T = T, I = I, Th = Th, N = N, J = J, Kind = $a>,
[INFO] [stdout] 146 | |                         Ur,
[INFO] [stdout] 147 | |                         V,
[INFO] [stdout] 148 | |                     >,
[INFO] [stdout]     | |_____________________^ the trait `Integer` is not implemented for `N`
[INFO] [stdout] ...
[INFO] [stdout] 213 |       impl_from!(Kind, AngleKind);
[INFO] [stdout]     |       ---------------------------- in this macro invocation
[INFO] [stdout]     | 
[INFO] [stdout]    ::: /opt/rustwide/cargo-home/registry/src/github.com-1ecc6299db9ec823/uom-0.23.1/src/system.rs:236:20
[INFO] [stdout]     |
[INFO] [stdout] 236 |           pub struct Quantity<D, U, V>
[INFO] [stdout]     |                      -------- required by a bound in this
[INFO] [stdout] 237 |           where
[INFO] [stdout] 238 |               D: Dimension + ?Sized,
[INFO] [stdout]     |                  --------- required by this bound in `si::Quantity`
[INFO] [stdout]     |
[INFO] [stdout]     = note: this error originates in a macro (in Nightly builds, run with -Z macro-backtrace for more info)
[INFO] [stdout] help: consider further restricting type parameter `N`
[INFO] [stdout]     |
[INFO] [stdout] 141 |                 V: ::num_traits::Num + ::Conversion<V>, N: typenum::Integer
[INFO] [stdout]     |                                                       ^^^^^^^^^^^^^^^^^^^^^
[INFO] [stdout] 
[INFO] [stdout] 
[INFO] [stderr] error: build failed
[INFO] [stdout] error[E0277]: the trait bound `J: Integer` is not satisfied
[INFO] [stdout]    --> /opt/rustwide/cargo-home/registry/src/github.com-1ecc6299db9ec823/uom-0.23.1/src/si/mod.rs:144:26
[INFO] [stdout]     |
[INFO] [stdout] 144 |                       val: Quantity<
[INFO] [stdout]     |  __________________________^
[INFO] [stdout] 145 | |                         Dimension<L = L, M = M, T = T, I = I, Th = Th, N = N, J = J, Kind = $a>,
[INFO] [stdout] 146 | |                         Ur,
[INFO] [stdout] 147 | |                         V,
[INFO] [stdout] 148 | |                     >,
[INFO] [stdout]     | |_____________________^ the trait `Integer` is not implemented for `J`
[INFO] [stdout] ...
[INFO] [stdout] 213 |       impl_from!(Kind, AngleKind);
[INFO] [stdout]     |       ---------------------------- in this macro invocation
[INFO] [stdout]     | 
[INFO] [stdout]    ::: /opt/rustwide/cargo-home/registry/src/github.com-1ecc6299db9ec823/uom-0.23.1/src/system.rs:236:20
[INFO] [stdout]     |
[INFO] [stdout] 236 |           pub struct Quantity<D, U, V>
[INFO] [stdout]     |                      -------- required by a bound in this
[INFO] [stdout] 237 |           where
[INFO] [stdout] 238 |               D: Dimension + ?Sized,
[INFO] [stdout]     |                  --------- required by this bound in `si::Quantity`
[INFO] [stdout]     |
[INFO] [stdout]     = note: this error originates in a macro (in Nightly builds, run with -Z macro-backtrace for more info)
[INFO] [stdout] help: consider further restricting type parameter `J`
[INFO] [stdout]     |
[INFO] [stdout] 141 |                 V: ::num_traits::Num + ::Conversion<V>, J: typenum::Integer
[INFO] [stdout]     |                                                       ^^^^^^^^^^^^^^^^^^^^^
[INFO] [stdout] 
[INFO] [stdout] 
[INFO] [stdout] error: aborting due to 119 previous errors
[INFO] [stdout] 
[INFO] [stdout] 
[INFO] [stdout] For more information about this error, try `rustc --explain E0277`.
[INFO] [stdout] 
[INFO] running `Command { std: "docker" "inspect" "ff69a32cab004367070f0035fc84e0b06cd14730bb63174e0db4688936c1c592", kill_on_drop: false }`
[INFO] running `Command { std: "docker" "rm" "-f" "ff69a32cab004367070f0035fc84e0b06cd14730bb63174e0db4688936c1c592", kill_on_drop: false }`
[INFO] [stdout] ff69a32cab004367070f0035fc84e0b06cd14730bb63174e0db4688936c1c592
